--
-- Host: localhost    Database: lms
-- ------------------------------------------------------


--
-- Table structure for table `client`
--

CREATE TABLE `client` (
  `id_client` int NOT NULL AUTO_INCREMENT,
  `kd_client` varchar(7) DEFAULT NULL,
  `title` varchar(50) DEFAULT NULL,
  `client` varchar(255) CHARACTER SET latin1 COLLATE latin1_swedish_ci NOT NULL,
  PRIMARY KEY (`id_client`)
) ENGINE=InnoDB AUTO_INCREMENT=517 DEFAULT CHARSET=latin1;

--
-- Dumping data for table `client`
--

INSERT INTO `client` VALUES (1,'CST521','PT','KOPERASI KONSUMEN INSAN SWAKARYA'),(2,'CST520','PT','Bank BTPN Tbk'),(3,'CST519','PT','SENTRA ARMADA MOTOR'),(4,'CST518','PT','SEMESTA QUANTUM ETERNITI'),(5,'CST517','CV','HARAPAN JAYA'),(6,'CST516','UD','MARWIADI'),(7,'CST515','PERORANGAN','WOEN WIE KIOEN'),(8,'CST514','CV','HARAPAN BARU'),(9,'CST513','PT','PAPANDAYAN COCOA INDUSTRIES'),(10,'CST512','PT','PRESTASI SURYA BAHARI'),(11,'CST511','PT','GLOBAL MITRA PRIMA LHOKSEUMAWE'),(12,'CST510','PERORANGAN','KISWANTO'),(13,'CST509','PERORANGAN','KISWANTO (JANGAN DIPAKAI)'),(14,'CST508','PERORANGAN','SUARNAMA I DEWA KETUT'),(15,'CST507','PERORANGAN','BJON EVODIUS LAEYADI'),(16,'CST506','PT','TEKNOLOGI INTERNASIONAL NUSANTARA'),(17,'CST505','PT','SAMUDERA JAYA GASI'),(18,'CST504','CV','INDO KARYA AUTOMOTIVE'),(19,'CST503','CV','SAHABAT MITRA ABADI'),(20,'CST502','CV','APOLLO MOTOR'),(21,'CST501','PERORANGAN','YADI HENDRAYADI'),(22,'CST500','PERORANGAN','DEWA KETUT SUARNAWA'),(23,'CST499','CV','CIPTA MANDIRA PUTRA'),(24,'CST498','UD','SOFYAN'),(25,'CST497','PT','MAKASSAR INTI MOTOR'),(26,'CST496','PT','PGAS TELEKOMUNIKASI NUSANTARA'),(27,'CST495','UD','PUTU YASA I GEDE'),(28,'CST494','PERORANGAN','AGUNG SURYA WIJAYA'),(29,'CST493','PERORANGAN','I MADE SUADNYANA'),(30,'CST492','PERORANGAN','ELI KWE'),(31,'CST491','CV','SINAR SEJAHTERA'),(32,'CST490','PERORANGAN','IWAN SATYA PUTA'),(33,'CST489','PERORANGAN','RUDI YANTO SESUNAN'),(34,'CST488','UD','IMAM MAKSUM (UD.CITRA ABADI MOTOR)'),(35,'CST487','PERORANGAN','PETRUS CHARLES LAEYADI'),(36,'CST486','PERORANGAN','HILMAN YUSUP'),(37,'CST485','PT','Mahameru Mitra Makmur'),(38,'CST483','CV','JAMBRONG MOTOR'),(39,'CST482','CV','BIG MOTOR'),(40,'CST481','PERORANGAN','IYUS RUSNIADI'),(41,'CST480','CV','MITRA PRIMA SEJATI'),(42,'CST479','PERORANGAN','IWAN SUSANTO'),(43,'CST478','UD','I NYOMAN KERISNA PANDE'),(44,'CST477','PERORANGAN','SUSIAN ADISASTRA'),(45,'CST476','CV','SURYA SAKTI MAKMUR'),(46,'CST475','CV','CENTRAL RAYA AGENCY'),(47,'CST474','PERORANGAN','MASUM'),(48,'CST473','CV','ALJIRO'),(49,'CST472','PT','FINANSIAL INTEGRASI TEKNOLOGI'),(50,'CST471','PERORANGAN','RUSDI'),(51,'CST470','CV','TRIDJAYA ANUGERAH SUKSES'),(52,'CST469','PERORANGAN','LUKI ADE SETIAWAN'),(53,'CST468','CV','JAYA MOTOR'),(54,'CST467','PT','PERMANA PUTRA MANDIRI'),(55,'CST466','PT','KOPERASI SERBA USAHA ALUMNI UNIVERSITAS DIPONEGORO FAKULTAS HUKUM'),(56,'CST465','PT','PLN NUSANTARA POWER'),(57,'CST464','PT','MAHAMERU MITRA MAKMUR BONE'),(58,'CST463','PT','MARIAT UTAMA'),(59,'CST462','CV','AVE MOTOR'),(60,'CST461','PT','PPK BIRO KOMUNIKASI DAN PELAYANAN PUBLIK KEMENTRIAN KESEHATAN'),(61,'CST460','PT','AKSARA PERDANA MULIA'),(62,'CST459','PT','ASURANSI BINTANG TBK'),(63,'CST458','CV','ANUGRAH BERSEMI'),(64,'CST457','PERORANGAN','SUGIYANTO'),(65,'CST456','PERORANGAN','PUJIONO'),(66,'CST455','PERORANGAN','GONDO WIJAYA'),(67,'CST454','PT','MAHESA ALTRA SENTOSA'),(68,'CST453','PERORANGAN','QOMAR SAADI'),(69,'CST452','PERORANGAN','SUMARNO'),(70,'CST451','CV',' SADEREK SAUYUNAN SUKSES'),(71,'CST450','PT','INDOBREW CIPTA SEJAHTERA'),(72,'CST449','CV','AVIATA RAKSA'),(73,'CST448','PT','SOLUSI BANGUN ADIJAYA'),(74,'CST447','PT','MITRA ADIJAYA BANGUNAN'),(75,'CST446','PT','DOK DAN PERKAPALAN AIR KANTUNG'),(76,'CST445','PT','BANK CIMB NIAGA, TBK'),(77,'CST443','PT','TRANSPORTASI JAKARTA INDONESIA'),(78,'CST442','PT','NUSA TALENTA INDONESIA'),(79,'CST441','PT','SEDAYA MULTI INVESTAMA'),(80,'CST440','PT','KARYA PRIMA SENTOSA ABADI'),(81,'CST439','PT','SATU DENTAL INDONESIA'),(82,'CST438','PT','BELANJA HITUNGAN DETIK'),(83,'CST437','PERORANGAN','RISNAWATI AGUSTIN'),(84,'CST436','Perguruan Tinggi','POLITEKNIK KETENAGAKERJAAN'),(85,'CST435','PERORANGAN','ASEP DENI SUMARNA'),(86,'CST434','PT','BANK NEGARA INDONESIA (PERSERO)'),(87,'CST433','PT','SUPERMAL KARAWACI'),(88,'CST432','PT','JENINDO PRAKARSA PURWAKARTA'),(89,'CST431','PT','JENINDO PRAKARSA KARAWANG'),(90,'CST430','CV','DWI JAYA LESTARI (JANGAN DIPAKAI)'),(91,'CST429','PT','MAJU GLOBAL MOTOR'),(92,'CST428','PT','BANK SEABANK INDONESIA'),(93,'CST427','PT','Karyaprima Sentosa Abadi'),(94,'CST426','UD','PANGAN JAYA'),(95,'CST425','PT','JESSINDO PRAKARSA'),(96,'CST424','PT','FINACCEL DIGITAL INDONESIA'),(97,'CST423','PT','Bank Raya Indonesia Tbk'),(98,'CST421','PT','FOOM LAB GLOBAL'),(99,'CST420','PT','LAUT TIMUR ARDIPRIMA'),(100,'CST419','PT','AUTO FINANCE NUSANTARA'),(101,'CST418','PT','BANK INDONESIA'),(102,'CST417','PT','ORMAT GEOTHERMAL INDONESIA'),(103,'CST416','PT','ASTRO TECHNOLOGIES INDONESIA'),(104,'CST415','PT','HASJRAT MULTIFINANCE'),(105,'CST414','PERORANGAN','JEFFRY'),(106,'CST413','PT','MAXIMOS GLOBAL LOGISTIK'),(107,'CST412','CV','Bintang Selatan Cemerlang'),(108,'CST411','CV','ANUGRAH JAYA PERKASA'),(109,'CST410','PT','PANTHERA BIRU INDONESIA'),(110,'CST409','PT','PUTRA SENTOSA MANDIRI'),(111,'CST408','PT','KATALISATOR ASA INDONESIA'),(112,'CST407','PT','AKSI VISITAMA'),(113,'CST406','PT','ERATANI TEKNOLOGI NUSANTARA'),(114,'CST405','PT','HB MOBILINDO'),(115,'CST404','PT','TRANSPORTASI JAKARTA'),(116,'CST403','PERORANGAN','BAPAK SARNOTO'),(117,'CST402','PT','SIHNOTO ADI'),(118,'CST401','PERORANGAN','BAPAK R. SUTJAHJA NUGROHO'),(119,'CST400','PT','MITRA TERUS ABADI'),(120,'CST399','PT','MEDIGO TEKNOLOGI KESEHATAN'),(121,'CST398','PT','SEJAHTERA LUNARIA ANNUA'),(122,'CST397','PT','DSV SOLUTIONS INDONESIA'),(123,'CST396','PT','GLOBAL JET ECOMMERCE'),(124,'CST395','PT','JJ-LAPP CABLE INDONESIA'),(125,'CST394','PT','JTRUST INVESTMENTS INDONESIA'),(126,'CST393','PT','HELLO HEALTH GROUP'),(127,'CST392','PT','KOPERASI JASAGRAMINDO BERKAH MADANI'),(128,'CST391','PT','KOMISI PEMBERANTASAN KORUPSI'),(129,'CST390','PT','SONY INDONESIA'),(130,'CST389','PT','ASTRA INTERNATIONAL, TBK - TOYOTA SALES OPERATION'),(131,'CST388','PT','HERBATAMA INDO PERKASA'),(132,'CST387','PT','PEMBANGKIT JAWA BALI'),(133,'CST386','PT','PASAR DANA PINJAMAN'),(134,'CST385','PT','TJUFOO SUKSES GLOBAL'),(135,'CST384','PT','BCA MULTI FINANCE'),(136,'CST383','PT','SMOORE TECHNOLOGY INDONESIA'),(137,'CST382','PT','FINTECH BINA BANGSA'),(138,'CST381','PT','ENSEVAL PUTERA MEGATRADING, TBK - JEMBER'),(139,'CST380','CV','TOKO JOHANES LIMANTO'),(140,'CST379','PT','MAHAMERU PUTRA HARMONIS'),(141,'CST378','PT','MAHAMERU MITRA MAKMUR'),(142,'CST377','PT','HARTA JAYA DAMAI'),(143,'CST376','PT','GLOBAL MITRA PRIMA'),(144,'CST375','CV','DWI JAYA LESTARI'),(145,'CST374','PT','BOFIN UTAMA DISTRIBUSI'),(146,'CST373','CV','CITRA MANDIRI'),(147,'CST372','PT','TIRA SATRIA NIAGA'),(148,'CST371','PT','NEO KARYA INTERNATIONAL'),(149,'CST370','PT','AVO INNOVATION TECHNOLOGY'),(150,'CST369','PT','SWAKARYA INSAN MANDIRI CONTACT CENTER-NT'),(151,'CST368','PT','LAYANAN KEUANGAN BERBAGI'),(152,'CST367','PT','RITEL JAYA SAKTI'),(153,'CST366','PT','ASKARA SEJAHTERA BERSAMA'),(154,'CST365','PT','INDONESIA CABLE NETWORK'),(155,'CST364','PT','INDONESIA BROADBAND COMMUNICATIONS'),(156,'CST363','PT','CEMERLANG MULTIMEDIA'),(157,'CST362','PT','SGMW Multifinance Indonesia (Wuling Finance)'),(158,'CST361','PT','KATA ARSA KREATIF'),(159,'CST360','PT','MULTIDAYA TEKNOLOGI NUSANTARA'),(160,'CST359','PT','HYPEFAST KARYA NUSANTARA'),(161,'CST358','PT','GLOBAL JET CARGO'),(162,'CST357','PT','SWAKARYA INSAN MANDIRI (GS)'),(163,'CST356','PT','UNIVERSAL ECO PACIFIC'),(164,'CST355','PT','SHARIA MULTIFINANCE ASTRA'),(165,'CST354','PT','JAYA FERMEX'),(166,'CST353','PT','TIMAH, TBK'),(167,'CST352','PT','MATRA MANDIRI PRIMA'),(168,'CST351','PT','SWAKARYA INSAN MANDIRI - NT'),(169,'CST350','PT','WAHANA NUSANTARA RUCIKA'),(170,'CST349','PT','MITRASARANA INDONIPPON LOGISTICS'),(171,'CST348','PT','PEMBANGUNAN PERUMAHAN (PERSERO)'),(172,'CST347','PT','DSV TRANSPORT INDONESIA'),(173,'CST346','PT','TEKNOLOGI PAMADYA ANALITIKA'),(174,'CST345','PT','JJLAPP Cable Works Indonesia'),(175,'CST344','PT','Jebsen & Jessen Technology Indonesia'),(176,'CST343','PT','Jebsen & Jessen Ingredients Indonesia'),(177,'CST342','PT','WITAMI TUNAI MANDIRI'),(178,'CST341','PT','SWAKARYA INSAN MANDIRI (REFI)'),(179,'CST340','PT','UNITED EQUIPMENT INDONESIA'),(180,'CST339','PT','ORIENTE MAS SEJAHTERA'),(181,'CST338','PT','VISINEMA PICTURES'),(182,'CST337','PT','HENECO MOREE PROSPERA'),(183,'CST336','PT','GANTARI ANDALAN JATRA'),(184,'CST335','PT','DEPOGUNA BANGUNAN ONLINE'),(185,'CST334','PT','WAHANA TUNAS UTAMA RUCIKA'),(186,'CST333','PT','DJABESDEPO FORTUNA RAYA'),(187,'CST332','PT','EKA MAS REPUBLIK'),(188,'CST331','PT','BUKALAPAK.COM'),(189,'CST330','PT','FINACCEL FINANCE INDONESIA'),(190,'CST329','PT','KREASI NOSTRA MANDIRI'),(191,'CST328','PT','JEMBATAN AKAR TEKNOLOGI'),(192,'CST327','PT','JTRUST OLYMPINDO MULTI FINANCE'),(193,'CST326','PT','DJABESMEN'),(194,'CST325','PT','GRAHA BUMI HIJAU'),(195,'CST324','PT','RUANG KREATIF POS'),(196,'CST323','PT','DELISARI NUSANTARA'),(197,'CST322','CV','WILOPO TRANS INDONESIA'),(198,'CST321','PT','WAHANA DUTA JAYA RUCIKA'),(199,'CST320','PT','BRIGHT MOBILE TELECOMMUNICATIONS'),(200,'CST319','PT','MASTER BUILDERS SOLUTIONS INDONESIA'),(201,'CST318','PT','GUDANG ANAK BANGSA'),(202,'CST317','PT','GAWIH JAYA'),(203,'CST316','PT','MULIA BOGA RAYA TBK'),(204,'CST315','PT','SONAR NUSANTARA UTAMA'),(205,'CST314','PT','ECS RAYA INDONESIA'),(206,'CST313','PT','BFI FINANCE INDONESIA'),(207,'CST312','PT','KERETA API LOGISTIK'),(208,'CST311','PT','AGRIAKU DIGITAL INDONESIA'),(209,'CST310','PT','Royalboard Banguninti Granito'),(210,'CST309','PT','GLOBAL DISTRIBUSI NUSANTARA'),(211,'CST308','PT','BALON INDOTEKNOLOGI TELEKOMUNIKASI'),(212,'CST307','PT','WISMILAK INTI MAKMUR'),(213,'CST306','PT','SOLUSI PENGIRIMAN INDONESIA'),(214,'CST305','PT','KANTARA INDONESIA GROUP'),(215,'CST303','PT','SEPEDA UNTUK INDONESIA'),(216,'CST302','PT','GRAB TEKNOLOGI PARIWARA INDONESIA'),(217,'CST301','PT','SOLUSI KULINER INDONESIA'),(218,'CST300','PT','KUDO TEKNOLOGI INDONESIA'),(219,'CST299','PT','MEDIATOR KOMUNITAS INDONESIA'),(220,'CST298','PT','ASTRA DIGITAL ARTA'),(221,'CST297','PT','PAXEL ALGORITA UNGGUL'),(222,'CST296','PT','SARI MULTI UTAMA PLASTIC ENGINEERING INDUSTRY'),(223,'CST294','PT','BANK  MIZUHO INDONESIA'),(224,'CST293','PT','SAMPOERNA TELEKOMUNIKASI INDONESIA'),(225,'CST292','PT','INDOMOBIL FINANCE INDONESIA'),(226,'CST291','PT','KHARISMA PAKMU MANDIRI'),(227,'CST289','PT','GLOBAL TEKNOLOGI NIAGA (jangan dipakai)'),(228,'CST151','PT','HASTA PERKASA UTAMA (jangan dipakai)'),(229,'CST268','PT','LIPPO GENERAL INSURANCE (jangan dipakai)'),(230,'CST234','PT','RAJAWALI NUSINDO (jangan dipakai)'),(231,'CST232','PT','TRIGUNA INTERNUSA PRATAMA (jangan dipakai)'),(232,'CST216','PT','ENSEVAL PUTERA MEGATRADING, TBK (jangan dipakai)'),(233,'CST213','PT','FEDERAL INTERNATIONAL FINANCE (jangan dipakai)'),(234,'CST212','PT','JACCS MITRA PINASTHIKA MUSTIKA FINANCE (jangan dipakai)'),(235,'CST211','PT','LF SERVICES INDONESIA (jangan dipakai)'),(236,'CST207','PT','EPSON INDONESIA (jangan dipakai)'),(237,'CST206','PT','FEDERAL INTERNATIONAL FINANCE (jangan dipakai)'),(238,'CST204','PT','GRAB TEKNOLOGI INDONESIA (jangan dipakai)'),(239,'CST202','PT','TOYOTA ASTRA FINANCIAL SERVICES (jangan dipakai)'),(240,'CST200','PT','EMPLOYEE SELF SERVICE (jangan dipakai)'),(241,'CST187','PT','FEDERAL INTERNATIONAL FINANCE (jangan dipakai)'),(242,'CST173','PT','WAHANA INTI NARENDRA (jangan dipakai)'),(243,'CST166','PT','RADANA BHASKARA FINANCE (jangan dipakai)'),(244,'CST165','PT','RADANA BHASKARA FINANCE (jangan dipakai)'),(245,'CST162','PT','PRAWATHIYA KARSA PRADIPTA (jangan dipakai)'),(246,'CST158','PT','NUSA PRIMA MOTOR (jangan dipakai)'),(247,'CST156','PT','JACCS MITRA PINASTHIKA MUSTIKA FINANCE (jangan dipakai)'),(248,'CST154','PT','MANDIRI CIPTA SEJAHTERA (jangan dipakai)'),(249,'CST150','PT','FEDERAL INTERNATIONAL FINANCE (jangan dipakai)'),(250,'CST148','PT','DESKCOL INDONESIA SEJAHTERA (Jangan dipakai)'),(251,'CST146','PT','DAYA ANUGRAH MANDIRI (jangan dipakai)'),(252,'CST145','PT','DAYA ANUGRAH MANDIRI (jangan dipakai)'),(253,'CST137','PT','ASTRA INTERNATIONAL TBK - HONDA SALES OPERATION (jangan dipakai)'),(254,'CST171','PT','SWAKARYA INSAN MANDIRI'),(255,'CST290','PT','SO GOOD FOOD'),(256,'CST288','PT','SIRKULASI KOMPAS GRAMEDIA'),(257,'CST286','PT','GLOBAL TEKNOLOGI NIAGA'),(258,'CST176','PT','SUMBER WARAS'),(259,'CST100','PT','PKHL'),(260,'CST273','PT','TRUST TEKNOLOGI FINANSIAL'),(261,'CST270','PT','TRINUSA TRAVELINDO'),(262,'CST264','PT','KOPERASI SEHATI'),(263,'CST259','PT','MNC SKY VISION, TBK'),(264,'CST255','PT','SWADAYA KARYA SENTOSA'),(265,'CST251','PT','DAYA KARUNIA MITRA'),(266,'CST247','PT','HOME CREDIT INDONESIA'),(267,'CST241','PT','SANTOSA UTAMA LESTARI'),(268,'CST235','PT','INTEGRASI LOGISTIK CIPTA SOLUSI'),(269,'CST226','PT','EQUITY FINANCE INDONESIA'),(270,'CST221','PT','UANGME FINTEK INDONESIA'),(271,'CST205','PT','INTEGRASI LOGITAMA'),(272,'CST198','PT','WARUNG PINTAR DISTRIBUSI'),(273,'CST192','PT','HARTONO ISTANA TEKNOLOGI'),(274,'CST180','PT','NUSANTARA EKSPRES KILAT'),(275,'CST133','PT','PINTAR BELANJA INDONESIA'),(276,'CST130','PT','SINAR MITRA SEPADAN FINANCE'),(277,'CST126','PT','MITRA KABEL INDONESIA'),(278,'CST119','PT','ASURANSI MSIG INDONESIA'),(279,'CST118','PT','AFAMILY'),(280,'CST113','PT','GO-JEK INDONESIA'),(281,'CST107','PT','KEMENTRIAN KESEHATAN REPUBLIK INDONESIA.'),(282,'CST103','PT','SHARP ELECTRONICS INDONESIA'),(283,'CST098','PT','KERRY NEX LOGISTICS'),(284,'CST092','PT','GADAI PINJAM INDONESIA'),(285,'CST087','PT','KUSUMA ADI JAYA'),(286,'CST083','PT','BURSA EFEK INDONESIA'),(287,'CST077','PT',' BERCA HARDAYAPERKASA'),(288,'CST072','PT','IMANUEL GLOBAL SENTOSA'),(289,'CST067','PT','BERLIAN EMAS SEJAHTERA TERPADU'),(290,'CST063','PT','AKULAKU SILVRR INDONESIA'),(291,'CST058','PT','BANK KESEJAHTERAAN EKONOMI'),(292,'CST054','PT','RAJAWALI NUSINDO'),(293,'CST050','PT','BPR MARCORINDO'),(294,'CST046','PT','AL IJARAH INDONESIA FINANCE'),(295,'CST041','PT','BRILLIANT ECOMMERCE  BERJAYA'),(296,'CST037','PT','ASTRA INTERNATIONAL, TBK - DSO (jangan dipakai)'),(297,'CST033','PT','ASSAB STEELS INDONESIA'),(298,'CST029','PT','RAJA SEMEN PERKASA'),(299,'CST174','PT','ZAMBON INDONESIA'),(300,'CST170','PT','SWADHARMA GRIYASATYA'),(301,'CST287','PT','NUSA PERKASA MAKMUR'),(302,'CST285','PT','GANESHA BINA UTAMA'),(303,'CST284','PT','CATUR MANUNGGAL ABADI'),(304,'CST283','PT','BINTANG ORBIT SEMESTA'),(305,'CST282','PT','SWADAYA LANGGENG BERSAMA'),(306,'CST281','PT','MAXPOWER INDONESIA'),(307,'CST280','PT','DSME ENR CEPU'),(308,'CST279','PT','JOBSTREET INDONESIA'),(309,'CST278','PT','PINTAR INOVASI DIGITAL'),(310,'CST277','PT','DAYA ADICIPTA MOTORA'),(311,'CST276','PT','IDANA SOLUSI SEJAHTERA'),(312,'CST275','PT','ASTRA SEDAYA FINANCE'),(313,'CST274','PT','JULO TEKNOLOGI FINANSIAL'),(314,'CST272','PT','KREDIT PINTAR INDONESIA'),(315,'CST271','PT','BAHTERA PESAT LINTASBUANA'),(316,'CST269','PT','TENAGA KEBERSIHAN BAPAK SUHARTONO'),(317,'CST267','PT','RAJAWALI MOTOR'),(318,'CST266','PT','RADHIKA PRATAMA SANTOSA'),(319,'CST265','PT','CITRA INTI GARDA SENTOSA'),(320,'CST263','PT','TIGA GLOBAL SEJAHTERA'),(321,'CST262','PT','MAYBANK INDONESIA FINANCE'),(322,'CST261','PT','CIPTADRA SOFTINDO'),(323,'CST260','PT','BCA FINANCE'),(324,'CST258','PT','JENINDO PRAKARSA'),(325,'CST257','PT','GLOBAL DISTRIBUSI PAKET'),(326,'CST256','PT','ERHA PHARMACY'),(327,'CST254','PT','MATRA ADI SENTOSA'),(328,'CST253','PT','MAHKOTA ABADI GEMILANG'),(329,'CST252','PT','KARYA INSAN SEJAHTERA'),(330,'CST249','PT','DAYA KARUNIA MAKMUR'),(331,'CST250','PT','BIMA SENA PERKASA'),(332,'CST248','PT','SWAKARYA INSAN MANDIRI(ORGANIK)'),(333,'CST246','CV','PANEN SARI DANA (PASSADA)'),(334,'CST245','PT','POLARIS MOTOR'),(335,'CST244','PT','MIRAE ASSET SEKURITAS INDONESIA'),(336,'CST243','PT','INTI DHARMA GLOBAL INDO'),(337,'CST242','PT','AGILITY INTERNATIONAL'),(338,'CST240','PT','MEGA SHOPINTAR INDONESIA'),(339,'CST239','PT','BANK MANDIRI (PERSERO) TBK'),(340,'CST238','PT','TIRTA INVESTAMA'),(341,'CST237','PT','MITRA VITA PROSPERE'),(342,'CST236','PT','RUANG MARKET MILENIAL'),(343,'CST233','PT','PETRA SUKSES UTAMA'),(344,'CST231','PT','YANMAR DIESEL INDONESIA'),(345,'CST230','PT','ENERGASINDO HEKSA KARYA'),(346,'CST229','PT','PEOPLE INTELLIGENCE MANDIRI'),(347,'CST228','PT','PEMBAYARAN ELEKTRONIK INDONESIA'),(348,'CST227','PT','SINARMAS DISTRIBUSI NUSANTARA'),(349,'CST225','PT','MALLESSO INVESTAMA ABADI'),(350,'CST224','PT','COMMERCE FINANCE'),(351,'CST223','PT','SUMO TEKNOLOGI SOLUSI'),(352,'CST222','PT','BINARA GUNA MEDIKTAMA'),(353,'CST220','PT','RAHARJA PRIMA UTAMA'),(354,'CST219','PT','NUSA PRIMA MOTOR'),(355,'CST218','PT','DAYA KARUNIA MANDIRI'),(356,'CST217','PT','DIGITAL IMAGINATION SPACE'),(357,'CST215','PT','TRIMITRA CIPTA MANDIRI'),(358,'CST214','PT','GEOTRONIX PRATAMA INDONESIA'),(359,'CST210','PT','UPS CARDIG INTERNATIONAL'),(360,'CST209','PT','BIZZY MARKETPLACE INDONESIA'),(361,'CST208','PT','BAYER INDONESIA'),(362,'CST203','PT','EPSON INDONESIA'),(363,'CST201','PT','ANUGRAH ARGON MEDICA'),(364,'CST199','PT','AKULAKU FINANCE INDONESIA'),(365,'CST197','PT','PERFETTI VAN MELLE INDONESIA'),(366,'CST196','PT','SUMBER KREATIF INDONESIA'),(367,'CST195','PT','TIRTA SUKSES PERKASA'),(368,'CST194','PT','LF SERVICES INDONESIA'),(369,'CST193','PT','GRAB TEKNOLOGI INDONESIA'),(370,'CST191','PT','SMART MULIA'),(371,'CST190','PT','ERHA CLINIC INDONESIA'),(372,'CST189','PT','SAVORIA KREASI RASA, TBK'),(373,'CST188','PT','AMARTHA MIKRO FINTEK'),(374,'CST186','PT','ANDALAN FINANCE INDONESIA'),(375,'CST185','PT','LALAMOVE INDONESIA'),(376,'CST184','PT','ADITYA SARANA GRAHA'),(377,'CST183','PT','LUNARIA ANNUA TEKNOLOGI'),(378,'CST182','PT','PRIMA HIJAU LESTARI'),(379,'CST181','PT','HANSON SEMESTA BERJANGKA'),(380,'CST179','PT','WARUNG PINTAR SEKALI'),(381,'CST178','PT','INVESTREE RADHIKA JAYA'),(382,'CST177','PT','CHANDRA SAKTI UTAMA LEASING'),(383,'CST175','PT','ZOMATO MEDIA INDONESIA'),(384,'CST172','PT','UNITRADE PRIMA DINAMIKA'),(385,'CST169','PT','SINAR SAKTI METALINDO'),(386,'CST168','PT','RUKUN RAHARJA, TBK'),(387,'CST167','PT','RAHARJA ENERGI CEPU'),(388,'CST164','PT','PRIMA INTERNATIONAL CARGO'),(389,'CST163','PT','PRIMA HIJAU LESTARI, PT (Jangan dipakai)'),(390,'CST161','PT','PLANET SELANCAR MANDIRI'),(391,'CST160','PT','PAYFAZZ TEKNOLOGI NUSANTARA'),(392,'CST159','PT','PARIT PADANG GLOBAL'),(393,'CST157','PT','NISSAN FINANCIAL SERVICES INDONESIA (jangan dipakai)'),(394,'CST155','PT','MEDIA NUSANTARA DATA GLOBAL'),(395,'CST153','PT','LOTTERIA INDONESIA'),(396,'CST152','PT','INERTIA UTAMA'),(397,'CST149','PT','DEXA MEDICA'),(398,'CST147','PT','DEKA SINAR SEJAHTERA'),(399,'CST144','PT','DAYA ANUGRAH MANDIRI'),(400,'CST143','PT','DAYA ALVITA MANDIRI'),(401,'CST142','PT','D&V INTERNATIONAL MAKMUR GEMILANG'),(402,'CST141','PT','CAKRA LAKSANA SAKTI'),(403,'CST140','PT','BUMEN REDJA ABADI'),(404,'CST139','PT','BINTANG INDAH GEMERLAP'),(405,'CST138','PT','ASTRA MULTI FINANCE'),(406,'CST136','PT','HAIRLOFT'),(407,'CST135','PT','CENDANA GIRI'),(408,'CST134','PT','BABYLOGY'),(409,'CST132','PT','INDONESIAN CAPITAL MARKET ELECTRONIC LIBRARY'),(410,'CST131','PT','ENSEVAL PUTERA MEGATRADING, TBK'),(411,'CST129','PT','MITRAUSAHA INDONESIA GRUP'),(412,'CST128','PT','DIGITAL ALPHA INDONESIA'),(413,'CST127','PT','KSP ARTHA MITRA ABADI JAYA'),(414,'CST125','PT','ASTRA WELAB DIGITAL ARTA'),(415,'CST124','PT','CLIPAN FINANCE INDONESIA, TBK'),(416,'CST123','PT','PT ABCD FINANCE'),(417,'CST122','PT','GLOBAL DISTRIBUSI PUSAKA'),(418,'CST121','PT','GLOBAL DIGITAL NIAGA'),(419,'CST120','PT','TAIKISHA INDONESIA ENGINEERING'),(420,'CST117','PT','JAYA EKSPRESS TRANSINDO'),(421,'CST116','PT','JAYA BINARA MEDIKTAMA'),(422,'CST115','PT','PRADIPTA MUSTIKA CIPTA'),(423,'CST114','PT','SUMBER CIPTA MULTINIAGA'),(424,'CST112','PT','CASTROL INDONESIA'),(425,'CST111','PT','HOLCIM INDONESIA, TBK'),(426,'CST110','PT','MICRO MONEY INDONESIA'),(427,'CST109','PT','APLIKASI KARYA ANAK BANGSA DAN PT. DOMPET ANAK BANGSA'),(428,'CST108','PT','KARISMA SUKSES PERSADA'),(429,'CST106','PT','MITRA ADIPRATAMA SEJATI FINANCE'),(430,'CST105','PT','INDOSURYA INTI FINANCE'),(431,'CST104','PT','HASTA PERKASA UTAMA'),(432,'CST102','PT','FINACCEL TEKNOLOGI INDONESIA'),(433,'CST101','PT','GLOBAL OPTIMA DIGITAL'),(434,'CST099','PT','SUMBER WAHANA SEJAHTERA'),(435,'CST097','PT','TEKNOLOGI PENGANGKUTAN INDONESIA'),(436,'CST096','PT','POS INDONESIA (PERSERO)'),(437,'CST095','PT','COURTS RETAIL INDONESIA'),(438,'CST094','PT','SICEPAT EKSPRES INDONESIA'),(439,'CST093','PT','BPR KARYAJATNIKA SADAYA'),(440,'CST091','PT','FULLERTON HEALTH INDONESIA'),(441,'CST090','PT','TOYOTA ASTRA FINANCIAL SERVICES'),(442,'CST089','PT','MEGA FINANCE'),(443,'CST088','PT','APTANA CITRA SOLUSINDO'),(444,'CST086','PT','TRIGUNA INTERNUSA PRATAMA'),(445,'CST085','PT','PEGADAIAN (PERSERO)'),(446,'CST084','PT','CIMB NIAGA AUTO FINANCE'),(447,'CST082','PT','ADIRA DINAMIKA MULTI FINANCE'),(448,'CST081','PT','TOKOPEDIA'),(449,'CST080','PT','RICKY MUSI WIJAYA'),(450,'CST079','PT','DALNET SYSTEM'),(451,'CST078','PT','SURYA TOTO INDONESIA, TBK'),(452,'CST076','PT','PANANGIAN SCHOOL PROPERTY.'),(453,'CST075','PT','OLYMPINDO FINANCE'),(454,'CST074','PT','DESKCOL INDONESIA SEJAHTERA'),(455,'CST073','PT','BUDI PRATAMA SEJATI'),(456,'CST071','PT','TUNAS AKINDO SEJAHTERA'),(457,'CST070','PT','LASTANA EXPRESS INDONESIA'),(458,'CST069','PT','GAMATECHNO INDONESIA'),(459,'CST068','PT','BANK PANIN DUBAI SYARIAH'),(460,'CST066','PT','MNC INSURANCE (LOB CC)'),(461,'CST065','PT','KARYA KREATIF BERSAMA'),(462,'CST064','PT','INTERNUX'),(463,'CST062','PT','AJE INDONESIA'),(464,'CST061','PT','PDAM TIRTA RATU SAMBAN'),(465,'CST060','PT','SHUANG HOR INDONESIA'),(466,'CST059','PT','FEDERAL KARYATAMA'),(467,'CST057','PT','WOKA INTERNATIONAL'),(468,'CST056','PT','TRIPUTRA AGRO PERSADA'),(469,'CST055','PT','SINAR SOSRO'),(470,'CST053','PT','LENTERA PANDAWA LIMA'),(471,'CST052','PT','FLSMIDTH INDONESIA'),(472,'CST051','PT','FINANSIA MULTI FINANCE'),(473,'CST049','PT','BPR DIFOBUTAMA'),(474,'CST048','PT','BANK DANAMON INDONESIA, TBK'),(475,'CST047','PT','ASURANSI UMUM MEGA'),(476,'CST045','PT','RETAIL ESTATE SOLUTION'),(477,'CST044','PT','MEGA AUTO FINANCE'),(478,'CST043','PT','ARTHA PERMAI KENCANA'),(479,'CST042','PT','CATUR PUTRAHARMONIS'),(480,'CST040','PT','IT OUTSOURCE'),(481,'CST039','PT','FEDERAL INTERNATIONAL FINANCE'),(482,'CST038','PT','KOPERASI FIF 2000'),(483,'CST036','PT','TRI SAPTA JAYA'),(484,'CST035','PT','JOHNSON HOME HYGIENE PRODUCTS'),(485,'CST034','PT','YAKULT INDONESIA PERSADA'),(486,'CST032','PT','INDI KUSUMA ANUGERAH MANDIRI'),(487,'CST031','PT','ASMO INDONESIA'),(488,'CST030','PT','PRAWATHIYA KARSA PRADIPTHA'),(489,'CST028','PT','UAF JAMINAN KREDIT'),(490,'CST027','PT','TIGARAKSA SATRIA, TBK'),(491,'CST026','PT','TIGARAKSA SATRIA MANUFACTURE'),(492,'CST025','PT','THOMASONG NIRMALA'),(493,'CST024','PT','SINAR NIAGA SEJAHTERA'),(494,'CST023','PT','RADANA BHASKARA FINANCE'),(495,'CST022','PT','QUIKSILVER INDONESIA'),(496,'CST021','PT','NISSAN FINANCIAL SERVICE INDONESIA'),(497,'CST020','PT','NAVIGAT ENERGY INDONESIA'),(498,'CST019','PT','MITRA PINASTHIKA MUSTIKA RENT'),(499,'CST018','PT','MITRA PINASTHIKA MUSTIKA AUTO'),(500,'CST017','PT','MEGA CENTRAL FINANCE'),(501,'CST016','PT','MANDIRI TUNAS FINANCE'),(502,'CST015','PT','LIPPO GENERAL INSURANCE'),(503,'CST014','PT','INDOSAT MEGA MEDIA'),(504,'CST013','PT','INDONESIA MEDIA TELEVISI'),(505,'CST012','PT','FIRST INDO AMERICAN LEASING'),(506,'CST011','PT','DJARUM'),(507,'CST010','PT','BUSSAN AUTO FINANCE'),(508,'CST009','PT','BILLABONG INDONESIA'),(509,'CST008','PT','ASURANSI ASTRA BUANA'),(510,'CST007','PT','MNC FINANCE'),(511,'CST006','PT','MANDIRI CIPTA SEJAHTERA'),(512,'CST005','PT','KOPERASI ASTRA INTERNATIONAL'),(513,'CST004','PT','WAHANA INTI NARENDRA'),(514,'CST003','PT','SWAKARYA INSAN MANDIRI (CC)'),(515,'CST002','PT','ASTRA INTERNATIONAL TBK - HONDA SALES OPERATION'),(516,'CST001','PT','JACCS MITRA PINASTHIKA MUSTIKA FINANCE INDONESIA');

--
-- Table structure for table `contact`
--

CREATE TABLE `contact` (
  `id` int NOT NULL AUTO_INCREMENT,
  `nama` varchar(50) NOT NULL,
  `nik` varchar(20) DEFAULT NULL,
  `sim_id` varchar(50) DEFAULT NULL,
  `telp` varchar(15) CHARACTER SET latin1 COLLATE latin1_swedish_ci DEFAULT NULL,
  `email` varchar(50) CHARACTER SET latin1 COLLATE latin1_swedish_ci DEFAULT NULL,
  `id_status` int DEFAULT NULL,
  `id_job` int DEFAULT NULL,
  `id_sub_job` int DEFAULT NULL,
  `id_client` int DEFAULT NULL,
  `id_network` int DEFAULT NULL,
  `id_lob` int DEFAULT NULL,
  PRIMARY KEY (`id`)
) ENGINE=InnoDB AUTO_INCREMENT=138 DEFAULT CHARSET=latin1;

--
-- Dumping data for table `contact`
--

INSERT INTO `contact` VALUES (1,'Afghan Hanif','3276050305020004','1','089626033121','afghann@ciptadrasoft.com',1,9,NULL,1,NULL,1),(2,'Aldo Tahar','3276050305020006','2','081323343444','aldo@gmail.com',1,10,NULL,1,1,NULL),(79,'hawa 9','23454434565742505','2066','08123123123','lyandinurannazmi@gmail.com',2,44,NULL,332,15,NULL),(87,'Jagoti HC',NULL,NULL,'0888888','jagotihc@gmail.com',1,27,NULL,1,1,NULL),(92,'dewiprwt','3201234567890002','2002','82234567890','dewiprwt10@gmail.com',2,11224,NULL,86,274,NULL),(93,'Jago ti',NULL,NULL,NULL,'jagoti@gmail.com',1,9,NULL,1,1,NULL),(94,'Jagoti Finance Admin',NULL,NULL,NULL,'jagotifinanceadmin@gmail.com',1,9,NULL,1,1,NULL),(95,'Jagoti Finance Admin',NULL,NULL,NULL,'jagotifinanceadmin@gmail.com',1,9,NULL,1,1,NULL),(102,'Admin Ciptadra','2838939','293828','08937','adminciptadra@gmail.com',1,9,NULL,1,1,NULL),(104,'Admin QC','-','088298','0888888','adminqc@gmail.com',2,9,NULL,3,3,NULL),(110,'Ershad Al Annas','3174071601870001','1106','085210458687','alannas160187@gmail.com',2,11224,2620,332,5,NULL),(112,'Ary Pramono','3175082303950003','2024','087880811000','ary.kantor@gmail.com',2,11223,2620,332,273,NULL),(113,'Ardo','3175082303950004','2026','087885366023','twodrgroup@gmail.com',2,11223,2620,415,271,NULL),(114,'Faiz Abdullah','3175082303950001','2027','087885366023','abdullzgaming23@gmail.com',2,11223,2665,86,274,NULL),(115,'lia amalia','4324444322233',NULL,'081123445674','lnarnur1826@gmail.com',2,11161,NULL,3,4,NULL),(116,'dina nuramalia','32122334443333222',NULL,'087373838333','aliamailananur88@gmail.com',4,NULL,NULL,NULL,NULL,NULL),(117,'Firman Maulana','3174071601870008','2029','089636626713','firmantrusmiland@gmail.com',3,11223,2665,86,274,NULL),(118,'admin qc ciptadra','23','29','089748','adminqcciptadra@gmail.com',1,9,NULL,1,1,NULL),(119,'Agus maulana','3201234567890001','20000','81234567890','paoelaceng@gmail.com',2,11223,2620,332,5,NULL),(120,'Samuel Jason Rain',NULL,NULL,'0881024283470','muejason27@gmail.com',4,NULL,NULL,NULL,NULL,NULL),(121,' ','3123123123123123',NULL,'087712626262','indahpratamamarina23@gmail.com',4,NULL,NULL,NULL,NULL,NULL),(122,'paoel aceng','3172041711988282',NULL,'081316029338','vanjoelarrazie@gmail.com',4,NULL,NULL,NULL,NULL,NULL),(123,' ','1234567890123456','2220','081234567890','faiz.abdullah@pkp.co.id',2,11209,NULL,5,4,NULL),(124,' ','1294567490123459','2220','081234567890','wahab@pkp.co.id',2,11209,NULL,4,4,NULL),(125,'farisha','2344556677889975443',NULL,'081122334323','farishairwy.ciptadra@gmail.com',1,NULL,NULL,NULL,NULL,NULL),(126,'dini','55443322112345678',NULL,'0877656432245','dini@gmail.com',4,NULL,NULL,NULL,NULL,NULL),(127,'Faiz Abdullah','3175082303950009','3027','087885366023','faiz.abdullah@pkp.co.id',2,11223,2665,86,274,NULL),(128,'Peserta input','3456765489076571','1111','123454324325','bawaaminurazmi88@gmail.com',2,11223,NULL,4,4,NULL),(129,'Nurul Fitrilenia','32112334344556787',NULL,'087736453241','fitrilenia27@gmail.com',1,11206,NULL,1,4,NULL),(130,'Dewi Purwati','7312042510720002','20000','087774683788','thebubbleloons@gmail.com',2,11223,NULL,18,2,1),(131,'Hadi Kurniawan',NULL,NULL,'123123123123','hadikurniawan12@gmail.com',4,NULL,NULL,NULL,NULL,NULL),(132,'Hadi Kurniawan','3216062512030018',NULL,'08967212937','kurniawanhadi230@gmail.com',4,NULL,NULL,NULL,NULL,NULL),(134,'dinni','321231212312312334','12','087738382828','dinni.dwiyani@gmail.com',2,11223,NULL,1,2,NULL),(135,'farisha','3222333344333422',NULL,'087733221223','ami@ciptadrasoft.com',2,11223,NULL,4,4,NULL),(137,'Peserta Baru','3175082303950069','2696','+6287783873122','faizabdullz23@gmail.com',2,11223,NULL,5,4,NULL);

--
-- Table structure for table `course_offline`
--

CREATE TABLE `course_offline` (
  `id_course_offline` int NOT NULL AUTO_INCREMENT,
  `id_lms` int NOT NULL,
  `nama` varchar(255) NOT NULL,
  `nilai` int DEFAULT NULL,
  `tanggal_selesai` datetime NOT NULL,
  `ttd` varchar(255) DEFAULT NULL,
  `nama_ttd` varchar(255) DEFAULT NULL,
  `jabatan_ttd` varchar(255) DEFAULT NULL,
  `created_at` datetime DEFAULT CURRENT_TIMESTAMP,
  `updated_at` datetime DEFAULT CURRENT_TIMESTAMP ON UPDATE CURRENT_TIMESTAMP,
  PRIMARY KEY (`id_course_offline`)
) ENGINE=InnoDB AUTO_INCREMENT=7 DEFAULT CHARSET=utf8mb4 COLLATE=utf8mb4_0900_ai_ci;

--
-- Dumping data for table `course_offline`
--

INSERT INTO `course_offline` VALUES (3,84,'Supervisor',90,'2023-08-22 00:00:00','230822035450_ttd.png','ershad','ceo','2023-08-22 15:54:50','2023-08-22 15:54:50'),(4,84,'Supervisor',88,'2023-08-23 00:00:00','230823092351_ttd.png','ershad','ceo','2023-08-23 09:23:51','2023-08-23 09:23:51'),(5,111,'Induction Werehouse',90,'2023-08-23 00:00:00','230823093226_ttd.png','Ridho','Manager','2023-08-23 09:32:26','2023-08-23 09:32:26'),(6,84,'Contact Center',100,'2023-08-24 00:00:00','230824052037_ttd.png','ershad','ceo','2023-08-24 17:20:37','2023-08-24 17:21:09');

--
-- Table structure for table `integrasi`
--

CREATE TABLE `integrasi` (
  `id` int NOT NULL AUTO_INCREMENT,
  `url` text NOT NULL,
  `token` varchar(255) NOT NULL,
  `kategori` varchar(55) NOT NULL,
  PRIMARY KEY (`id`)
) ENGINE=InnoDB AUTO_INCREMENT=2 DEFAULT CHARSET=utf8mb3;

--
-- Dumping data for table `integrasi`
--

INSERT INTO `integrasi` VALUES (1,'https://lms.jagoti.co.id/moodle3/','fa0c6c8d52502adf7d9557a6bab115c2','moodle');

--
-- Table structure for table `job`
--

CREATE TABLE `job` (
  `id_job` int NOT NULL AUTO_INCREMENT,
  `id_kategori_job` int DEFAULT NULL,
  `kd_job` varchar(7) DEFAULT NULL,
  `job` varchar(255) CHARACTER SET latin1 COLLATE latin1_swedish_ci NOT NULL,
  `kd_job_parent` varchar(8) DEFAULT NULL,
  PRIMARY KEY (`id_job`)
) ENGINE=InnoDB AUTO_INCREMENT=11225 DEFAULT CHARSET=latin1;

--
-- Dumping data for table `job`
--

INSERT INTO `job` VALUES (11205,NULL,'PJB001','ADMINISTRATION',NULL),(11206,NULL,'PJB002','BACK OFFICE',NULL),(11207,NULL,'PJB003','BEAUTICIAN',NULL),(11208,NULL,'PJB004','CLEANING SERVICE',NULL),(11209,NULL,'PJB005','CONTACT CENTER',NULL),(11210,NULL,'PJB006','CUSTOMER SERVICE',NULL),(11211,NULL,'PJB007','DRIVER',NULL),(11212,NULL,'PJB008','FIELD COLLECTION',NULL),(11213,NULL,'PJB009','MARKETING CREDIT',NULL),(11214,NULL,'PJB010','MESSENGER',NULL),(11215,NULL,'PJB011','PERAWAT',NULL),(11216,NULL,'PJB012','SALES',NULL),(11217,NULL,'PJB013','SPG / SPB',NULL),(11218,NULL,'PJB014','SPV',NULL),(11219,NULL,'PJB015','TEKNISI',NULL),(11220,NULL,'PJB016','TELECOLLECTION',NULL),(11221,NULL,'PJB017','TELEMARKETING',NULL),(11222,NULL,'PJB018','TELEVERIFIER',NULL),(11223,NULL,'PJB019','VERIFIER',NULL),(11224,NULL,'PJB020','WEREHOUSE',NULL);

--
-- Table structure for table `job_category`
--

CREATE TABLE `job_category` (
  `id_kategori_job` int NOT NULL AUTO_INCREMENT,
  `kategori` varchar(50) NOT NULL,
  PRIMARY KEY (`id_kategori_job`)
) ENGINE=InnoDB AUTO_INCREMENT=4 DEFAULT CHARSET=latin1;

--
-- Dumping data for table `job_category`
--

INSERT INTO `job_category` VALUES (1,'Organik'),(2,'Non Organik PE'),(3,'Non Organik BPO');

--
-- Table structure for table `lob`
--

CREATE TABLE `lob` (
  `id_lob` int NOT NULL AUTO_INCREMENT,
  `kd_lob` varchar(10) DEFAULT NULL,
  `lob` varchar(50) DEFAULT NULL,
  PRIMARY KEY (`id_lob`)
) ENGINE=InnoDB AUTO_INCREMENT=5 DEFAULT CHARSET=latin1;

--
-- Dumping data for table `lob`
--

INSERT INTO `lob` VALUES (1,'LO','LOB-LO'),(2,'CC','LOB-CC'),(3,'CL','LOB-CL'),(4,'SL','LOB-SL');

--
-- Table structure for table `log_activity`
--

CREATE TABLE `log_activity` (
  `id` int NOT NULL AUTO_INCREMENT,
  `id_user` int NOT NULL,
  `id_user_lms` int NOT NULL,
  `waktu_login` timestamp NOT NULL DEFAULT CURRENT_TIMESTAMP,
  PRIMARY KEY (`id`)
) ENGINE=InnoDB AUTO_INCREMENT=1172 DEFAULT CHARSET=utf8mb4 COLLATE=utf8mb4_0900_ai_ci;

--
-- Dumping data for table `log_activity`
--

INSERT INTO `log_activity` VALUES (1,1,2,'2023-06-14 10:46:42'),(2,1,6,'2023-06-15 05:18:36'),(3,1,6,'2023-06-15 06:29:37'),(4,1,6,'2023-06-15 06:35:03'),(5,1,6,'2023-06-15 06:41:22'),(6,1,6,'2023-06-15 06:43:00'),(7,1,6,'2023-06-15 08:07:36'),(8,1,6,'2023-06-15 08:23:51'),(9,1,6,'2023-06-15 10:40:48'),(10,1,73,'2023-06-15 11:18:35'),(11,1,69,'2023-06-15 11:20:07'),(12,1,6,'2023-06-15 11:41:16'),(13,1,73,'2023-06-15 11:42:18'),(14,1,73,'2023-06-15 12:45:10'),(15,1,73,'2023-06-15 13:54:55'),(16,1,2,'2023-06-15 14:44:27'),(17,1,6,'2023-06-15 14:53:24'),(18,1,73,'2023-06-15 14:54:12'),(19,1,73,'2023-06-16 01:23:30'),(20,1,73,'2023-06-16 01:23:35'),(21,1,6,'2023-06-16 02:04:20'),(22,1,73,'2023-06-16 02:07:52'),(23,1,73,'2023-06-16 08:20:16'),(24,1,2,'2023-06-19 05:01:36'),(25,1,2,'2023-06-19 05:02:12'),(26,1,73,'2023-06-19 06:42:56'),(27,1,73,'2023-06-19 06:54:26'),(28,1,73,'2023-06-19 07:22:00'),(29,1,73,'2023-06-19 07:34:37'),(30,1,2,'2023-06-19 07:52:21'),(31,1,2,'2023-06-19 07:59:07'),(32,1,2,'2023-06-20 02:36:19'),(33,1,69,'2023-06-20 03:14:02'),(34,1,2,'2023-06-20 03:22:36'),(35,1,2,'2023-06-20 04:24:55'),(36,1,2,'2023-06-20 04:44:14'),(37,1,69,'2023-06-20 04:54:48'),(38,1,2,'2023-06-20 04:55:46'),(39,1,73,'2023-06-20 04:59:28'),(40,1,6,'2023-06-20 05:07:03'),(41,1,2,'2023-06-20 05:07:33'),(42,1,2,'2023-06-20 05:08:40'),(43,1,2,'2023-06-20 05:09:37'),(44,1,2,'2023-06-20 05:13:21'),(45,1,73,'2023-06-20 05:13:31'),(46,1,2,'2023-06-20 05:29:21'),(47,1,73,'2023-06-20 06:18:05'),(48,1,73,'2023-06-20 06:31:00'),(49,1,2,'2023-06-20 07:21:11'),(50,1,2,'2023-06-20 07:21:15'),(51,1,73,'2023-06-20 07:45:03'),(52,1,2,'2023-06-20 08:16:43'),(53,1,2,'2023-06-21 03:07:35'),(54,1,73,'2023-06-21 04:04:55'),(55,1,2,'2023-06-21 06:00:31'),(56,1,2,'2023-06-21 07:30:06'),(57,1,73,'2023-06-21 14:23:33'),(58,1,73,'2023-06-21 14:32:24'),(59,1,73,'2023-06-22 01:16:16'),(60,1,73,'2023-06-22 03:02:12'),(61,1,6,'2023-06-22 03:03:24'),(62,1,73,'2023-06-22 03:08:36'),(63,1,2,'2023-06-22 03:11:29'),(64,1,2,'2023-06-22 03:12:01'),(65,1,73,'2023-06-22 07:31:58'),(66,1,73,'2023-06-22 08:39:27'),(67,1,2,'2023-06-22 08:40:09'),(68,1,73,'2023-06-22 17:17:57'),(69,1,73,'2023-06-23 01:46:04'),(70,1,2,'2023-06-23 02:15:10'),(71,1,2,'2023-06-23 03:34:15'),(72,1,2,'2023-06-23 03:56:48'),(73,1,73,'2023-06-23 06:24:10'),(74,1,6,'2023-06-25 19:03:48'),(75,1,73,'2023-06-26 02:41:09'),(76,1,73,'2023-06-26 02:52:38'),(77,1,73,'2023-06-26 03:11:16'),(78,1,2,'2023-06-26 03:12:57'),(79,1,2,'2023-06-26 03:42:35'),(80,1,2,'2023-06-26 03:50:23'),(81,1,2,'2023-06-26 03:52:42'),(82,1,73,'2023-06-26 04:05:28'),(83,1,2,'2023-06-26 04:12:04'),(84,1,73,'2023-06-26 04:17:08'),(85,1,73,'2023-06-26 05:26:57'),(86,1,2,'2023-06-26 06:08:44'),(87,1,2,'2023-06-26 06:11:56'),(88,1,2,'2023-06-26 06:15:07'),(89,1,2,'2023-06-26 06:16:04'),(90,1,2,'2023-06-26 06:17:16'),(91,1,2,'2023-06-26 06:17:25'),(92,1,2,'2023-06-26 06:17:57'),(93,1,2,'2023-06-26 06:18:46'),(94,1,2,'2023-06-26 06:20:08'),(95,1,2,'2023-06-26 06:22:06'),(96,1,73,'2023-06-26 06:22:49'),(97,1,2,'2023-06-26 06:22:53'),(98,1,2,'2023-06-26 06:24:26'),(99,1,2,'2023-06-26 06:25:56'),(100,1,2,'2023-06-26 06:28:18'),(101,1,2,'2023-06-26 06:30:15'),(102,1,2,'2023-06-26 06:31:44'),(103,1,2,'2023-06-26 06:33:03'),(104,1,2,'2023-06-26 06:34:03'),(105,1,2,'2023-06-26 06:37:10'),(106,1,2,'2023-06-26 06:37:12'),(107,1,2,'2023-06-26 06:38:16'),(108,1,2,'2023-06-26 06:40:11'),(109,1,2,'2023-06-26 06:40:53'),(110,1,2,'2023-06-26 06:42:31'),(111,1,2,'2023-06-26 06:43:30'),(112,1,73,'2023-06-26 06:44:27'),(113,1,2,'2023-06-26 06:45:34'),(114,1,2,'2023-06-26 07:02:19'),(115,1,2,'2023-06-26 07:03:42'),(116,1,73,'2023-06-26 07:09:53'),(117,1,6,'2023-06-26 07:16:31'),(118,1,6,'2023-06-26 07:24:58'),(119,1,2,'2023-06-26 08:01:04'),(120,1,2,'2023-06-26 08:05:49'),(121,1,6,'2023-06-26 08:10:13'),(122,1,2,'2023-06-26 08:18:20'),(123,1,73,'2023-06-26 08:38:14'),(124,1,103,'2023-06-26 09:43:02'),(125,1,2,'2023-06-26 09:49:06'),(126,1,2,'2023-06-26 10:37:04'),(127,1,73,'2023-06-26 10:46:06'),(128,1,6,'2023-06-26 11:04:34'),(129,1,73,'2023-06-27 01:11:19'),(130,1,2,'2023-06-27 02:58:40'),(131,1,2,'2023-06-27 03:57:12'),(132,1,103,'2023-06-27 04:22:10'),(133,1,73,'2023-06-27 04:46:08'),(134,1,2,'2023-06-27 05:03:28'),(135,1,110,'2023-06-27 05:19:14'),(136,2,6,'2023-06-27 06:55:03'),(137,1,2,'2023-06-27 07:29:55'),(138,62,105,'2023-06-27 13:09:21'),(139,1,2,'2023-06-27 13:10:51'),(140,2,6,'2023-06-27 13:12:52'),(141,62,105,'2023-06-27 13:21:50'),(142,2,6,'2023-06-27 13:24:11'),(143,62,105,'2023-06-27 13:28:16'),(144,1,2,'2023-06-27 13:31:28'),(145,62,105,'2023-06-27 13:34:51'),(146,1,2,'2023-06-27 13:38:52'),(147,62,105,'2023-06-27 13:39:51'),(148,1,2,'2023-06-27 13:44:24'),(149,1,2,'2023-06-27 13:51:15'),(150,1,2,'2023-06-27 13:54:41'),(151,62,105,'2023-06-27 13:54:59'),(152,1,2,'2023-06-27 13:57:07'),(153,2,6,'2023-06-27 14:14:47'),(154,1,2,'2023-06-27 14:25:25'),(155,62,105,'2023-06-27 14:26:17'),(156,2,6,'2023-06-27 14:27:52'),(157,62,105,'2023-06-27 14:27:56'),(158,2,6,'2023-06-27 14:28:32'),(159,62,105,'2023-06-27 14:29:26'),(160,2,6,'2023-06-27 14:30:42'),(161,2,6,'2023-06-27 14:32:15'),(162,2,6,'2023-06-27 14:33:12'),(163,62,105,'2023-06-27 14:34:54'),(164,1,2,'2023-06-27 14:36:27'),(165,1,2,'2023-06-27 14:46:29'),(166,63,113,'2023-06-27 14:47:53'),(167,62,105,'2023-06-27 14:56:37'),(168,62,105,'2023-06-27 14:57:05'),(169,1,2,'2023-06-27 15:09:26'),(170,2,6,'2023-06-28 03:26:09'),(171,64,114,'2023-06-28 03:32:22'),(172,64,114,'2023-06-28 03:40:30'),(173,64,114,'2023-06-28 03:58:18'),(174,2,6,'2023-06-28 04:08:43'),(175,64,114,'2023-06-28 04:21:07'),(176,1,2,'2023-06-28 04:50:45'),(177,64,114,'2023-06-28 04:59:06'),(178,1,2,'2023-06-28 07:17:13'),(179,1,2,'2023-06-28 08:28:35'),(180,1,2,'2023-06-28 08:31:03'),(181,1,2,'2023-06-28 08:58:22'),(182,2,6,'2023-06-28 09:03:06'),(183,2,6,'2023-07-03 01:52:27'),(184,1,2,'2023-07-03 02:06:08'),(185,62,105,'2023-07-03 02:22:35'),(186,62,105,'2023-07-03 02:22:43'),(187,62,105,'2023-07-03 02:22:46'),(188,62,105,'2023-07-03 02:22:48'),(189,1,2,'2023-07-03 02:44:49'),(190,62,105,'2023-07-03 04:03:54'),(191,1,2,'2023-07-03 04:04:31'),(192,1,2,'2023-07-03 04:08:49'),(193,62,105,'2023-07-03 04:23:11'),(194,1,2,'2023-07-03 05:28:15'),(195,1,2,'2023-07-03 08:24:57'),(196,1,2,'2023-07-03 09:50:49'),(197,1,2,'2023-07-03 22:43:27'),(198,1,2,'2023-07-04 02:55:06'),(199,62,105,'2023-07-04 03:40:24'),(200,1,2,'2023-07-04 04:09:05'),(201,1,2,'2023-07-04 05:43:02'),(202,62,105,'2023-07-04 06:03:49'),(203,62,105,'2023-07-04 06:04:24'),(204,1,2,'2023-07-04 06:05:19'),(205,62,105,'2023-07-04 06:33:46'),(206,2,6,'2023-07-04 08:31:41'),(207,1,2,'2023-07-04 08:34:20'),(208,2,6,'2023-07-04 08:39:46'),(209,1,2,'2023-07-04 08:52:25'),(210,62,105,'2023-07-04 09:59:38'),(211,62,105,'2023-07-04 09:59:41'),(212,1,2,'2023-07-04 10:07:01'),(213,2,6,'2023-07-04 10:09:44'),(214,1,2,'2023-07-04 11:12:06'),(215,2,6,'2023-07-04 12:10:57'),(216,2,6,'2023-07-04 12:11:47'),(217,1,2,'2023-07-04 12:13:28'),(218,1,2,'2023-07-05 03:21:36'),(219,1,2,'2023-07-05 07:17:53'),(220,1,2,'2023-07-05 07:43:45'),(221,62,105,'2023-07-05 08:23:03'),(222,1,2,'2023-07-05 08:42:54'),(223,62,105,'2023-07-05 08:49:56'),(224,1,2,'2023-07-05 08:51:31'),(225,62,105,'2023-07-05 08:58:18'),(226,2,6,'2023-07-05 09:29:33'),(227,1,2,'2023-07-05 09:35:01'),(228,2,6,'2023-07-05 09:41:52'),(229,1,2,'2023-07-05 10:23:37'),(230,62,105,'2023-07-05 13:42:53'),(231,2,6,'2023-07-06 01:17:41'),(232,1,2,'2023-07-06 01:50:18'),(233,62,105,'2023-07-06 02:58:47'),(234,1,2,'2023-07-06 03:00:56'),(235,2,6,'2023-07-06 03:08:50'),(236,62,105,'2023-07-06 03:11:12'),(237,1,2,'2023-07-06 03:21:00'),(238,1,2,'2023-07-06 04:12:20'),(239,62,105,'2023-07-06 04:14:22'),(240,1,2,'2023-07-06 04:35:36'),(241,1,2,'2023-07-06 04:36:28'),(242,1,2,'2023-07-06 05:07:39'),(243,1,2,'2023-07-06 05:09:29'),(244,1,2,'2023-07-06 06:13:45'),(245,1,2,'2023-07-06 06:14:11'),(246,65,115,'2023-07-06 06:27:21'),(247,1,2,'2023-07-06 06:28:46'),(248,1,2,'2023-07-06 06:40:52'),(249,66,116,'2023-07-06 07:05:32'),(250,62,105,'2023-07-06 07:16:45'),(251,68,118,'2023-07-06 07:49:24'),(252,1,2,'2023-07-06 07:53:05'),(253,62,105,'2023-07-06 08:00:39'),(254,68,118,'2023-07-06 08:00:53'),(255,1,2,'2023-07-06 08:07:42'),(256,1,2,'2023-07-06 08:16:45'),(257,1,2,'2023-07-06 08:31:17'),(258,1,2,'2023-07-06 08:56:44'),(259,1,2,'2023-07-06 09:10:50'),(260,1,2,'2023-07-07 04:10:21'),(261,62,105,'2023-07-07 08:47:07'),(262,1,2,'2023-07-07 08:47:14'),(263,1,2,'2023-07-07 08:49:35'),(264,1,2,'2023-07-08 11:44:28'),(265,1,2,'2023-07-09 20:07:24'),(266,1,2,'2023-07-09 20:08:56'),(267,2,6,'2023-07-09 20:10:21'),(268,1,2,'2023-07-10 02:42:49'),(269,73,2,'2023-07-10 04:14:02'),(270,1,2,'2023-07-10 04:53:49'),(271,73,2,'2023-07-10 05:46:46'),(272,73,2,'2023-07-10 06:55:52'),(273,73,2,'2023-07-10 07:46:46'),(274,1,2,'2023-07-10 12:49:51'),(275,1,2,'2023-07-11 02:53:39'),(276,1,2,'2023-07-11 03:04:20'),(277,62,105,'2023-07-11 03:08:19'),(278,62,105,'2023-07-11 03:21:05'),(279,62,105,'2023-07-11 03:21:07'),(280,2,6,'2023-07-11 03:21:35'),(281,62,105,'2023-07-11 03:22:08'),(282,2,6,'2023-07-11 03:22:41'),(283,2,6,'2023-07-11 03:22:56'),(284,61,98,'2023-07-11 03:24:51'),(285,67,117,'2023-07-11 03:35:44'),(286,74,80,'2023-07-11 03:41:14'),(287,1,2,'2023-07-11 03:45:55'),(288,1,2,'2023-07-11 03:46:46'),(289,74,80,'2023-07-11 03:51:08'),(290,1,2,'2023-07-11 04:07:01'),(291,1,2,'2023-07-11 04:14:24'),(292,79,83,'2023-07-11 04:15:10'),(293,1,2,'2023-07-11 04:20:07'),(294,79,83,'2023-07-11 04:22:28'),(295,2,6,'2023-07-11 04:23:02'),(296,1,2,'2023-07-11 04:24:23'),(297,79,83,'2023-07-11 04:33:05'),(298,1,2,'2023-07-11 04:33:56'),(299,79,83,'2023-07-11 04:42:23'),(300,79,83,'2023-07-11 04:42:25'),(301,79,83,'2023-07-11 04:43:00'),(302,2,6,'2023-07-11 04:44:31'),(303,1,2,'2023-07-11 04:44:57'),(304,2,6,'2023-07-11 04:47:03'),(305,79,83,'2023-07-11 04:49:23'),(306,2,6,'2023-07-11 05:43:54'),(307,2,6,'2023-07-11 05:44:25'),(308,79,83,'2023-07-11 05:44:48'),(309,79,83,'2023-07-11 05:55:09'),(310,79,83,'2023-07-11 05:55:15'),(311,1,2,'2023-07-11 05:56:10'),(312,1,2,'2023-07-11 06:06:41'),(313,2,6,'2023-07-11 06:11:05'),(314,80,84,'2023-07-11 06:48:29'),(315,1,2,'2023-07-11 06:50:34'),(316,80,84,'2023-07-11 06:51:33'),(317,79,83,'2023-07-11 07:31:22'),(318,1,2,'2023-07-11 07:31:40'),(319,1,2,'2023-07-11 08:14:55'),(320,81,85,'2023-07-11 08:31:22'),(321,1,2,'2023-07-11 08:35:39'),(322,82,86,'2023-07-11 08:41:17'),(323,1,2,'2023-07-11 09:37:09'),(324,1,2,'2023-07-11 10:19:22'),(325,1,2,'2023-07-12 01:24:52'),(326,1,2,'2023-07-12 02:30:04'),(327,1,2,'2023-07-12 02:40:05'),(328,1,2,'2023-07-12 02:57:21'),(329,79,83,'2023-07-12 03:25:43'),(330,1,2,'2023-07-12 03:27:13'),(331,82,86,'2023-07-12 03:39:44'),(332,1,2,'2023-07-12 04:01:21'),(333,79,83,'2023-07-12 04:07:53'),(334,79,83,'2023-07-12 04:11:00'),(335,1,2,'2023-07-12 04:11:12'),(336,79,83,'2023-07-12 04:23:07'),(337,79,83,'2023-07-12 04:24:51'),(338,79,83,'2023-07-12 04:25:18'),(339,1,2,'2023-07-12 04:29:56'),(340,1,2,'2023-07-12 04:40:27'),(341,1,2,'2023-07-12 06:06:44'),(342,80,84,'2023-07-12 06:08:48'),(343,80,84,'2023-07-12 06:10:26'),(344,80,84,'2023-07-12 06:10:38'),(345,80,84,'2023-07-12 06:12:02'),(346,1,2,'2023-07-12 06:18:40'),(347,1,2,'2023-07-12 06:20:58'),(348,1,2,'2023-07-12 06:53:26'),(349,1,2,'2023-07-12 07:59:13'),(350,2,6,'2023-07-12 09:50:10'),(351,1,2,'2023-07-12 09:56:34'),(352,79,83,'2023-07-12 10:00:25'),(353,1,2,'2023-07-13 03:13:35'),(354,2,6,'2023-07-13 03:27:14'),(355,85,90,'2023-07-13 03:43:17'),(356,85,90,'2023-07-13 04:02:19'),(357,1,2,'2023-07-13 04:28:55'),(358,1,2,'2023-07-13 06:07:21'),(359,86,91,'2023-07-13 06:08:50'),(360,1,2,'2023-07-13 06:16:23'),(361,86,91,'2023-07-13 06:17:33'),(362,79,83,'2023-07-13 06:19:09'),(363,1,2,'2023-07-13 06:23:39'),(364,79,83,'2023-07-13 06:26:24'),(365,2,6,'2023-07-13 06:57:35'),(366,79,83,'2023-07-13 07:00:37'),(367,1,2,'2023-07-13 07:11:54'),(368,1,2,'2023-07-13 07:13:25'),(369,2,6,'2023-07-13 07:24:11'),(370,86,91,'2023-07-13 08:03:37'),(371,79,83,'2023-07-13 08:05:00'),(372,2,6,'2023-07-13 08:34:42'),(373,79,83,'2023-07-13 08:55:46'),(374,79,83,'2023-07-13 09:24:34'),(375,86,91,'2023-07-13 09:28:35'),(376,79,83,'2023-07-13 09:30:45'),(377,86,91,'2023-07-13 09:44:24'),(378,86,91,'2023-07-13 09:45:11'),(379,1,2,'2023-07-13 09:50:20'),(380,79,83,'2023-07-13 09:55:28'),(381,86,91,'2023-07-13 09:58:07'),(382,1,2,'2023-07-13 10:06:55'),(383,1,2,'2023-07-13 10:18:59'),(384,86,91,'2023-07-13 10:20:25'),(385,1,2,'2023-07-13 10:21:12'),(386,86,91,'2023-07-13 10:22:04'),(387,1,2,'2023-07-13 10:29:49'),(388,1,2,'2023-07-13 10:30:23'),(389,86,91,'2023-07-13 10:33:36'),(390,1,2,'2023-07-13 15:42:10'),(391,1,2,'2023-07-13 18:15:46'),(392,1,2,'2023-07-14 01:14:16'),(393,1,2,'2023-07-14 02:07:05'),(394,1,2,'2023-07-14 04:33:59'),(395,1,2,'2023-07-14 06:58:09'),(396,1,2,'2023-07-14 07:41:58'),(397,86,91,'2023-07-14 09:06:57'),(398,1,2,'2023-07-14 09:11:38'),(399,1,2,'2023-07-17 03:12:26'),(400,1,2,'2023-07-17 04:06:42'),(401,1,2,'2023-07-17 04:59:49'),(402,1,2,'2023-07-17 06:45:29'),(403,1,2,'2023-07-17 06:45:31'),(404,1,2,'2023-07-17 07:17:49'),(405,1,2,'2023-07-17 08:33:18'),(406,1,2,'2023-07-18 02:41:46'),(407,1,2,'2023-07-18 03:24:42'),(408,1,2,'2023-07-18 03:43:17'),(409,1,2,'2023-07-18 04:21:15'),(410,1,2,'2023-07-18 04:27:13'),(411,1,2,'2023-07-18 05:36:24'),(412,1,2,'2023-07-18 07:35:40'),(413,1,2,'2023-07-20 02:48:47'),(414,87,92,'2023-07-20 03:26:00'),(415,1,2,'2023-07-20 03:51:04'),(416,1,2,'2023-07-20 04:49:44'),(417,1,2,'2023-07-20 06:42:10'),(418,89,93,'2023-07-20 07:34:16'),(419,89,93,'2023-07-20 07:40:19'),(420,79,83,'2023-07-21 02:23:48'),(421,1,2,'2023-07-21 02:31:40'),(422,79,83,'2023-07-21 02:34:18'),(423,1,2,'2023-07-21 02:39:51'),(424,1,2,'2023-07-21 02:40:49'),(425,89,93,'2023-07-21 04:14:51'),(426,89,93,'2023-07-21 04:29:49'),(427,91,94,'2023-07-21 06:09:06'),(428,1,2,'2023-07-21 06:46:54'),(429,86,91,'2023-07-21 07:20:46'),(430,1,2,'2023-07-21 07:31:35'),(431,93,97,'2023-07-21 07:34:29'),(432,1,2,'2023-07-21 07:43:37'),(433,94,98,'2023-07-21 07:43:51'),(434,94,98,'2023-07-21 07:43:59'),(435,94,98,'2023-07-21 07:44:15'),(436,92,95,'2023-07-21 07:46:06'),(437,92,95,'2023-07-21 07:52:31'),(438,94,98,'2023-07-21 08:22:41'),(439,94,98,'2023-07-21 08:40:00'),(440,1,2,'2023-07-21 09:02:57'),(441,1,2,'2023-07-21 09:11:05'),(442,97,100,'2023-07-21 09:25:13'),(443,92,95,'2023-07-21 09:39:32'),(444,92,95,'2023-07-21 09:42:28'),(445,97,100,'2023-07-21 09:44:25'),(446,1,2,'2023-07-24 02:22:35'),(447,92,95,'2023-07-24 03:29:19'),(448,92,95,'2023-07-24 03:31:14'),(449,80,84,'2023-07-24 03:37:20'),(450,1,2,'2023-07-24 03:50:47'),(451,80,84,'2023-07-24 07:46:01'),(452,1,2,'2023-07-24 07:54:28'),(453,98,101,'2023-07-24 08:02:41'),(454,1,2,'2023-07-24 08:07:46'),(455,1,2,'2023-07-24 08:08:27'),(456,98,101,'2023-07-24 08:12:45'),(457,100,103,'2023-07-24 08:44:36'),(458,1,2,'2023-07-24 08:52:57'),(459,1,2,'2023-07-24 08:54:08'),(460,1,2,'2023-07-24 11:32:38'),(461,92,95,'2023-07-24 11:50:26'),(462,1,2,'2023-07-24 11:54:05'),(463,1,2,'2023-07-24 12:03:48'),(464,98,101,'2023-07-25 02:16:43'),(465,98,101,'2023-07-25 02:21:19'),(466,80,84,'2023-07-25 02:21:27'),(467,80,84,'2023-07-25 02:23:06'),(468,1,2,'2023-07-25 02:26:51'),(469,1,2,'2023-07-25 02:27:28'),(470,98,101,'2023-07-25 02:29:16'),(471,1,2,'2023-07-25 02:35:09'),(472,80,84,'2023-07-25 03:16:28'),(473,98,101,'2023-07-25 03:18:00'),(474,98,101,'2023-07-25 03:18:03'),(475,98,101,'2023-07-25 03:18:08'),(476,102,105,'2023-07-25 03:20:19'),(477,80,84,'2023-07-25 03:22:53'),(478,1,2,'2023-07-25 03:23:24'),(479,1,2,'2023-07-25 03:23:24'),(480,80,84,'2023-07-25 03:23:47'),(481,80,84,'2023-07-25 03:25:22'),(482,1,2,'2023-07-25 03:26:16'),(483,80,84,'2023-07-25 03:26:56'),(484,80,84,'2023-07-25 03:27:13'),(485,1,2,'2023-07-25 03:28:41'),(486,98,101,'2023-07-25 03:30:31'),(487,1,2,'2023-07-25 03:32:13'),(488,1,2,'2023-07-25 03:34:08'),(489,1,2,'2023-07-25 03:36:21'),(490,1,2,'2023-07-25 03:37:21'),(491,98,101,'2023-07-25 03:55:21'),(492,98,101,'2023-07-25 03:55:23'),(493,1,2,'2023-07-25 03:55:42'),(494,2,6,'2023-07-25 04:25:23'),(495,105,108,'2023-07-25 04:46:40'),(496,98,101,'2023-07-25 07:03:27'),(497,105,108,'2023-07-25 07:22:42'),(498,1,2,'2023-07-25 07:25:37'),(499,1,2,'2023-07-25 07:25:42'),(500,105,108,'2023-07-25 07:26:35'),(501,1,2,'2023-07-25 07:59:10'),(502,2,6,'2023-07-25 08:13:07'),(503,2,6,'2023-07-25 08:14:57'),(504,1,2,'2023-07-25 08:19:20'),(505,1,2,'2023-07-25 08:23:24'),(506,1,2,'2023-07-25 08:27:30'),(507,2,6,'2023-07-25 08:33:55'),(508,2,6,'2023-07-25 08:33:57'),(509,80,84,'2023-07-25 08:36:21'),(510,1,2,'2023-07-25 08:36:43'),(511,1,2,'2023-07-25 08:41:35'),(512,2,6,'2023-07-25 09:13:52'),(513,2,6,'2023-07-25 09:14:34'),(514,1,2,'2023-07-25 09:20:39'),(515,2,6,'2023-07-25 09:23:01'),(516,105,108,'2023-07-25 09:23:35'),(517,105,108,'2023-07-25 09:23:40'),(518,1,2,'2023-07-25 09:25:08'),(519,98,101,'2023-07-25 09:26:10'),(520,1,2,'2023-07-25 09:27:06'),(521,98,101,'2023-07-25 09:46:21'),(522,80,84,'2023-07-25 09:54:17'),(523,1,2,'2023-07-25 09:58:42'),(524,1,2,'2023-07-25 10:00:00'),(525,1,2,'2023-07-26 01:15:32'),(526,1,2,'2023-07-26 03:27:40'),(527,2,6,'2023-07-26 03:32:07'),(528,1,2,'2023-07-26 03:48:49'),(529,1,2,'2023-07-26 03:57:33'),(530,1,2,'2023-07-26 06:39:26'),(531,105,108,'2023-07-26 06:39:44'),(532,98,101,'2023-07-26 06:40:56'),(533,1,2,'2023-07-26 06:41:21'),(534,98,101,'2023-07-26 06:43:17'),(535,1,2,'2023-07-26 06:45:25'),(536,98,101,'2023-07-26 06:46:20'),(537,98,101,'2023-07-26 06:49:40'),(538,2,6,'2023-07-26 06:51:25'),(539,98,101,'2023-07-26 06:51:34'),(540,98,101,'2023-07-26 06:53:18'),(541,1,2,'2023-07-26 06:55:56'),(542,98,101,'2023-07-26 06:56:42'),(543,98,101,'2023-07-26 06:57:10'),(544,98,101,'2023-07-26 07:01:20'),(545,1,2,'2023-07-26 07:03:38'),(546,98,101,'2023-07-26 07:06:14'),(547,1,2,'2023-07-26 07:10:21'),(548,1,2,'2023-07-26 07:14:42'),(549,1,2,'2023-07-26 07:16:12'),(550,1,2,'2023-07-26 07:16:47'),(551,1,2,'2023-07-26 07:16:56'),(552,1,2,'2023-07-26 07:17:46'),(553,98,101,'2023-07-26 07:18:41'),(554,1,2,'2023-07-26 07:19:01'),(555,98,101,'2023-07-26 07:20:26'),(556,1,2,'2023-07-26 07:24:23'),(557,98,101,'2023-07-26 07:24:57'),(558,98,101,'2023-07-26 07:25:15'),(559,1,2,'2023-07-26 07:31:10'),(560,80,84,'2023-07-26 07:32:06'),(561,98,101,'2023-07-26 07:32:46'),(562,1,2,'2023-07-26 07:34:59'),(563,1,2,'2023-07-26 07:35:35'),(564,1,2,'2023-07-26 07:36:05'),(565,1,2,'2023-07-26 07:37:39'),(566,105,108,'2023-07-26 07:41:26'),(567,80,84,'2023-07-26 07:44:10'),(568,80,84,'2023-07-26 07:44:12'),(569,1,2,'2023-07-26 07:47:10'),(570,1,2,'2023-07-26 08:13:32'),(571,1,2,'2023-07-26 08:18:20'),(572,80,84,'2023-07-26 08:18:52'),(573,1,2,'2023-07-26 08:53:31'),(574,98,101,'2023-07-26 09:05:22'),(575,98,101,'2023-07-26 09:05:31'),(576,105,108,'2023-07-26 09:08:04'),(577,1,2,'2023-07-26 09:11:26'),(578,1,2,'2023-07-26 09:29:17'),(579,80,84,'2023-07-26 12:24:44'),(580,1,2,'2023-07-26 13:22:58'),(581,1,2,'2023-07-27 02:33:31'),(582,1,2,'2023-07-27 02:57:46'),(583,1,2,'2023-07-27 03:48:22'),(584,2,6,'2023-07-27 03:56:01'),(585,98,101,'2023-07-27 03:58:14'),(586,1,2,'2023-07-27 03:59:44'),(587,80,84,'2023-07-27 04:52:14'),(588,1,2,'2023-07-27 04:53:25'),(589,80,84,'2023-07-27 04:55:55'),(590,1,2,'2023-07-27 05:00:27'),(591,1,2,'2023-07-27 05:04:12'),(592,1,2,'2023-07-27 05:05:28'),(593,79,83,'2023-07-27 05:09:25'),(594,1,2,'2023-07-27 05:26:10'),(595,92,95,'2023-07-27 06:11:47'),(596,1,2,'2023-07-27 06:16:55'),(597,1,2,'2023-07-27 06:29:14'),(598,106,109,'2023-07-27 07:30:49'),(599,1,2,'2023-07-27 07:33:08'),(600,106,109,'2023-07-27 07:34:19'),(601,1,2,'2023-07-27 07:47:10'),(602,106,109,'2023-07-27 07:48:32'),(603,1,2,'2023-07-27 07:53:58'),(604,1,2,'2023-07-27 08:16:52'),(605,1,2,'2023-07-27 09:40:16'),(606,105,108,'2023-07-27 10:44:24'),(607,98,101,'2023-07-27 10:44:51'),(608,1,2,'2023-07-27 10:47:19'),(609,1,2,'2023-07-28 03:25:25'),(610,1,2,'2023-07-28 04:46:38'),(611,1,2,'2023-07-28 06:59:46'),(612,1,2,'2023-07-28 07:01:52'),(613,1,2,'2023-07-28 07:01:56'),(614,1,2,'2023-07-28 07:02:22'),(615,1,2,'2023-07-28 07:04:36'),(616,1,2,'2023-07-28 07:12:55'),(617,1,2,'2023-07-28 07:42:32'),(618,106,109,'2023-07-28 07:56:11'),(619,1,2,'2023-07-28 07:57:37'),(620,106,109,'2023-07-28 08:08:56'),(621,106,109,'2023-07-28 08:15:56'),(622,106,109,'2023-07-28 08:16:36'),(623,1,2,'2023-07-28 08:21:24'),(624,108,111,'2023-07-28 08:22:24'),(625,1,2,'2023-07-28 08:23:20'),(626,108,111,'2023-07-28 08:24:47'),(627,108,111,'2023-07-28 08:25:14'),(628,1,2,'2023-07-28 08:27:04'),(629,1,2,'2023-07-28 08:54:40'),(630,1,2,'2023-07-28 08:57:28'),(631,1,2,'2023-07-29 05:20:09'),(632,1,2,'2023-07-29 05:21:21'),(633,1,2,'2023-07-29 05:58:12'),(634,1,2,'2023-07-29 06:10:18'),(635,1,2,'2023-07-29 06:59:18'),(636,1,2,'2023-07-29 08:03:13'),(637,1,2,'2023-07-29 09:29:06'),(638,1,2,'2023-07-29 10:45:43'),(639,1,2,'2023-07-29 11:05:53'),(640,1,2,'2023-07-29 14:00:15'),(641,1,2,'2023-07-29 14:04:38'),(642,1,2,'2023-07-29 17:33:18'),(643,1,2,'2023-07-30 07:41:05'),(644,1,2,'2023-07-30 08:18:16'),(645,1,2,'2023-07-30 08:27:32'),(646,1,2,'2023-07-30 10:14:02'),(647,2,6,'2023-07-30 14:02:06'),(648,1,2,'2023-07-31 02:20:32'),(649,110,114,'2023-07-31 04:35:53'),(650,110,114,'2023-07-31 04:41:48'),(651,1,2,'2023-07-31 05:44:58'),(652,111,115,'2023-07-31 06:09:00'),(653,111,115,'2023-07-31 06:15:28'),(654,1,2,'2023-07-31 07:00:40'),(655,1,2,'2023-07-31 07:11:30'),(656,111,115,'2023-07-31 08:38:15'),(657,1,2,'2023-07-31 10:04:58'),(658,1,2,'2023-07-31 10:20:39'),(659,110,114,'2023-07-31 10:55:24'),(660,1,2,'2023-07-31 10:57:00'),(661,1,2,'2023-07-31 11:18:06'),(662,1,2,'2023-07-31 11:24:21'),(663,1,2,'2023-07-31 12:03:04'),(664,111,115,'2023-07-31 12:41:55'),(665,1,2,'2023-08-01 03:37:47'),(666,110,114,'2023-08-01 03:44:31'),(667,1,2,'2023-08-01 10:15:40'),(668,1,2,'2023-08-01 10:48:31'),(669,1,2,'2023-08-01 11:01:18'),(670,1,2,'2023-08-01 13:19:09'),(671,110,114,'2023-08-02 02:29:47'),(672,110,114,'2023-08-02 02:29:49'),(673,1,2,'2023-08-02 03:07:41'),(674,98,101,'2023-08-02 03:18:06'),(675,1,2,'2023-08-02 03:18:57'),(676,98,101,'2023-08-02 03:24:07'),(677,111,115,'2023-08-02 04:06:01'),(678,98,101,'2023-08-02 04:19:51'),(679,1,2,'2023-08-02 04:46:20'),(680,111,115,'2023-08-02 04:58:33'),(681,1,2,'2023-08-02 04:59:20'),(682,111,115,'2023-08-02 05:03:59'),(683,110,114,'2023-08-02 06:15:38'),(684,110,114,'2023-08-02 06:21:40'),(685,98,101,'2023-08-02 06:57:18'),(686,98,101,'2023-08-02 07:03:54'),(687,111,115,'2023-08-02 07:07:10'),(688,110,114,'2023-08-02 07:19:31'),(689,98,101,'2023-08-02 07:20:57'),(690,111,115,'2023-08-02 08:04:27'),(691,1,2,'2023-08-02 08:45:04'),(692,98,101,'2023-08-02 09:38:10'),(693,105,108,'2023-08-02 09:39:01'),(694,105,108,'2023-08-02 09:48:38'),(695,1,2,'2023-08-03 03:06:46'),(696,110,114,'2023-08-03 03:28:08'),(697,110,114,'2023-08-03 03:37:24'),(698,1,2,'2023-08-03 03:50:29'),(699,110,114,'2023-08-03 04:53:02'),(700,110,114,'2023-08-03 05:03:36'),(701,110,114,'2023-08-03 05:03:39'),(702,1,2,'2023-08-03 05:53:32'),(703,1,2,'2023-08-03 06:32:08'),(704,110,114,'2023-08-03 06:49:53'),(705,113,117,'2023-08-03 06:58:38'),(706,1,2,'2023-08-03 07:04:30'),(707,110,114,'2023-08-03 07:06:16'),(708,1,2,'2023-08-03 07:33:01'),(709,1,2,'2023-08-03 07:57:26'),(710,1,2,'2023-08-04 03:00:20'),(711,1,2,'2023-08-07 01:57:25'),(712,1,2,'2023-08-07 02:21:40'),(713,1,2,'2023-08-07 02:25:26'),(714,113,117,'2023-08-07 02:51:24'),(715,116,120,'2023-08-07 03:10:34'),(716,113,117,'2023-08-07 03:23:13'),(717,2,6,'2023-08-07 03:25:51'),(718,1,2,'2023-08-07 03:27:38'),(719,120,122,'2023-08-07 03:39:32'),(720,108,111,'2023-08-07 03:54:24'),(721,108,111,'2023-08-07 03:54:29'),(722,122,124,'2023-08-07 03:56:37'),(723,121,123,'2023-08-07 03:57:28'),(724,119,121,'2023-08-07 04:11:47'),(725,124,126,'2023-08-07 04:20:37'),(726,111,115,'2023-08-07 04:21:26'),(727,124,126,'2023-08-07 04:24:39'),(728,113,117,'2023-08-07 04:29:01'),(729,111,115,'2023-08-07 04:30:58'),(730,124,126,'2023-08-07 04:34:23'),(731,119,121,'2023-08-07 04:35:44'),(732,113,117,'2023-08-07 04:36:56'),(733,121,123,'2023-08-07 04:38:12'),(734,121,123,'2023-08-07 04:41:17'),(735,124,126,'2023-08-07 04:51:03'),(736,124,126,'2023-08-07 04:53:59'),(737,1,2,'2023-08-07 04:55:13'),(738,124,126,'2023-08-07 04:57:46'),(739,1,2,'2023-08-07 04:59:12'),(740,1,2,'2023-08-07 05:00:53'),(741,121,123,'2023-08-07 05:04:05'),(742,121,123,'2023-08-07 05:07:08'),(743,1,2,'2023-08-07 05:11:24'),(744,1,2,'2023-08-07 05:16:31'),(745,124,126,'2023-08-07 05:16:44'),(746,121,123,'2023-08-07 05:18:11'),(747,121,123,'2023-08-07 05:27:09'),(748,1,2,'2023-08-07 05:31:09'),(749,1,2,'2023-08-07 05:35:24'),(750,124,126,'2023-08-07 05:36:02'),(751,121,123,'2023-08-07 05:38:00'),(752,1,2,'2023-08-07 05:38:50'),(753,124,126,'2023-08-07 05:40:39'),(754,1,2,'2023-08-07 05:41:40'),(755,124,126,'2023-08-07 05:43:56'),(756,124,126,'2023-08-07 05:44:25'),(757,1,2,'2023-08-07 05:47:08'),(758,124,126,'2023-08-07 05:48:51'),(759,124,126,'2023-08-07 05:50:15'),(760,1,2,'2023-08-07 05:51:03'),(761,124,126,'2023-08-07 05:52:10'),(762,124,126,'2023-08-07 05:53:35'),(763,124,126,'2023-08-07 05:56:08'),(764,124,126,'2023-08-07 05:57:07'),(765,1,2,'2023-08-07 05:57:54'),(766,124,126,'2023-08-07 05:58:53'),(767,1,2,'2023-08-07 05:59:44'),(768,124,126,'2023-08-07 05:59:45'),(769,124,126,'2023-08-07 06:04:17'),(770,113,117,'2023-08-07 06:06:20'),(771,1,2,'2023-08-07 06:41:42'),(772,124,126,'2023-08-07 07:01:50'),(773,1,2,'2023-08-07 07:04:20'),(774,124,126,'2023-08-07 07:06:30'),(775,124,126,'2023-08-07 07:09:38'),(776,121,123,'2023-08-07 07:16:50'),(777,1,2,'2023-08-07 07:19:02'),(778,124,126,'2023-08-07 07:21:08'),(779,124,126,'2023-08-07 07:35:15'),(780,108,111,'2023-08-07 07:41:02'),(781,111,115,'2023-08-07 07:42:27'),(782,108,111,'2023-08-07 07:43:04'),(783,111,115,'2023-08-07 07:49:13'),(784,108,111,'2023-08-07 08:04:36'),(785,111,115,'2023-08-07 08:14:26'),(786,1,2,'2023-08-07 08:15:23'),(787,124,126,'2023-08-07 08:43:46'),(788,1,2,'2023-08-08 06:53:22'),(789,119,121,'2023-08-08 06:56:44'),(790,1,2,'2023-08-08 07:27:29'),(791,80,84,'2023-08-08 07:47:22'),(792,111,115,'2023-08-08 08:02:26'),(793,1,2,'2023-08-08 08:41:06'),(794,1,2,'2023-08-08 15:30:39'),(795,1,2,'2023-08-08 18:00:31'),(796,1,2,'2023-08-09 02:50:54'),(797,1,2,'2023-08-09 03:10:28'),(798,89,93,'2023-08-09 03:12:05'),(799,113,117,'2023-08-09 03:30:35'),(800,111,115,'2023-08-09 03:33:39'),(801,1,2,'2023-08-09 04:27:16'),(802,2,6,'2023-08-09 04:28:35'),(803,1,2,'2023-08-09 04:40:29'),(804,2,6,'2023-08-09 04:41:00'),(805,1,2,'2023-08-10 01:27:05'),(806,1,2,'2023-08-10 03:13:43'),(807,1,2,'2023-08-10 03:22:34'),(808,1,2,'2023-08-10 04:20:09'),(809,1,2,'2023-08-11 02:24:56'),(810,108,111,'2023-08-11 05:29:46'),(811,1,2,'2023-08-11 05:33:07'),(812,111,115,'2023-08-11 06:28:30'),(813,1,2,'2023-08-11 14:48:56'),(814,80,84,'2023-08-11 14:53:10'),(815,1,2,'2023-08-11 14:59:55'),(816,80,84,'2023-08-11 16:48:45'),(817,1,2,'2023-08-11 16:53:22'),(818,89,93,'2023-08-11 17:05:18'),(819,95,99,'2023-08-11 17:21:30'),(820,97,100,'2023-08-11 17:23:06'),(821,1,2,'2023-08-11 17:25:36'),(822,126,128,'2023-08-14 03:31:30'),(823,1,2,'2023-08-14 03:32:35'),(824,80,84,'2023-08-14 03:38:46'),(825,80,84,'2023-08-14 03:38:51'),(826,1,2,'2023-08-14 06:11:00'),(827,111,115,'2023-08-14 06:11:43'),(828,1,2,'2023-08-14 06:17:12'),(829,124,126,'2023-08-14 06:18:58'),(830,111,115,'2023-08-14 06:26:59'),(831,1,2,'2023-08-14 06:27:33'),(832,113,117,'2023-08-14 06:28:37'),(833,113,117,'2023-08-14 06:36:35'),(834,113,117,'2023-08-14 06:49:15'),(835,113,117,'2023-08-14 06:52:48'),(836,1,2,'2023-08-14 07:21:50'),(837,1,2,'2023-08-14 07:24:43'),(838,108,111,'2023-08-14 07:41:02'),(839,127,130,'2023-08-14 07:41:10'),(840,127,130,'2023-08-14 07:46:05'),(841,111,115,'2023-08-14 07:46:55'),(842,1,2,'2023-08-14 07:50:20'),(843,127,130,'2023-08-14 07:52:16'),(844,124,126,'2023-08-14 08:00:31'),(845,130,133,'2023-08-14 08:01:23'),(846,80,84,'2023-08-14 08:06:59'),(847,1,2,'2023-08-14 08:08:52'),(848,1,2,'2023-08-14 08:09:09'),(849,127,130,'2023-08-14 08:10:59'),(850,130,133,'2023-08-14 08:14:49'),(851,113,117,'2023-08-14 08:15:23'),(852,124,126,'2023-08-14 08:33:16'),(853,113,117,'2023-08-14 08:34:59'),(854,1,2,'2023-08-14 08:41:20'),(855,1,2,'2023-08-14 08:43:22'),(856,2,6,'2023-08-14 08:44:13'),(857,130,133,'2023-08-14 08:51:36'),(858,124,126,'2023-08-14 09:14:15'),(859,127,130,'2023-08-14 09:18:28'),(860,1,2,'2023-08-14 09:23:00'),(861,113,117,'2023-08-14 09:23:41'),(862,127,130,'2023-08-14 09:24:06'),(863,130,133,'2023-08-15 06:31:14'),(864,80,84,'2023-08-15 06:31:42'),(865,127,130,'2023-08-15 06:32:55'),(866,111,115,'2023-08-15 07:28:26'),(867,1,2,'2023-08-15 08:07:57'),(868,2,6,'2023-08-15 08:22:53'),(869,1,2,'2023-08-15 09:44:37'),(870,1,2,'2023-08-16 03:30:27'),(871,130,133,'2023-08-16 06:15:35'),(872,2,6,'2023-08-16 06:17:55'),(873,1,2,'2023-08-16 06:21:51'),(874,1,2,'2023-08-16 06:32:50'),(875,111,115,'2023-08-16 06:49:25'),(876,2,6,'2023-08-16 07:40:47'),(877,2,6,'2023-08-16 08:00:45'),(878,2,6,'2023-08-16 08:05:55'),(879,1,2,'2023-08-16 08:15:03'),(880,80,84,'2023-08-17 13:43:55'),(881,1,2,'2023-08-18 01:10:38'),(882,2,6,'2023-08-18 01:31:25'),(883,1,2,'2023-08-18 03:17:27'),(884,111,115,'2023-08-18 03:26:19'),(885,131,134,'2023-08-18 03:35:29'),(886,127,130,'2023-08-18 03:43:48'),(887,127,130,'2023-08-18 04:10:00'),(888,1,2,'2023-08-18 04:12:43'),(889,127,130,'2023-08-18 04:13:25'),(890,127,130,'2023-08-18 04:14:28'),(891,1,2,'2023-08-18 04:14:43'),(892,127,130,'2023-08-18 04:15:55'),(893,1,2,'2023-08-18 04:19:09'),(894,127,130,'2023-08-18 04:20:41'),(895,1,2,'2023-08-18 04:20:41'),(896,127,130,'2023-08-18 04:21:55'),(897,127,130,'2023-08-18 04:21:58'),(898,127,130,'2023-08-18 04:24:37'),(899,1,2,'2023-08-18 04:25:25'),(900,127,130,'2023-08-18 04:25:35'),(901,111,115,'2023-08-18 04:31:00'),(902,130,133,'2023-08-18 06:33:35'),(903,1,2,'2023-08-18 06:54:31'),(904,2,6,'2023-08-18 06:54:59'),(905,131,134,'2023-08-18 07:14:36'),(906,131,134,'2023-08-18 07:18:39'),(907,1,2,'2023-08-18 07:24:32'),(908,131,134,'2023-08-18 07:26:06'),(909,111,115,'2023-08-18 07:29:07'),(910,1,2,'2023-08-18 07:29:26'),(911,124,126,'2023-08-18 07:31:37'),(912,1,2,'2023-08-18 07:32:13'),(913,124,126,'2023-08-18 07:34:03'),(914,1,2,'2023-08-18 07:35:04'),(915,130,133,'2023-08-18 07:42:34'),(916,127,130,'2023-08-18 07:51:25'),(917,124,126,'2023-08-18 07:51:48'),(918,1,2,'2023-08-18 07:51:57'),(919,113,117,'2023-08-18 07:52:51'),(920,127,130,'2023-08-18 07:54:08'),(921,113,117,'2023-08-18 07:54:41'),(922,1,2,'2023-08-18 07:55:10'),(923,127,130,'2023-08-18 07:58:45'),(924,113,117,'2023-08-18 07:59:19'),(925,113,117,'2023-08-18 08:01:27'),(926,1,2,'2023-08-18 08:03:22'),(927,127,130,'2023-08-18 08:15:01'),(928,127,130,'2023-08-18 08:15:02'),(929,1,2,'2023-08-18 08:23:08'),(930,127,130,'2023-08-18 08:52:59'),(931,131,134,'2023-08-18 09:00:54'),(932,1,2,'2023-08-18 09:06:18'),(933,127,130,'2023-08-18 09:24:02'),(934,127,130,'2023-08-18 10:03:06'),(935,124,126,'2023-08-18 10:08:02'),(936,127,130,'2023-08-18 10:08:58'),(937,127,130,'2023-08-18 10:09:09'),(938,127,130,'2023-08-18 18:05:02'),(939,80,84,'2023-08-21 01:12:39'),(940,1,2,'2023-08-21 01:23:27'),(941,111,115,'2023-08-21 03:39:57'),(942,1,2,'2023-08-21 03:42:51'),(943,2,6,'2023-08-21 05:52:07'),(944,1,2,'2023-08-21 07:45:16'),(945,2,6,'2023-08-21 07:45:54'),(946,111,115,'2023-08-21 08:08:41'),(947,127,130,'2023-08-21 08:43:04'),(948,111,115,'2023-08-22 03:22:00'),(949,127,130,'2023-08-22 03:25:22'),(950,1,2,'2023-08-22 04:40:58'),(951,1,2,'2023-08-22 06:04:04'),(952,1,2,'2023-08-22 06:06:41'),(953,127,130,'2023-08-22 06:09:35'),(954,1,2,'2023-08-22 06:32:08'),(955,1,2,'2023-08-22 06:33:06'),(956,127,130,'2023-08-22 06:40:41'),(957,130,133,'2023-08-22 06:50:50'),(958,130,133,'2023-08-22 07:06:38'),(959,127,130,'2023-08-22 07:06:53'),(960,1,2,'2023-08-22 07:10:22'),(961,111,115,'2023-08-22 07:24:50'),(962,80,84,'2023-08-22 07:54:15'),(963,130,133,'2023-08-22 08:31:45'),(964,80,84,'2023-08-22 09:15:29'),(965,1,2,'2023-08-22 10:21:50'),(966,2,6,'2023-08-22 10:24:18'),(967,130,133,'2023-08-23 01:41:56'),(968,111,115,'2023-08-23 02:07:10'),(969,108,111,'2023-08-23 02:13:04'),(970,80,84,'2023-08-23 02:13:59'),(971,80,84,'2023-08-23 02:14:05'),(972,94,98,'2023-08-23 02:15:48'),(973,111,115,'2023-08-23 02:17:13'),(974,94,98,'2023-08-23 02:18:47'),(975,111,115,'2023-08-23 02:20:55'),(976,130,133,'2023-08-23 02:22:06'),(977,111,115,'2023-08-23 02:25:51'),(978,130,133,'2023-08-23 02:31:58'),(979,130,133,'2023-08-23 02:32:08'),(980,127,130,'2023-08-23 02:34:34'),(981,94,98,'2023-08-23 02:35:01'),(982,111,115,'2023-08-23 02:36:05'),(983,130,133,'2023-08-23 02:37:09'),(984,131,134,'2023-08-23 02:40:34'),(985,111,115,'2023-08-23 03:09:25'),(986,130,133,'2023-08-23 03:39:23'),(987,131,134,'2023-08-23 03:54:04'),(988,131,134,'2023-08-23 03:58:18'),(989,1,2,'2023-08-23 04:03:36'),(990,131,134,'2023-08-23 04:20:29'),(991,1,2,'2023-08-23 04:33:09'),(992,1,2,'2023-08-23 05:38:21'),(993,1,2,'2023-08-23 05:50:15'),(994,130,133,'2023-08-23 06:08:56'),(995,1,2,'2023-08-23 06:58:52'),(996,127,130,'2023-08-23 07:04:17'),(997,111,115,'2023-08-23 07:31:59'),(998,111,115,'2023-08-23 07:50:10'),(999,80,84,'2023-08-23 07:53:27'),(1000,111,115,'2023-08-23 07:53:34'),(1001,127,130,'2023-08-23 07:55:32'),(1002,94,98,'2023-08-23 08:10:55'),(1003,111,115,'2023-08-23 08:13:17'),(1004,2,6,'2023-08-23 08:14:40'),(1005,1,2,'2023-08-23 08:17:37'),(1006,130,133,'2023-08-23 08:52:28'),(1007,130,133,'2023-08-23 09:07:14'),(1008,111,115,'2023-08-23 09:21:04'),(1009,94,98,'2023-08-23 09:42:34'),(1010,111,115,'2023-08-23 09:44:29'),(1011,130,133,'2023-08-24 02:39:40'),(1012,111,115,'2023-08-24 03:14:53'),(1013,80,84,'2023-08-24 03:54:00'),(1014,130,133,'2023-08-24 04:00:29'),(1015,130,133,'2023-08-24 04:03:00'),(1016,80,84,'2023-08-24 04:03:53'),(1017,80,84,'2023-08-24 04:04:05'),(1018,130,133,'2023-08-24 04:04:49'),(1019,130,133,'2023-08-24 06:39:10'),(1020,130,133,'2023-08-24 06:49:50'),(1021,1,2,'2023-08-24 06:49:57'),(1022,132,136,'2023-08-24 07:22:21'),(1023,130,133,'2023-08-24 07:26:51'),(1024,127,130,'2023-08-24 08:19:39'),(1025,130,133,'2023-08-24 09:55:16'),(1026,2,6,'2023-08-24 09:56:30'),(1027,2,6,'2023-08-24 10:00:49'),(1028,127,130,'2023-08-24 10:03:32'),(1029,130,133,'2023-08-24 10:07:35'),(1030,1,2,'2023-08-25 01:47:31'),(1031,113,117,'2023-08-25 01:56:46'),(1032,127,130,'2023-08-25 02:00:22'),(1033,127,130,'2023-08-25 02:02:53'),(1034,1,2,'2023-08-25 02:05:30'),(1035,127,130,'2023-08-25 02:05:55'),(1036,134,137,'2023-08-25 02:06:55'),(1037,1,2,'2023-08-25 02:09:20'),(1038,127,130,'2023-08-25 02:10:43'),(1039,124,126,'2023-08-25 02:11:35'),(1040,111,115,'2023-08-25 02:14:15'),(1041,113,117,'2023-08-25 02:14:42'),(1042,127,130,'2023-08-25 02:31:47'),(1043,127,130,'2023-08-25 02:31:48'),(1044,1,2,'2023-08-25 02:35:08'),(1045,127,130,'2023-08-25 02:36:57'),(1046,127,130,'2023-08-25 02:37:03'),(1047,124,126,'2023-08-25 02:42:02'),(1048,124,126,'2023-08-25 02:43:21'),(1049,124,126,'2023-08-25 02:44:04'),(1050,1,2,'2023-08-25 02:56:01'),(1051,113,117,'2023-08-25 02:56:19'),(1052,124,126,'2023-08-25 03:12:08'),(1053,1,2,'2023-08-25 03:15:07'),(1054,124,126,'2023-08-25 03:15:34'),(1055,1,2,'2023-08-25 03:28:39'),(1056,124,126,'2023-08-25 03:35:16'),(1057,113,117,'2023-08-25 03:36:33'),(1058,130,133,'2023-08-25 03:38:03'),(1059,113,117,'2023-08-25 03:38:43'),(1060,121,123,'2023-08-25 04:09:36'),(1061,113,117,'2023-08-25 04:10:40'),(1062,121,123,'2023-08-25 04:11:33'),(1063,134,137,'2023-08-25 04:19:15'),(1064,1,2,'2023-08-25 04:22:46'),(1065,130,133,'2023-08-25 06:27:42'),(1066,113,117,'2023-08-25 07:01:37'),(1067,1,2,'2023-08-25 07:05:27'),(1068,128,131,'2023-08-25 07:06:13'),(1069,1,2,'2023-08-25 07:30:01'),(1070,1,2,'2023-08-25 08:24:16'),(1071,1,2,'2023-08-25 08:28:08'),(1072,1,2,'2023-08-25 08:46:00'),(1073,128,131,'2023-08-25 08:46:57'),(1074,111,115,'2023-08-25 08:53:25'),(1075,1,2,'2023-08-25 09:00:14'),(1076,130,133,'2023-08-28 01:22:49'),(1077,80,84,'2023-08-28 01:39:06'),(1078,127,130,'2023-08-28 01:39:41'),(1079,127,130,'2023-08-28 01:39:43'),(1080,130,133,'2023-08-28 02:44:51'),(1081,1,2,'2023-08-28 03:43:59'),(1082,1,2,'2023-08-28 03:57:32'),(1083,1,2,'2023-08-28 04:00:38'),(1084,111,115,'2023-08-28 04:20:22'),(1085,1,2,'2023-08-28 05:45:39'),(1086,1,2,'2023-08-28 05:48:33'),(1087,111,115,'2023-08-28 07:29:10'),(1088,142,148,'2023-08-28 07:45:51'),(1089,1,2,'2023-08-28 07:47:41'),(1090,1,2,'2023-08-28 07:49:43'),(1091,142,148,'2023-08-28 07:51:01'),(1092,1,2,'2023-08-28 07:51:39'),(1093,142,148,'2023-08-28 07:52:46'),(1094,142,148,'2023-08-28 07:55:57'),(1095,130,133,'2023-08-28 07:57:49'),(1096,111,115,'2023-08-28 08:02:10'),(1097,80,84,'2023-08-28 08:05:00'),(1098,80,84,'2023-08-28 08:05:00'),(1099,142,148,'2023-08-28 08:46:03'),(1100,142,148,'2023-08-28 08:46:10'),(1101,142,148,'2023-08-28 08:47:02'),(1102,130,133,'2023-08-28 08:51:27'),(1103,144,149,'2023-08-28 09:22:50'),(1104,130,133,'2023-08-28 21:55:22'),(1105,1,2,'2023-08-29 03:45:15'),(1106,1,2,'2023-08-29 03:54:02'),(1107,1,2,'2023-08-29 03:54:32'),(1108,130,133,'2023-08-29 07:17:57'),(1109,111,115,'2023-08-29 07:22:08'),(1110,80,84,'2023-08-29 07:41:01'),(1111,111,115,'2023-08-29 07:42:04'),(1112,111,115,'2023-08-29 07:44:39'),(1113,111,115,'2023-08-29 07:47:36'),(1114,142,148,'2023-08-29 07:54:59'),(1115,111,115,'2023-08-29 08:41:48'),(1116,142,148,'2023-08-29 08:43:08'),(1117,1,2,'2023-08-29 08:45:54'),(1118,142,148,'2023-08-29 08:47:22'),(1119,1,2,'2023-08-29 08:59:48'),(1120,130,133,'2023-08-29 10:05:05'),(1121,124,126,'2023-08-29 23:46:18'),(1122,1,2,'2023-08-30 02:30:15'),(1123,80,84,'2023-08-30 02:32:38'),(1124,124,126,'2023-08-30 02:37:39'),(1125,113,117,'2023-08-30 02:39:43'),(1126,130,133,'2023-08-30 02:57:03'),(1127,1,2,'2023-08-30 03:05:46'),(1128,130,133,'2023-08-30 03:18:28'),(1129,111,115,'2023-08-30 03:20:35'),(1130,124,126,'2023-08-30 03:20:50'),(1131,124,126,'2023-08-30 03:21:15'),(1132,128,131,'2023-08-30 03:23:12'),(1133,130,133,'2023-08-30 03:23:37'),(1134,146,150,'2023-08-30 03:24:38'),(1135,1,2,'2023-08-30 03:24:48'),(1136,130,133,'2023-08-30 03:25:33'),(1137,147,151,'2023-08-30 03:29:10'),(1138,113,117,'2023-08-30 03:34:24'),(1139,113,117,'2023-08-30 03:34:52'),(1140,130,133,'2023-08-30 03:41:17'),(1141,148,152,'2023-08-30 03:43:40'),(1142,149,153,'2023-08-30 03:53:10'),(1143,113,117,'2023-08-30 04:05:21'),(1144,1,2,'2023-08-30 04:14:35'),(1145,130,133,'2023-08-30 06:23:06'),(1146,111,115,'2023-08-30 06:38:43'),(1147,2,6,'2023-08-30 06:41:51'),(1148,124,126,'2023-08-30 06:44:02'),(1149,80,84,'2023-08-30 06:44:12'),(1150,80,84,'2023-08-30 06:44:16'),(1151,127,130,'2023-08-30 06:44:22'),(1152,130,133,'2023-08-30 06:46:25'),(1153,80,84,'2023-08-30 06:47:11'),(1154,128,131,'2023-08-30 06:52:59'),(1155,130,133,'2023-08-30 06:55:27'),(1156,127,130,'2023-08-30 07:06:18'),(1157,80,84,'2023-08-30 07:07:10'),(1158,130,133,'2023-08-30 07:23:56'),(1159,80,84,'2023-08-30 07:34:10'),(1160,113,117,'2023-08-30 07:35:59'),(1161,124,126,'2023-08-30 07:36:04'),(1162,121,123,'2023-08-30 07:36:36'),(1163,130,133,'2023-08-30 07:40:59'),(1164,80,84,'2023-08-30 08:17:04'),(1165,1,2,'2023-08-30 08:21:26'),(1166,130,133,'2023-08-30 08:30:01'),(1167,1,2,'2023-08-30 11:30:20'),(1168,111,115,'2023-08-31 03:09:51'),(1169,130,133,'2023-08-31 06:51:15'),(1170,2,6,'2023-08-31 06:53:17'),(1171,2,6,'2023-08-31 06:56:53');

--
-- Table structure for table `log_upload`
--

CREATE TABLE `log_upload` (
  `id_log` int NOT NULL AUTO_INCREMENT,
  `title` varchar(255) DEFAULT NULL,
  `code` varchar(10) DEFAULT NULL,
  `event` varchar(25) DEFAULT NULL,
  `row` int DEFAULT NULL,
  `deskripsi` varchar(255) DEFAULT NULL,
  `filename` varchar(255) DEFAULT NULL,
  `id_user` int DEFAULT NULL,
  `id_uploader` int DEFAULT NULL,
  `created_at` datetime NOT NULL DEFAULT CURRENT_TIMESTAMP,
  PRIMARY KEY (`id_log`)
) ENGINE=InnoDB AUTO_INCREMENT=415 DEFAULT CHARSET=latin1;

--
-- Dumping data for table `log_upload`
--

INSERT INTO `log_upload` VALUES (1,'Account','SUCCESS','INSERT',2,'Akun peserta dengan email jagoti.indonesia@gmail.com berhasil dibuat','data_user_test1_110723.xlsx',1,NULL,'2023-07-11 08:28:42'),(2,'Account','SUCCESS','INSERT',3,'Akun peserta dengan email hawainans1@gmail.com berhasil dibuat','data_user_test1_110723.xlsx',1,NULL,'2023-07-11 08:28:43'),(3,'Account','SUCCESS','UPDATE',2,'Akun peserta dengan email jagoti.indonesia@gmail.com sudah terdaftar, data telah diupdate','data_user_test_NEW1_110723.xlsx',1,NULL,'2023-07-12 02:30:24'),(4,'Account','SUCCESS','UPDATE',3,'Akun peserta dengan email hawainans1@gmail.com sudah terdaftar, data telah diupdate','data_user_test_NEW1_110723.xlsx',1,NULL,'2023-07-12 02:30:24'),(5,'NIK','INFO','FAILED',5,'NIK tidak boleh kosong','data_user_test_NEW1_110723.xlsx',1,NULL,'2023-07-12 02:30:25'),(6,'Account','SUCCESS','UPDATE',6,'Akun peserta dengan email lyandinurannazmi@gmail.com sudah terdaftar, data telah diupdate','data_user_test_NEW1_110723.xlsx',1,NULL,'2023-07-12 02:30:25'),(7,'Telp','INFO','FAILED',7,'No telp tidak boleh kosong','data_user_test_NEW1_110723.xlsx',1,NULL,'2023-07-12 02:30:25'),(8,'Email','INFO','FAILED',8,'Email tidak boleh kosong','data_user_test_NEW1_110723.xlsx',1,NULL,'2023-07-12 02:30:25'),(9,'Status Personil','INFO','FAILED',9,'Status personil tidak boleh kosong','data_user_test_NEW1_110723.xlsx',1,NULL,'2023-07-12 02:30:25'),(10,'Job','INFO','FAILED',10,'Job tidak boleh kosong','data_user_test_NEW1_110723.xlsx',1,NULL,'2023-07-12 02:30:25'),(11,'Sub Job','INFO','FAILED',11,'Sub Job tidak boleh kosong','data_user_test_NEW1_110723.xlsx',1,NULL,'2023-07-12 02:30:25'),(12,'Account','SUCCESS','UPDATE',2,'Akun peserta dengan email jagoti.indonesia@gmail.com sudah terdaftar, data telah diupdate','data_user_test_NEW1_110723.xlsx',1,NULL,'2023-07-12 02:40:19'),(13,'Account','SUCCESS','UPDATE',3,'Akun peserta dengan email hawainans1@gmail.com sudah terdaftar, data telah diupdate','data_user_test_NEW1_110723.xlsx',1,NULL,'2023-07-12 02:40:19'),(14,'NIK','INFO','FAILED',5,'NIK tidak boleh kosong','data_user_test_NEW1_110723.xlsx',1,NULL,'2023-07-12 02:40:19'),(15,'Account','SUCCESS','UPDATE',6,'Akun peserta dengan email lyandinurannazmi@gmail.com sudah terdaftar, data telah diupdate','data_user_test_NEW1_110723.xlsx',1,NULL,'2023-07-12 02:40:19'),(16,'Telp','INFO','FAILED',7,'No telp tidak boleh kosong','data_user_test_NEW1_110723.xlsx',1,NULL,'2023-07-12 02:40:19'),(17,'Email','INFO','FAILED',8,'Email tidak boleh kosong','data_user_test_NEW1_110723.xlsx',1,NULL,'2023-07-12 02:40:19'),(18,'Status Personil','INFO','FAILED',9,'Status personil tidak boleh kosong','data_user_test_NEW1_110723.xlsx',1,NULL,'2023-07-12 02:40:19'),(19,'Job','INFO','FAILED',10,'Job tidak boleh kosong','data_user_test_NEW1_110723.xlsx',1,NULL,'2023-07-12 02:40:20'),(20,'Sub Job','INFO','FAILED',11,'Sub Job tidak boleh kosong','data_user_test_NEW1_110723.xlsx',1,NULL,'2023-07-12 02:40:20'),(21,'Account','SUCCESS','UPDATE',2,'Akun peserta dengan email jagoti.indonesia@gmail.com sudah terdaftar, data telah diupdate','data_user_test_NEW1_110723.xlsx',1,NULL,'2023-07-12 02:44:03'),(22,'Account','SUCCESS','UPDATE',3,'Akun peserta dengan email hawainans1@gmail.com sudah terdaftar, data telah diupdate','data_user_test_NEW1_110723.xlsx',1,NULL,'2023-07-12 02:44:03'),(23,'NIK','INFO','FAILED',5,'NIK tidak boleh kosong','data_user_test_NEW1_110723.xlsx',1,NULL,'2023-07-12 02:44:03'),(24,'Account','SUCCESS','UPDATE',6,'Akun peserta dengan email lyandinurannazmi@gmail.com sudah terdaftar, data telah diupdate','data_user_test_NEW1_110723.xlsx',1,NULL,'2023-07-12 02:44:03'),(25,'Telp','INFO','FAILED',7,'No telp tidak boleh kosong','data_user_test_NEW1_110723.xlsx',1,NULL,'2023-07-12 02:44:03'),(26,'Email','INFO','FAILED',8,'Email tidak boleh kosong','data_user_test_NEW1_110723.xlsx',1,NULL,'2023-07-12 02:44:03'),(27,'Status Personil','INFO','FAILED',9,'Status personil tidak boleh kosong','data_user_test_NEW1_110723.xlsx',1,NULL,'2023-07-12 02:44:03'),(28,'Job','INFO','FAILED',10,'Job tidak boleh kosong','data_user_test_NEW1_110723.xlsx',1,NULL,'2023-07-12 02:44:03'),(29,'Sub Job','INFO','FAILED',11,'Sub Job tidak boleh kosong','data_user_test_NEW1_110723.xlsx',1,NULL,'2023-07-12 02:44:03'),(30,'Account','SUCCESS','UPDATE',2,'Akun peserta dengan email jagoti.indonesia@gmail.com sudah terdaftar, data telah diupdate','data_user_test_NEW1_110723.xlsx',1,NULL,'2023-07-12 02:45:22'),(31,'Account','SUCCESS','UPDATE',3,'Akun peserta dengan email hawainans1@gmail.com sudah terdaftar, data telah diupdate','data_user_test_NEW1_110723.xlsx',1,NULL,'2023-07-12 02:45:22'),(32,'NIK','INFO','FAILED',5,'NIK tidak boleh kosong','data_user_test_NEW1_110723.xlsx',1,NULL,'2023-07-12 02:45:22'),(33,'Account','SUCCESS','UPDATE',6,'Akun peserta dengan email lyandinurannazmi@gmail.com sudah terdaftar, data telah diupdate','data_user_test_NEW1_110723.xlsx',1,NULL,'2023-07-12 02:45:22'),(34,'Telp','INFO','FAILED',7,'No telp tidak boleh kosong','data_user_test_NEW1_110723.xlsx',1,NULL,'2023-07-12 02:45:22'),(35,'Email','INFO','FAILED',8,'Email tidak boleh kosong','data_user_test_NEW1_110723.xlsx',1,NULL,'2023-07-12 02:45:22'),(36,'Status Personil','INFO','FAILED',9,'Status personil tidak boleh kosong','data_user_test_NEW1_110723.xlsx',1,NULL,'2023-07-12 02:45:22'),(37,'Job','INFO','FAILED',10,'Job tidak boleh kosong','data_user_test_NEW1_110723.xlsx',1,NULL,'2023-07-12 02:45:22'),(38,'Sub Job','INFO','FAILED',11,'Sub Job tidak boleh kosong','data_user_test_NEW1_110723.xlsx',1,NULL,'2023-07-12 02:45:22'),(39,'Account','SUCCESS','UPDATE',12,'Akun peserta dengan email lyandinurannazmi@gmail.com sudah terdaftar, data telah diupdate','data_user_test_NEW1_110723.xlsx',1,NULL,'2023-07-12 02:45:23'),(40,'Account','SUCCESS','UPDATE',2,'Akun peserta dengan email jagoti.indonesia@gmail.com sudah terdaftar, data telah diupdate','data_user_test_NEW1_110723.xlsx',1,NULL,'2023-07-12 02:56:17'),(41,'Account','SUCCESS','UPDATE',2,'Akun peserta dengan email jagoti.indonesia@gmail.com sudah terdaftar, data telah diupdate','data_user_test_NEW1_110723.xlsx',1,NULL,'2023-07-12 02:56:43'),(42,'Account','SUCCESS','UPDATE',3,'Akun peserta dengan email hawainans1@gmail.com sudah terdaftar, data telah diupdate','data_user_test_NEW1_110723.xlsx',1,NULL,'2023-07-12 02:56:43'),(43,'NIK','INFO','FAILED',5,'NIK tidak boleh kosong','data_user_test_NEW1_110723.xlsx',1,NULL,'2023-07-12 02:56:43'),(44,'Account','SUCCESS','UPDATE',6,'Akun peserta dengan email lyandinurannazmi@gmail.com sudah terdaftar, data telah diupdate','data_user_test_NEW1_110723.xlsx',1,NULL,'2023-07-12 02:56:43'),(45,'Telp','INFO','FAILED',7,'No telp tidak boleh kosong','data_user_test_NEW1_110723.xlsx',1,NULL,'2023-07-12 02:56:44'),(46,'Email','INFO','FAILED',8,'Email tidak boleh kosong','data_user_test_NEW1_110723.xlsx',1,NULL,'2023-07-12 02:56:44'),(47,'Status Personil','INFO','FAILED',9,'Status personil tidak boleh kosong','data_user_test_NEW1_110723.xlsx',1,NULL,'2023-07-12 02:56:44'),(48,'Job','INFO','FAILED',10,'Job tidak boleh kosong','data_user_test_NEW1_110723.xlsx',1,NULL,'2023-07-12 02:56:44'),(49,'Sub Job','INFO','FAILED',11,'Sub Job tidak boleh kosong','data_user_test_NEW1_110723.xlsx',1,NULL,'2023-07-12 02:56:44'),(50,'Account','SUCCESS','UPDATE',2,'Akun peserta dengan email jagoti.indonesia@gmail.com sudah terdaftar, data telah diupdate','data_user_test_NEW1_110723.xlsx',1,NULL,'2023-07-12 02:57:51'),(51,'Account','SUCCESS','UPDATE',3,'Akun peserta dengan email hawainans1@gmail.com sudah terdaftar, data telah diupdate','data_user_test_NEW1_110723.xlsx',1,NULL,'2023-07-12 02:57:51'),(52,'NIK','INFO','FAILED',5,'NIK tidak boleh kosong','data_user_test_NEW1_110723.xlsx',1,NULL,'2023-07-12 02:57:51'),(53,'Account','SUCCESS','UPDATE',6,'Akun peserta dengan email lyandinurannazmi@gmail.com sudah terdaftar, data telah diupdate','data_user_test_NEW1_110723.xlsx',1,NULL,'2023-07-12 02:57:51'),(54,'Telp','INFO','FAILED',7,'No telp tidak boleh kosong','data_user_test_NEW1_110723.xlsx',1,NULL,'2023-07-12 02:57:51'),(55,'Email','INFO','FAILED',8,'Email tidak boleh kosong','data_user_test_NEW1_110723.xlsx',1,NULL,'2023-07-12 02:57:51'),(56,'Status Personil','INFO','FAILED',9,'Status personil tidak boleh kosong','data_user_test_NEW1_110723.xlsx',1,NULL,'2023-07-12 02:57:51'),(57,'Job','INFO','FAILED',10,'Job tidak boleh kosong','data_user_test_NEW1_110723.xlsx',1,NULL,'2023-07-12 02:57:52'),(58,'Sub Job','INFO','FAILED',11,'Sub Job tidak boleh kosong','data_user_test_NEW1_110723.xlsx',1,NULL,'2023-07-12 02:57:52'),(59,'Network','INFO','FAILED',2,'Network tidak boleh kosong','data_user_test_NEW1_110723.xlsx',1,NULL,'2023-07-12 03:00:59'),(60,'Account','SUCCESS','UPDATE',2,'Akun peserta dengan email lyandinurannazmi@gmail.com sudah terdaftar, data telah diupdate','data_user_test_NEW1_110723.xlsx',1,NULL,'2023-07-12 03:02:26'),(61,'Account','SUCCESS','UPDATE',2,'Akun peserta dengan email jagoti.indonesia@gmail.com sudah terdaftar, data telah diupdate','data_user_test_NEW1_110723.xlsx',1,NULL,'2023-07-12 03:03:35'),(62,'Sub Job','INFO','FAILED',3,'Sub Job tidak boleh kosong','data_user_test_NEW1_110723.xlsx',1,NULL,'2023-07-12 03:03:35'),(63,'Account','SUCCESS','UPDATE',4,'Akun peserta dengan email lyandinurannazmi@gmail.com sudah terdaftar, data telah diupdate','data_user_test_NEW1_110723.xlsx',1,NULL,'2023-07-12 03:03:35'),(64,'Account','SUCCESS','UPDATE',2,'Akun peserta dengan email jagoti.indonesia@gmail.com sudah terdaftar, data telah diupdate','data_user_test_NEW1_110723.xlsx',1,NULL,'2023-07-12 03:03:54'),(65,'Account','SUCCESS','UPDATE',3,'Akun peserta dengan email hawainans1@gmail.com sudah terdaftar, data telah diupdate','data_user_test_NEW1_110723.xlsx',1,NULL,'2023-07-12 03:03:54'),(66,'NIK','INFO','FAILED',5,'NIK tidak boleh kosong','data_user_test_NEW1_110723.xlsx',1,NULL,'2023-07-12 03:03:54'),(67,'Account','SUCCESS','UPDATE',6,'Akun peserta dengan email lyandinurannazmi@gmail.com sudah terdaftar, data telah diupdate','data_user_test_NEW1_110723.xlsx',1,NULL,'2023-07-12 03:03:55'),(68,'Telp','INFO','FAILED',7,'No telp tidak boleh kosong','data_user_test_NEW1_110723.xlsx',1,NULL,'2023-07-12 03:03:55'),(69,'Email','INFO','FAILED',8,'Email tidak boleh kosong','data_user_test_NEW1_110723.xlsx',1,NULL,'2023-07-12 03:03:55'),(70,'Status Personil','INFO','FAILED',9,'Status personil tidak boleh kosong','data_user_test_NEW1_110723.xlsx',1,NULL,'2023-07-12 03:03:55'),(71,'Job','INFO','FAILED',10,'Job tidak boleh kosong','data_user_test_NEW1_110723.xlsx',1,NULL,'2023-07-12 03:03:55'),(72,'Sub Job','INFO','FAILED',11,'Sub Job tidak boleh kosong','data_user_test_NEW1_110723.xlsx',1,NULL,'2023-07-12 03:03:55'),(73,'Account','SUCCESS','UPDATE',12,'Akun peserta dengan email lyandinurannazmi@gmail.com sudah terdaftar, data telah diupdate','data_user_test_NEW1_110723.xlsx',1,NULL,'2023-07-12 03:03:55'),(74,'Network','INFO','FAILED',13,'Network tidak boleh kosong','data_user_test_NEW1_110723.xlsx',1,NULL,'2023-07-12 03:03:55'),(75,'Password','INFO','FAILED',14,'Password harus terdiri dari huruf, angka dan simbol!','data_user_test_NEW1_110723.xlsx',1,NULL,'2023-07-12 03:03:55'),(76,'Password','INFO','FAILED',15,'Password tidak boleh kosong','data_user_test_NEW1_110723.xlsx',1,NULL,'2023-07-12 03:03:55'),(77,'Password','INFO','FAILED',16,'Password harus terdiri dari huruf, angka dan simbol!','data_user_test_NEW1_110723.xlsx',1,NULL,'2023-07-12 03:03:55'),(78,'Password','INFO','FAILED',17,'Password harus terdiri dari huruf, angka dan simbol!','data_user_test_NEW1_110723.xlsx',1,NULL,'2023-07-12 03:03:55'),(79,'NIK','INFO','FAILED',18,'NIK harus terdiri dari 16 digit','data_user_test_NEW1_110723.xlsx',1,NULL,'2023-07-12 03:03:56'),(80,'Account','SUCCESS','UPDATE',2,'Akun peserta dengan email jagoti.indonesia@gmail.com sudah terdaftar, data telah diupdate','data_user_test_NEW1_110723.xlsx',1,NULL,'2023-07-12 03:26:48'),(81,'Account','SUCCESS','UPDATE',3,'Akun peserta dengan email hawainans1@gmail.com sudah terdaftar, data telah diupdate','data_user_test_NEW1_110723.xlsx',1,NULL,'2023-07-12 03:26:49'),(82,'NIK','INFO','FAILED',5,'NIK tidak boleh kosong','data_user_test_NEW1_110723.xlsx',1,NULL,'2023-07-12 03:26:49'),(83,'Account','SUCCESS','UPDATE',6,'Akun peserta dengan email lyandinurannazmi@gmail.com sudah terdaftar, data telah diupdate','data_user_test_NEW1_110723.xlsx',1,NULL,'2023-07-12 03:26:49'),(84,'Telp','INFO','FAILED',7,'No telp tidak boleh kosong','data_user_test_NEW1_110723.xlsx',1,NULL,'2023-07-12 03:26:49'),(85,'Email','INFO','FAILED',8,'Email tidak boleh kosong','data_user_test_NEW1_110723.xlsx',1,NULL,'2023-07-12 03:26:49'),(86,'Status Personil','INFO','FAILED',9,'Status personil tidak boleh kosong','data_user_test_NEW1_110723.xlsx',1,NULL,'2023-07-12 03:26:49'),(87,'Job','INFO','FAILED',10,'Job tidak boleh kosong','data_user_test_NEW1_110723.xlsx',1,NULL,'2023-07-12 03:26:49'),(88,'Sub Job','INFO','FAILED',11,'Sub Job tidak boleh kosong','data_user_test_NEW1_110723.xlsx',1,NULL,'2023-07-12 03:26:49'),(89,'Account','SUCCESS','UPDATE',12,'Akun peserta dengan email lyandinurannazmi@gmail.com sudah terdaftar, data telah diupdate','data_user_test_NEW1_110723.xlsx',1,NULL,'2023-07-12 03:26:49'),(90,'Network','INFO','FAILED',13,'Network tidak boleh kosong','data_user_test_NEW1_110723.xlsx',1,NULL,'2023-07-12 03:26:49'),(91,'Password','INFO','FAILED',14,'Password harus terdiri dari huruf, angka dan simbol!','data_user_test_NEW1_110723.xlsx',1,NULL,'2023-07-12 03:26:50'),(92,'Password','INFO','FAILED',15,'Password tidak boleh kosong','data_user_test_NEW1_110723.xlsx',1,NULL,'2023-07-12 03:26:50'),(93,'Password','INFO','FAILED',16,'Password harus terdiri dari huruf, angka dan simbol!','data_user_test_NEW1_110723.xlsx',1,NULL,'2023-07-12 03:26:50'),(94,'Password','INFO','FAILED',17,'Password harus terdiri dari huruf, angka dan simbol!','data_user_test_NEW1_110723.xlsx',1,NULL,'2023-07-12 03:26:50'),(95,'NIK','INFO','FAILED',18,'NIK harus terdiri dari 16 digit','data_user_test_NEW1_110723.xlsx',1,NULL,'2023-07-12 03:26:50'),(96,'Account','SUCCESS','UPDATE',2,'Akun peserta dengan email jagoti.indonesia@gmail.com sudah terdaftar, data telah diupdate','data_user_test_NEW1_110723.xlsx',1,NULL,'2023-07-12 03:31:05'),(97,'Account','SUCCESS','UPDATE',3,'Akun peserta dengan email hawainans1@gmail.com sudah terdaftar, data telah diupdate','data_user_test_NEW1_110723.xlsx',1,NULL,'2023-07-12 03:31:05'),(98,'NIK','INFO','FAILED',5,'NIK tidak boleh kosong','data_user_test_NEW1_110723.xlsx',1,NULL,'2023-07-12 03:31:05'),(99,'Account','SUCCESS','UPDATE',6,'Akun peserta dengan email lyandinurannazmi@gmail.com sudah terdaftar, data telah diupdate','data_user_test_NEW1_110723.xlsx',1,NULL,'2023-07-12 03:31:05'),(100,'Telp','INFO','FAILED',7,'No telp tidak boleh kosong','data_user_test_NEW1_110723.xlsx',1,NULL,'2023-07-12 03:31:05'),(101,'Email','INFO','FAILED',8,'Email tidak boleh kosong','data_user_test_NEW1_110723.xlsx',1,NULL,'2023-07-12 03:31:05'),(102,'Status Personil','INFO','FAILED',9,'Status personil tidak boleh kosong','data_user_test_NEW1_110723.xlsx',1,NULL,'2023-07-12 03:31:06'),(103,'Job','INFO','FAILED',10,'Job tidak boleh kosong','data_user_test_NEW1_110723.xlsx',1,NULL,'2023-07-12 03:31:06'),(104,'Sub Job','INFO','FAILED',11,'Sub Job tidak boleh kosong','data_user_test_NEW1_110723.xlsx',1,NULL,'2023-07-12 03:31:06'),(105,'Account','SUCCESS','UPDATE',12,'Akun peserta dengan email lyandinurannazmi@gmail.com sudah terdaftar, data telah diupdate','data_user_test_NEW1_110723.xlsx',1,NULL,'2023-07-12 03:31:06'),(106,'Network','INFO','FAILED',13,'Network tidak boleh kosong','data_user_test_NEW1_110723.xlsx',1,NULL,'2023-07-12 03:31:06'),(107,'Password','INFO','FAILED',14,'Password harus terdiri dari huruf, angka dan simbol!','data_user_test_NEW1_110723.xlsx',1,NULL,'2023-07-12 03:31:06'),(108,'Password','INFO','FAILED',15,'Password tidak boleh kosong','data_user_test_NEW1_110723.xlsx',1,NULL,'2023-07-12 03:31:06'),(109,'Password','INFO','FAILED',16,'Password harus terdiri dari huruf, angka dan simbol!','data_user_test_NEW1_110723.xlsx',1,NULL,'2023-07-12 03:31:06'),(110,'Password','INFO','FAILED',17,'Password harus terdiri dari huruf, angka dan simbol!','data_user_test_NEW1_110723.xlsx',1,NULL,'2023-07-12 03:31:06'),(111,'NIK','INFO','FAILED',18,'NIK harus terdiri dari 16 digit','data_user_test_NEW1_110723.xlsx',1,NULL,'2023-07-12 03:31:06'),(112,'Account','SUCCESS','UPDATE',2,'Akun peserta dengan email jagoti.indonesia@gmail.com sudah terdaftar, data telah diupdate','data_user_test_NEW1_110723.xlsx',1,NULL,'2023-07-12 06:23:47'),(113,'Account','SUCCESS','UPDATE',3,'Akun peserta dengan email hawainans1@gmail.com sudah terdaftar, data telah diupdate','data_user_test_NEW1_110723.xlsx',1,NULL,'2023-07-12 06:23:48'),(114,'NIK','INFO','FAILED',5,'NIK tidak boleh kosong','data_user_test_NEW1_110723.xlsx',1,NULL,'2023-07-12 06:23:48'),(115,'Account','SUCCESS','UPDATE',6,'Akun peserta dengan email lyandinurannazmi@gmail.com sudah terdaftar, data telah diupdate','data_user_test_NEW1_110723.xlsx',1,NULL,'2023-07-12 06:23:48'),(116,'Telp','INFO','FAILED',7,'No telp tidak boleh kosong','data_user_test_NEW1_110723.xlsx',1,NULL,'2023-07-12 06:23:48'),(117,'Email','INFO','FAILED',8,'Email tidak boleh kosong','data_user_test_NEW1_110723.xlsx',1,NULL,'2023-07-12 06:23:48'),(118,'Status Personil','INFO','FAILED',9,'Status personil tidak boleh kosong','data_user_test_NEW1_110723.xlsx',1,NULL,'2023-07-12 06:23:48'),(119,'Job','INFO','FAILED',10,'Job tidak boleh kosong','data_user_test_NEW1_110723.xlsx',1,NULL,'2023-07-12 06:23:48'),(120,'Sub Job','INFO','FAILED',11,'Sub Job tidak boleh kosong','data_user_test_NEW1_110723.xlsx',1,NULL,'2023-07-12 06:23:48'),(121,'Account','SUCCESS','UPDATE',12,'Akun peserta dengan email lyandinurannazmi@gmail.com sudah terdaftar, data telah diupdate','data_user_test_NEW1_110723.xlsx',1,NULL,'2023-07-12 06:23:49'),(122,'Network','INFO','FAILED',13,'Network tidak boleh kosong','data_user_test_NEW1_110723.xlsx',1,NULL,'2023-07-12 06:23:49'),(123,'Password','INFO','FAILED',14,'Password harus terdiri dari huruf, angka dan simbol!','data_user_test_NEW1_110723.xlsx',1,NULL,'2023-07-12 06:23:49'),(124,'Password','INFO','FAILED',15,'Password tidak boleh kosong','data_user_test_NEW1_110723.xlsx',1,NULL,'2023-07-12 06:23:49'),(125,'Password','INFO','FAILED',16,'Password harus terdiri dari huruf, angka dan simbol!','data_user_test_NEW1_110723.xlsx',1,NULL,'2023-07-12 06:23:49'),(126,'Password','INFO','FAILED',17,'Password harus terdiri dari huruf, angka dan simbol!','data_user_test_NEW1_110723.xlsx',1,NULL,'2023-07-12 06:23:49'),(127,'NIK','INFO','FAILED',18,'NIK harus terdiri dari 16 digit','data_user_test_NEW1_110723.xlsx',1,NULL,'2023-07-12 06:23:49'),(128,'Email','INFO','FAILED',2,'Email nurulanisa.fitriya@gmail.com  tidak valid!','data_user_test_new2_120723.xlsx',1,NULL,'2023-07-12 06:53:45'),(129,'Account','SUCCESS','INSERT',3,'Akun peserta dengan email dhealexandra09@gmail.com berhasil dibuat','data_user_test_new2_120723.xlsx',1,NULL,'2023-07-12 06:53:48'),(130,'NIK','INFO','FAILED',5,'NIK tidak boleh kosong','data_user_test_new2_120723.xlsx',1,NULL,'2023-07-12 06:53:48'),(131,'Email','INFO','FAILED',5,'Email nurulanisa.fitriya1@gmail.com  tidak valid!','data_user_test_new2_120723.xlsx',1,NULL,'2023-07-12 06:53:48'),(132,'Account','SUCCESS','INSERT',6,'Akun peserta dengan email dhealexandra091@gmail.com berhasil dibuat','data_user_test_new2_120723.xlsx',1,NULL,'2023-07-12 06:53:50'),(133,'Telp','INFO','FAILED',7,'No telp tidak boleh kosong','data_user_test_new2_120723.xlsx',1,NULL,'2023-07-12 06:53:50'),(134,'Email','INFO','FAILED',8,'Email tidak boleh kosong','data_user_test_new2_120723.xlsx',1,NULL,'2023-07-12 06:53:50'),(135,'Email','INFO','FAILED',9,'Email nurulanisa.fitriya2@gmail.com  tidak valid!','data_user_test_new2_120723.xlsx',1,NULL,'2023-07-12 06:53:50'),(136,'Status Personil','INFO','FAILED',9,'Status personil tidak boleh kosong','data_user_test_new2_120723.xlsx',1,NULL,'2023-07-12 06:53:50'),(137,'Job','INFO','FAILED',10,'Job tidak boleh kosong','data_user_test_new2_120723.xlsx',1,NULL,'2023-07-12 06:53:50'),(138,'Sub Job','INFO','FAILED',11,'Sub Job tidak boleh kosong','data_user_test_new2_120723.xlsx',1,NULL,'2023-07-12 06:53:50'),(139,'Email','INFO','FAILED',12,'Email nurulanisa.fitriya3@gmail.com  tidak valid!','data_user_test_new2_120723.xlsx',1,NULL,'2023-07-12 06:53:50'),(140,'Network','INFO','FAILED',13,'Network tidak boleh kosong','data_user_test_new2_120723.xlsx',1,NULL,'2023-07-12 06:53:50'),(141,'Password','INFO','FAILED',14,'Password harus terdiri dari huruf, angka dan simbol!','data_user_test_new2_120723.xlsx',1,NULL,'2023-07-12 06:53:50'),(142,'Email','INFO','FAILED',15,'Email nurulanisa.fitriya4@gmail.com  tidak valid!','data_user_test_new2_120723.xlsx',1,NULL,'2023-07-12 06:53:50'),(143,'Password','INFO','FAILED',15,'Password tidak boleh kosong','data_user_test_new2_120723.xlsx',1,NULL,'2023-07-12 06:53:50'),(144,'Password','INFO','FAILED',16,'Password harus terdiri dari huruf, angka dan simbol!','data_user_test_new2_120723.xlsx',1,NULL,'2023-07-12 06:53:50'),(145,'Password','INFO','FAILED',17,'Password harus terdiri dari huruf, angka dan simbol!','data_user_test_new2_120723.xlsx',1,NULL,'2023-07-12 06:53:50'),(146,'NIK','INFO','FAILED',18,'NIK harus terdiri dari 16 digit','data_user_test_new2_120723.xlsx',1,NULL,'2023-07-12 06:53:50'),(147,'Email','INFO','FAILED',2,'Email nurulanisa.fitriya@gmail.com  tidak valid!','data_user_test_new2_120723.xlsx',1,NULL,'2023-07-12 06:56:12'),(148,'Account','SUCCESS','UPDATE',3,'Akun peserta dengan email dhealexandra09@gmail.com sudah terdaftar, data telah diupdate','data_user_test_new2_120723.xlsx',1,NULL,'2023-07-12 06:56:12'),(149,'NIK','INFO','FAILED',5,'NIK tidak boleh kosong','data_user_test_new2_120723.xlsx',1,NULL,'2023-07-12 06:56:12'),(150,'Email','INFO','FAILED',5,'Email nurulanisa.fitriya1@gmail.com  tidak valid!','data_user_test_new2_120723.xlsx',1,NULL,'2023-07-12 06:56:12'),(151,'Account','SUCCESS','UPDATE',6,'Akun peserta dengan email dhealexandra091@gmail.com sudah terdaftar, data telah diupdate','data_user_test_new2_120723.xlsx',1,NULL,'2023-07-12 06:56:13'),(152,'Telp','INFO','FAILED',7,'No telp tidak boleh kosong','data_user_test_new2_120723.xlsx',1,NULL,'2023-07-12 06:56:13'),(153,'Email','INFO','FAILED',8,'Email tidak boleh kosong','data_user_test_new2_120723.xlsx',1,NULL,'2023-07-12 06:56:13'),(154,'Email','INFO','FAILED',9,'Email nurulanisa.fitriya2@gmail.com  tidak valid!','data_user_test_new2_120723.xlsx',1,NULL,'2023-07-12 06:56:13'),(155,'Status Personil','INFO','FAILED',9,'Status personil tidak boleh kosong','data_user_test_new2_120723.xlsx',1,NULL,'2023-07-12 06:56:13'),(156,'Job','INFO','FAILED',10,'Job tidak boleh kosong','data_user_test_new2_120723.xlsx',1,NULL,'2023-07-12 06:56:13'),(157,'Sub Job','INFO','FAILED',11,'Sub Job tidak boleh kosong','data_user_test_new2_120723.xlsx',1,NULL,'2023-07-12 06:56:13'),(158,'Email','INFO','FAILED',12,'Email nurulanisa.fitriya3@gmail.com  tidak valid!','data_user_test_new2_120723.xlsx',1,NULL,'2023-07-12 06:56:13'),(159,'Network','INFO','FAILED',13,'Network tidak boleh kosong','data_user_test_new2_120723.xlsx',1,NULL,'2023-07-12 06:56:13'),(160,'Password','INFO','FAILED',14,'Password harus terdiri dari huruf, angka dan simbol!','data_user_test_new2_120723.xlsx',1,NULL,'2023-07-12 06:56:13'),(161,'Email','INFO','FAILED',15,'Email nurulanisa.fitriya4@gmail.com  tidak valid!','data_user_test_new2_120723.xlsx',1,NULL,'2023-07-12 06:56:13'),(162,'Password','INFO','FAILED',15,'Password tidak boleh kosong','data_user_test_new2_120723.xlsx',1,NULL,'2023-07-12 06:56:13'),(163,'Password','INFO','FAILED',16,'Password harus terdiri dari huruf, angka dan simbol!','data_user_test_new2_120723.xlsx',1,NULL,'2023-07-12 06:56:13'),(164,'Password','INFO','FAILED',17,'Password harus terdiri dari huruf, angka dan simbol!','data_user_test_new2_120723.xlsx',1,NULL,'2023-07-12 06:56:13'),(165,'NIK','INFO','FAILED',18,'NIK harus terdiri dari 16 digit','data_user_test_new2_120723.xlsx',1,NULL,'2023-07-12 06:56:13'),(166,'Account','SUCCESS','UPDATE',2,'Akun peserta dengan email jagoti.indonesia@gmail.com sudah terdaftar, data telah diupdate','data_user_test_NEW1_110723.xlsx',1,NULL,'2023-07-12 07:17:41'),(167,'Account','SUCCESS','UPDATE',3,'Akun peserta dengan email hawainans1@gmail.com sudah terdaftar, data telah diupdate','data_user_test_NEW1_110723.xlsx',1,NULL,'2023-07-12 07:17:41'),(168,'NIK','INFO','FAILED',5,'NIK tidak boleh kosong','data_user_test_NEW1_110723.xlsx',1,NULL,'2023-07-12 07:17:41'),(169,'Account','SUCCESS','UPDATE',6,'Akun peserta dengan email lyandinurannazmi@gmail.com sudah terdaftar, data telah diupdate','data_user_test_NEW1_110723.xlsx',1,NULL,'2023-07-12 07:17:41'),(170,'Telp','INFO','FAILED',7,'No telp tidak boleh kosong','data_user_test_NEW1_110723.xlsx',1,NULL,'2023-07-12 07:17:41'),(171,'Email','INFO','FAILED',8,'Email tidak boleh kosong','data_user_test_NEW1_110723.xlsx',1,NULL,'2023-07-12 07:17:41'),(172,'Status Personil','INFO','FAILED',9,'Status personil tidak boleh kosong','data_user_test_NEW1_110723.xlsx',1,NULL,'2023-07-12 07:17:41'),(173,'Job','INFO','FAILED',10,'Job tidak boleh kosong','data_user_test_NEW1_110723.xlsx',1,NULL,'2023-07-12 07:17:43'),(174,'Sub Job','INFO','FAILED',11,'Sub Job tidak boleh kosong','data_user_test_NEW1_110723.xlsx',1,NULL,'2023-07-12 07:17:44'),(175,'Account','SUCCESS','UPDATE',12,'Akun peserta dengan email lyandinurannazmi@gmail.com sudah terdaftar, data telah diupdate','data_user_test_NEW1_110723.xlsx',1,NULL,'2023-07-12 07:17:44'),(176,'Network','INFO','FAILED',13,'Network tidak boleh kosong','data_user_test_NEW1_110723.xlsx',1,NULL,'2023-07-12 07:17:44'),(177,'Password','INFO','FAILED',14,'Password harus terdiri dari huruf, angka dan simbol!','data_user_test_NEW1_110723.xlsx',1,NULL,'2023-07-12 07:17:44'),(178,'Password','INFO','FAILED',15,'Password tidak boleh kosong','data_user_test_NEW1_110723.xlsx',1,NULL,'2023-07-12 07:17:44'),(179,'Password','INFO','FAILED',16,'Password harus terdiri dari huruf, angka dan simbol!','data_user_test_NEW1_110723.xlsx',1,NULL,'2023-07-12 07:17:44'),(180,'Password','INFO','FAILED',17,'Password harus terdiri dari huruf, angka dan simbol!','data_user_test_NEW1_110723.xlsx',1,NULL,'2023-07-12 07:17:44'),(181,'NIK','INFO','FAILED',18,'NIK harus terdiri dari 16 digit','data_user_test_NEW1_110723.xlsx',1,NULL,'2023-07-12 07:17:44'),(182,'Email','INFO','FAILED',2,'Email nurulanisa.fitriya@gmail.com  tidak valid!','data_user_test_new2_120723.xlsx',NULL,1,'2023-07-12 10:39:15'),(183,'Account','SUCCESS','UPDATE',3,'Akun peserta dengan email dhealexandra09@gmail.com sudah terdaftar, data telah diupdate','data_user_test_new2_120723.xlsx',NULL,1,'2023-07-12 10:39:15'),(184,'NIK','INFO','FAILED',5,'NIK tidak boleh kosong','data_user_test_new2_120723.xlsx',NULL,1,'2023-07-12 10:39:15'),(185,'Email','INFO','FAILED',5,'Email nurulanisa.fitriya1@gmail.com  tidak valid!','data_user_test_new2_120723.xlsx',NULL,1,'2023-07-12 10:39:15'),(186,'Account','SUCCESS','UPDATE',6,'Akun peserta dengan email dhealexandra091@gmail.com sudah terdaftar, data telah diupdate','data_user_test_new2_120723.xlsx',NULL,1,'2023-07-12 10:39:16'),(187,'Telp','INFO','FAILED',7,'No telp tidak boleh kosong','data_user_test_new2_120723.xlsx',NULL,1,'2023-07-12 10:39:16'),(188,'Email','INFO','FAILED',8,'Email tidak boleh kosong','data_user_test_new2_120723.xlsx',NULL,1,'2023-07-12 10:39:16'),(189,'Email','INFO','FAILED',9,'Email nurulanisa.fitriya2@gmail.com  tidak valid!','data_user_test_new2_120723.xlsx',NULL,1,'2023-07-12 10:39:16'),(190,'Status Personil','INFO','FAILED',9,'Status personil tidak boleh kosong','data_user_test_new2_120723.xlsx',NULL,1,'2023-07-12 10:39:16'),(191,'Job','INFO','FAILED',10,'Job tidak boleh kosong','data_user_test_new2_120723.xlsx',NULL,1,'2023-07-12 10:39:16'),(192,'Sub Job','INFO','FAILED',11,'Sub Job tidak boleh kosong','data_user_test_new2_120723.xlsx',NULL,1,'2023-07-12 10:39:16'),(193,'Email','INFO','FAILED',12,'Email nurulanisa.fitriya3@gmail.com  tidak valid!','data_user_test_new2_120723.xlsx',NULL,1,'2023-07-12 10:39:16'),(194,'Network','INFO','FAILED',13,'Network tidak boleh kosong','data_user_test_new2_120723.xlsx',NULL,1,'2023-07-12 10:39:16'),(195,'Password','INFO','FAILED',14,'Password harus terdiri dari huruf, angka dan simbol!','data_user_test_new2_120723.xlsx',NULL,1,'2023-07-12 10:39:16'),(196,'Email','INFO','FAILED',15,'Email nurulanisa.fitriya4@gmail.com  tidak valid!','data_user_test_new2_120723.xlsx',NULL,1,'2023-07-12 10:39:16'),(197,'Password','INFO','FAILED',15,'Password tidak boleh kosong','data_user_test_new2_120723.xlsx',NULL,1,'2023-07-12 10:39:16'),(198,'Password','INFO','FAILED',16,'Password harus terdiri dari huruf, angka dan simbol!','data_user_test_new2_120723.xlsx',NULL,1,'2023-07-12 10:39:16'),(199,'Password','INFO','FAILED',17,'Password harus terdiri dari huruf, angka dan simbol!','data_user_test_new2_120723.xlsx',NULL,1,'2023-07-12 10:39:16'),(200,'NIK','INFO','FAILED',18,'NIK harus terdiri dari 16 digit','data_user_test_new2_120723.xlsx',NULL,1,'2023-07-12 10:39:16'),(201,'Email','INFO','FAILED',2,'Email nurulanisa.fitriya@gmail.com  tidak valid!','data_user_test_new2_120723.xlsx',NULL,1,'2023-07-12 10:42:07'),(202,'Account','SUCCESS','UPDATE',3,'Akun peserta dengan email dhealexandra09@gmail.com sudah terdaftar, data telah diupdate','data_user_test_new2_120723.xlsx',NULL,1,'2023-07-12 10:42:07'),(203,'NIK','INFO','FAILED',5,'NIK tidak boleh kosong','data_user_test_new2_120723.xlsx',NULL,1,'2023-07-12 10:42:07'),(204,'Email','INFO','FAILED',5,'Email nurulanisa.fitriya1@gmail.com  tidak valid!','data_user_test_new2_120723.xlsx',NULL,1,'2023-07-12 10:42:07'),(205,'Account','SUCCESS','UPDATE',6,'Akun peserta dengan email dhealexandra091@gmail.com sudah terdaftar, data telah diupdate','data_user_test_new2_120723.xlsx',NULL,1,'2023-07-12 10:42:07'),(206,'Telp','INFO','FAILED',7,'No telp tidak boleh kosong','data_user_test_new2_120723.xlsx',NULL,1,'2023-07-12 10:42:07'),(207,'Email','INFO','FAILED',8,'Email tidak boleh kosong','data_user_test_new2_120723.xlsx',NULL,1,'2023-07-12 10:42:08'),(208,'Email','INFO','FAILED',9,'Email nurulanisa.fitriya2@gmail.com  tidak valid!','data_user_test_new2_120723.xlsx',NULL,1,'2023-07-12 10:42:08'),(209,'Status Personil','INFO','FAILED',9,'Status personil tidak boleh kosong','data_user_test_new2_120723.xlsx',NULL,1,'2023-07-12 10:42:08'),(210,'Job','INFO','FAILED',10,'Job tidak boleh kosong','data_user_test_new2_120723.xlsx',NULL,1,'2023-07-12 10:42:08'),(211,'Sub Job','INFO','FAILED',11,'Sub Job tidak boleh kosong','data_user_test_new2_120723.xlsx',NULL,1,'2023-07-12 10:42:08'),(212,'Email','INFO','FAILED',12,'Email nurulanisa.fitriya3@gmail.com  tidak valid!','data_user_test_new2_120723.xlsx',NULL,1,'2023-07-12 10:42:08'),(213,'Network','INFO','FAILED',13,'Network tidak boleh kosong','data_user_test_new2_120723.xlsx',NULL,1,'2023-07-12 10:42:08'),(214,'Password','INFO','FAILED',14,'Password harus terdiri dari huruf, angka dan simbol!','data_user_test_new2_120723.xlsx',NULL,1,'2023-07-12 10:42:08'),(215,'Email','INFO','FAILED',15,'Email nurulanisa.fitriya4@gmail.com  tidak valid!','data_user_test_new2_120723.xlsx',NULL,1,'2023-07-12 10:42:08'),(216,'Password','INFO','FAILED',15,'Password tidak boleh kosong','data_user_test_new2_120723.xlsx',NULL,1,'2023-07-12 10:42:08'),(217,'Password','INFO','FAILED',16,'Password harus terdiri dari huruf, angka dan simbol!','data_user_test_new2_120723.xlsx',NULL,1,'2023-07-12 10:42:08'),(218,'Password','INFO','FAILED',17,'Password harus terdiri dari huruf, angka dan simbol!','data_user_test_new2_120723.xlsx',NULL,1,'2023-07-12 10:42:08'),(219,'NIK','INFO','FAILED',18,'NIK harus terdiri dari 16 digit','data_user_test_new2_120723.xlsx',NULL,1,'2023-07-12 10:42:08'),(220,'LOB','INFO','FAILED',2,'Kode lob BK tidak valid!','Copy of data_user (1)(1).xlsx',NULL,1,'2023-07-13 03:40:28'),(221,'Account','SUCCESS','INSERT',3,'Akun peserta dengan email dewiprwt6@gmail.com berhasil dibuat','Copy of data_user (1)(1).xlsx',NULL,1,'2023-07-13 03:41:50'),(222,'NIK','INFO','FAILED',4,'NIK harus terdiri dari 16 digit','Copy of data_user (1)(1).xlsx',NULL,1,'2023-07-13 03:41:52'),(223,'Job','INFO','FAILED',5,'Kode job peserta - tidak valid!','Copy of data_user (1)(1).xlsx',NULL,1,'2023-07-13 03:41:53'),(224,'Sub Job','INFO','FAILED',5,'Kode sub job peserta - tidak valid!','Copy of data_user (1)(1).xlsx',NULL,1,'2023-07-13 03:41:53'),(225,'Client','INFO','FAILED',5,'Kode client - tidak valid!','Copy of data_user (1)(1).xlsx',NULL,1,'2023-07-13 03:41:53'),(226,'Network','INFO','FAILED',5,'Kode network - tidak valid!','Copy of data_user (1)(1).xlsx',NULL,1,'2023-07-13 03:41:53'),(227,'LOB','INFO','FAILED',5,'Kode lob - tidak valid!','Copy of data_user (1)(1).xlsx',NULL,1,'2023-07-13 03:41:53'),(228,'LOB','INFO','FAILED',2,'Kode lob BK tidak valid!','Copy of data_user (1)(1).xlsx',NULL,1,'2023-07-13 04:29:23'),(229,'Account','SUCCESS','UPDATE',3,'Akun peserta dengan email dewiprwt6@gmail.com sudah terdaftar, data telah diupdate','Copy of data_user (1)(1).xlsx',NULL,1,'2023-07-13 04:29:27'),(230,'NIK','INFO','FAILED',4,'NIK harus terdiri dari 16 digit','Copy of data_user (1)(1).xlsx',NULL,1,'2023-07-13 04:29:27'),(231,'Job','INFO','FAILED',5,'Kode job peserta - tidak valid!','Copy of data_user (1)(1).xlsx',NULL,1,'2023-07-13 04:29:27'),(232,'Sub Job','INFO','FAILED',5,'Kode sub job peserta - tidak valid!','Copy of data_user (1)(1).xlsx',NULL,1,'2023-07-13 04:29:27'),(233,'Client','INFO','FAILED',5,'Kode client - tidak valid!','Copy of data_user (1)(1).xlsx',NULL,1,'2023-07-13 04:29:27'),(234,'Network','INFO','FAILED',5,'Kode network - tidak valid!','Copy of data_user (1)(1).xlsx',NULL,1,'2023-07-13 04:29:27'),(235,'LOB','INFO','FAILED',5,'Kode lob - tidak valid!','Copy of data_user (1)(1).xlsx',NULL,1,'2023-07-13 04:29:27'),(236,'LOB','INFO','FAILED',2,'Kode lob BK tidak valid!','Copy of data_user (1)(1).xlsx',NULL,1,'2023-07-13 06:07:06'),(237,'Account','SUCCESS','INSERT',3,'Akun peserta dengan email dewiprwt6@gmail.com berhasil dibuat','Copy of data_user (1)(1).xlsx',NULL,1,'2023-07-13 06:07:09'),(238,'NIK','INFO','FAILED',4,'NIK harus terdiri dari 16 digit','Copy of data_user (1)(1).xlsx',NULL,1,'2023-07-13 06:07:09'),(239,'Job','INFO','FAILED',5,'Kode job peserta - tidak valid!','Copy of data_user (1)(1).xlsx',NULL,1,'2023-07-13 06:07:09'),(240,'Sub Job','INFO','FAILED',5,'Kode sub job peserta - tidak valid!','Copy of data_user (1)(1).xlsx',NULL,1,'2023-07-13 06:07:09'),(241,'Client','INFO','FAILED',5,'Kode client - tidak valid!','Copy of data_user (1)(1).xlsx',NULL,1,'2023-07-13 06:07:09'),(242,'Network','INFO','FAILED',5,'Kode network - tidak valid!','Copy of data_user (1)(1).xlsx',NULL,1,'2023-07-13 06:07:09'),(243,'LOB','INFO','FAILED',5,'Kode lob - tidak valid!','Copy of data_user (1)(1).xlsx',NULL,1,'2023-07-13 06:07:09'),(244,'LOB','INFO','FAILED',2,'Kode lob Jagoti01_ tidak valid!','data_user_(1).xlsx',NULL,1,'2023-07-14 07:19:03'),(245,'Password','INFO','FAILED',2,'Password tidak boleh kosong','data_user_(1).xlsx',NULL,1,'2023-07-14 07:19:03'),(246,'Status Personil','INFO','FAILED',3,'Kode status peserta SP05 tidak valid!','data_user_(1).xlsx',NULL,1,'2023-07-14 07:19:04'),(247,'LOB','INFO','FAILED',3,'Kode lob Jagoti01_ tidak valid!','data_user_(1).xlsx',NULL,1,'2023-07-14 07:19:04'),(248,'Password','INFO','FAILED',3,'Password tidak boleh kosong','data_user_(1).xlsx',NULL,1,'2023-07-14 07:19:04'),(249,'Status Personil','INFO','FAILED',4,'Kode status peserta SP06 tidak valid!','data_user_(1).xlsx',NULL,1,'2023-07-14 07:19:04'),(250,'Job','INFO','FAILED',4,'Kode job peserta PJB0005 tidak valid!','data_user_(1).xlsx',NULL,1,'2023-07-14 07:19:04'),(251,'Sub Job','INFO','FAILED',4,'Kode sub job peserta JB4189 tidak valid!','data_user_(1).xlsx',NULL,1,'2023-07-14 07:19:04'),(252,'Client','INFO','FAILED',4,'Kode client CST535 tidak valid!','data_user_(1).xlsx',NULL,1,'2023-07-14 07:19:04'),(253,'LOB','INFO','FAILED',4,'Kode lob Jagoti01_ tidak valid!','data_user_(1).xlsx',NULL,1,'2023-07-14 07:19:04'),(254,'Password','INFO','FAILED',4,'Password tidak boleh kosong','data_user_(1).xlsx',NULL,1,'2023-07-14 07:19:04'),(255,'LOB','INFO','FAILED',2,'Kode lob BK tidak valid!','Copy of data_user (1)(1).xlsx',NULL,1,'2023-07-14 09:06:17'),(256,'Account','SUCCESS','UPDATE',3,'Akun peserta dengan email dewiprwt6@gmail.com sudah terdaftar, data telah diupdate','Copy of data_user (1)(1).xlsx',NULL,1,'2023-07-14 09:06:17'),(257,'NIK','INFO','FAILED',4,'NIK harus terdiri dari 16 digit','Copy of data_user (1)(1).xlsx',NULL,1,'2023-07-14 09:06:17'),(258,'Job','INFO','FAILED',5,'Kode job peserta - tidak valid!','Copy of data_user (1)(1).xlsx',NULL,1,'2023-07-14 09:06:17'),(259,'Sub Job','INFO','FAILED',5,'Kode sub job peserta - tidak valid!','Copy of data_user (1)(1).xlsx',NULL,1,'2023-07-14 09:06:17'),(260,'Client','INFO','FAILED',5,'Kode client - tidak valid!','Copy of data_user (1)(1).xlsx',NULL,1,'2023-07-14 09:06:17'),(261,'Network','INFO','FAILED',5,'Kode network - tidak valid!','Copy of data_user (1)(1).xlsx',NULL,1,'2023-07-14 09:06:17'),(262,'LOB','INFO','FAILED',5,'Kode lob - tidak valid!','Copy of data_user (1)(1).xlsx',NULL,1,'2023-07-14 09:06:17'),(263,'LOB','INFO','FAILED',2,'Kode lob BK tidak valid!','Copy of data_user (1)(1).xlsx',NULL,1,'2023-07-21 07:33:48'),(264,'Account','SUCCESS','INSERT',3,'Akun peserta dengan email dewiprwt6@gmail.com berhasil dibuat','Copy of data_user (1)(1).xlsx',NULL,1,'2023-07-21 07:33:51'),(265,'NIK','INFO','FAILED',4,'NIK harus terdiri dari 16 digit','Copy of data_user (1)(1).xlsx',NULL,1,'2023-07-21 07:33:51'),(266,'Job','INFO','FAILED',5,'Kode job peserta - tidak valid!','Copy of data_user (1)(1).xlsx',NULL,1,'2023-07-21 07:33:51'),(267,'Sub Job','INFO','FAILED',5,'Kode sub job peserta - tidak valid!','Copy of data_user (1)(1).xlsx',NULL,1,'2023-07-21 07:33:51'),(268,'Client','INFO','FAILED',5,'Kode client - tidak valid!','Copy of data_user (1)(1).xlsx',NULL,1,'2023-07-21 07:33:51'),(269,'Network','INFO','FAILED',5,'Kode network - tidak valid!','Copy of data_user (1)(1).xlsx',NULL,1,'2023-07-21 07:33:51'),(270,'LOB','INFO','FAILED',5,'Kode lob - tidak valid!','Copy of data_user (1)(1).xlsx',NULL,1,'2023-07-21 07:33:51'),(271,'LOB','INFO','FAILED',2,'Kode lob BK tidak valid!','Copy of data_user (1)(1).xlsx',NULL,93,'2023-07-21 07:41:49'),(272,'Account','SUCCESS','INSERT',3,'Akun peserta dengan email dewiprwt6@gmail.com berhasil dibuat','Copy of data_user (1)(1).xlsx',NULL,93,'2023-07-21 07:41:52'),(273,'NIK','INFO','FAILED',4,'NIK harus terdiri dari 16 digit','Copy of data_user (1)(1).xlsx',NULL,93,'2023-07-21 07:41:54'),(274,'Job','INFO','FAILED',5,'Kode job peserta - tidak valid!','Copy of data_user (1)(1).xlsx',NULL,93,'2023-07-21 07:41:54'),(275,'Sub Job','INFO','FAILED',5,'Kode sub job peserta - tidak valid!','Copy of data_user (1)(1).xlsx',NULL,93,'2023-07-21 07:41:54'),(276,'Client','INFO','FAILED',5,'Kode client - tidak valid!','Copy of data_user (1)(1).xlsx',NULL,93,'2023-07-21 07:41:54'),(277,'Network','INFO','FAILED',5,'Kode network - tidak valid!','Copy of data_user (1)(1).xlsx',NULL,93,'2023-07-21 07:41:54'),(278,'LOB','INFO','FAILED',5,'Kode lob - tidak valid!','Copy of data_user (1)(1).xlsx',NULL,93,'2023-07-21 07:41:54'),(279,'LOB','INFO','FAILED',2,'Kode lob BK tidak valid!','data_user (2).xlsx',NULL,1,'2023-07-25 02:48:10'),(280,'NIK','INFO','FAILED',3,'NIK harus terdiri dari 16 digit','data_user (2).xlsx',NULL,1,'2023-07-25 02:48:10'),(281,'Telp','INFO','FAILED',4,'No telp tidak boleh kosong','data_user (2).xlsx',NULL,1,'2023-07-25 02:48:10'),(282,'Status Personil','INFO','FAILED',5,'Status personil tidak boleh kosong','data_user (2).xlsx',NULL,1,'2023-07-25 02:48:10'),(283,'Job','INFO','FAILED',5,'Job tidak boleh kosong','data_user (2).xlsx',NULL,1,'2023-07-25 02:48:10'),(284,'Sub Job','INFO','FAILED',5,'Sub Job tidak boleh kosong','data_user (2).xlsx',NULL,1,'2023-07-25 02:48:10'),(285,'Network','INFO','FAILED',5,'Network tidak boleh kosong','data_user (2).xlsx',NULL,1,'2023-07-25 02:48:10'),(286,'Email','INFO','FAILED',6,'Email tidak boleh kosong','data_user (2).xlsx',NULL,1,'2023-07-25 02:48:10'),(287,'Account','SUCCESS','INSERT',2,'Akun peserta dengan email faizabdullah23@gmail.com berhasil dibuat','data_user (2).xlsx',NULL,1,'2023-07-25 02:50:39'),(288,'NIK','INFO','FAILED',3,'NIK harus terdiri dari 16 digit','data_user (2).xlsx',NULL,1,'2023-07-25 02:50:39'),(289,'Telp','INFO','FAILED',4,'No telp tidak boleh kosong','data_user (2).xlsx',NULL,1,'2023-07-25 02:50:39'),(290,'Status Personil','INFO','FAILED',5,'Status personil tidak boleh kosong','data_user (2).xlsx',NULL,1,'2023-07-25 02:50:39'),(291,'Job','INFO','FAILED',5,'Job tidak boleh kosong','data_user (2).xlsx',NULL,1,'2023-07-25 02:50:39'),(292,'Sub Job','INFO','FAILED',5,'Sub Job tidak boleh kosong','data_user (2).xlsx',NULL,1,'2023-07-25 02:50:39'),(293,'Network','INFO','FAILED',5,'Network tidak boleh kosong','data_user (2).xlsx',NULL,1,'2023-07-25 02:50:39'),(294,'Email','INFO','FAILED',6,'Email tidak boleh kosong','data_user (2).xlsx',NULL,1,'2023-07-25 02:50:39'),(295,'Account','SUCCESS','INSERT',2,'Akun peserta dengan email faizabdullah2303@gmail.com berhasil dibuat','data_user (2).xlsx',NULL,1,'2023-07-25 02:56:30'),(296,'Account','SUCCESS','INSERT',3,'Akun peserta dengan email fahmialfarobbi@gmail.com berhasil dibuat','data_user (2).xlsx',NULL,1,'2023-07-25 02:56:32'),(297,'Telp','INFO','FAILED',4,'No telp tidak boleh kosong','data_user (2).xlsx',NULL,1,'2023-07-25 02:56:32'),(298,'Status Personil','INFO','FAILED',5,'Status personil tidak boleh kosong','data_user (2).xlsx',NULL,1,'2023-07-25 02:56:32'),(299,'Job','INFO','FAILED',5,'Job tidak boleh kosong','data_user (2).xlsx',NULL,1,'2023-07-25 02:56:32'),(300,'Sub Job','INFO','FAILED',5,'Sub Job tidak boleh kosong','data_user (2).xlsx',NULL,1,'2023-07-25 02:56:32'),(301,'Network','INFO','FAILED',5,'Network tidak boleh kosong','data_user (2).xlsx',NULL,1,'2023-07-25 02:56:32'),(302,'Email','INFO','FAILED',6,'Email tidak boleh kosong','data_user (2).xlsx',NULL,1,'2023-07-25 02:56:32'),(303,'Account','SUCCESS','UPDATE',2,'Akun peserta dengan email faizabdullah2303@gmail.com sudah terdaftar, data telah diupdate','data_user (2).xlsx',NULL,1,'2023-07-25 03:06:29'),(304,'Account','SUCCESS','UPDATE',3,'Akun peserta dengan email fahmialfarobbi@gmail.com sudah terdaftar, data telah diupdate','data_user (2).xlsx',NULL,1,'2023-07-25 03:06:30'),(305,'Account','SUCCESS','INSERT',4,'Akun peserta dengan email paoelaceng@gmail.com berhasil dibuat','data_user (2).xlsx',NULL,1,'2023-07-25 03:06:33'),(306,'Account','SUCCESS','INSERT',5,'Akun peserta dengan email faiz.abdullah@pkp.co.id berhasil dibuat','data_user (2).xlsx',NULL,1,'2023-07-25 03:06:54'),(307,'Email','INFO','FAILED',6,'Email tidak boleh kosong','data_user (2).xlsx',NULL,1,'2023-07-25 03:07:00'),(308,'Account','SUCCESS','UPDATE',2,'Akun peserta dengan email faizabdullah2303@gmail.com sudah terdaftar, data telah diupdate','data_user (2).xlsx',NULL,1,'2023-07-25 04:22:10'),(309,'Account','SUCCESS','UPDATE',3,'Akun peserta dengan email fahmialfarobbi@gmail.com sudah terdaftar, data telah diupdate','data_user (2).xlsx',NULL,1,'2023-07-25 04:22:11'),(310,'Account','SUCCESS','UPDATE',4,'Akun peserta dengan email paoelaceng@gmail.com sudah terdaftar, data telah diupdate','data_user (2).xlsx',NULL,1,'2023-07-25 04:22:11'),(311,'Account','SUCCESS','UPDATE',5,'Akun peserta dengan email faiz.abdullah@pkp.co.id sudah terdaftar, data telah diupdate','data_user (2).xlsx',NULL,1,'2023-07-25 04:22:11'),(312,'Email','INFO','FAILED',6,'Email tidak boleh kosong','data_user (2).xlsx',NULL,1,'2023-07-25 04:22:11'),(313,'LOB','INFO','FAILED',2,'Kode lob BK tidak valid!','Copy of data_user (1)(1).xlsx',NULL,1,'2023-07-27 07:07:46'),(314,'Account','SUCCESS','INSERT',3,'Akun peserta dengan email dewiprwt10@gmail.com berhasil dibuat','Copy of data_user (1)(1).xlsx',NULL,1,'2023-07-27 07:07:49'),(315,'NIK','INFO','FAILED',4,'NIK harus terdiri dari 16 digit','Copy of data_user (1)(1).xlsx',NULL,1,'2023-07-27 07:07:49'),(316,'Job','INFO','FAILED',5,'Kode job peserta - tidak valid!','Copy of data_user (1)(1).xlsx',NULL,1,'2023-07-27 07:07:49'),(317,'Sub Job','INFO','FAILED',5,'Kode sub job peserta - tidak valid!','Copy of data_user (1)(1).xlsx',NULL,1,'2023-07-27 07:07:49'),(318,'Client','INFO','FAILED',5,'Kode client - tidak valid!','Copy of data_user (1)(1).xlsx',NULL,1,'2023-07-27 07:07:49'),(319,'Network','INFO','FAILED',5,'Kode network - tidak valid!','Copy of data_user (1)(1).xlsx',NULL,1,'2023-07-27 07:07:49'),(320,'LOB','INFO','FAILED',5,'Kode lob - tidak valid!','Copy of data_user (1)(1).xlsx',NULL,1,'2023-07-27 07:07:49'),(321,'LOB','INFO','FAILED',2,'Kode lob BK tidak valid!','data_user 270723.xlsx',NULL,1,'2023-07-27 08:52:32'),(322,'Account','SUCCESS','INSERT',3,'Akun peserta dengan email hendrich@gmail.com berhasil dibuat','data_user 270723.xlsx',NULL,1,'2023-07-27 08:52:35'),(323,'NIK','INFO','FAILED',4,'NIK harus terdiri dari 16 digit','data_user 270723.xlsx',NULL,1,'2023-07-27 08:52:35'),(324,'Job','INFO','FAILED',5,'Kode job peserta - tidak valid!','data_user 270723.xlsx',NULL,1,'2023-07-27 08:52:35'),(325,'Sub Job','INFO','FAILED',5,'Kode sub job peserta - tidak valid!','data_user 270723.xlsx',NULL,1,'2023-07-27 08:52:35'),(326,'Client','INFO','FAILED',5,'Kode client - tidak valid!','data_user 270723.xlsx',NULL,1,'2023-07-27 08:52:35'),(327,'Network','INFO','FAILED',5,'Kode network - tidak valid!','data_user 270723.xlsx',NULL,1,'2023-07-27 08:52:35'),(328,'LOB','INFO','FAILED',5,'Kode lob - tidak valid!','data_user 270723.xlsx',NULL,1,'2023-07-27 08:52:35'),(329,'NIK','INFO','FAILED',6,'NIK harus terdiri dari 16 digit','data_user 270723.xlsx',NULL,1,'2023-07-27 08:52:35'),(330,'NIK','INFO','FAILED',2,'NIK harus terdiri dari 16 digit','data_user 270723.xlsx',NULL,1,'2023-07-27 08:57:02'),(331,'NIK','INFO','FAILED',2,'NIK harus terdiri dari 16 digit','data_user 270723.xlsx',NULL,1,'2023-07-27 09:00:52'),(332,'LOB','INFO','FAILED',2,'Kode lob BK tidak valid!','Copy of data_user (1)(1).xlsx',NULL,1,'2023-07-28 08:21:49'),(333,'Account','SUCCESS','INSERT',3,'Akun peserta dengan email dewiprwt10@gmail.com berhasil dibuat','Copy of data_user (1)(1).xlsx',NULL,1,'2023-07-28 08:21:52'),(334,'NIK','INFO','FAILED',4,'NIK harus terdiri dari 16 digit','Copy of data_user (1)(1).xlsx',NULL,1,'2023-07-28 08:21:52'),(335,'Job','INFO','FAILED',5,'Kode job peserta - tidak valid!','Copy of data_user (1)(1).xlsx',NULL,1,'2023-07-28 08:21:52'),(336,'Sub Job','INFO','FAILED',5,'Kode sub job peserta - tidak valid!','Copy of data_user (1)(1).xlsx',NULL,1,'2023-07-28 08:21:52'),(337,'Client','INFO','FAILED',5,'Kode client - tidak valid!','Copy of data_user (1)(1).xlsx',NULL,1,'2023-07-28 08:21:52'),(338,'Network','INFO','FAILED',5,'Kode network - tidak valid!','Copy of data_user (1)(1).xlsx',NULL,1,'2023-07-28 08:21:52'),(339,'LOB','INFO','FAILED',5,'Kode lob - tidak valid!','Copy of data_user (1)(1).xlsx',NULL,1,'2023-07-28 08:21:52'),(340,'Job','INFO','FAILED',2,'Kode job peserta PJB0003 tidak valid!','data_user (1).xlsx',NULL,1,'2023-07-31 02:34:19'),(341,'LOB','INFO','FAILED',2,'Kode lob BK tidak valid!','data_user (1).xlsx',NULL,1,'2023-07-31 02:34:19'),(342,'LOB','INFO','FAILED',2,'Kode lob BK tidak valid!','data_user (1).xlsx',NULL,1,'2023-07-31 02:38:47'),(343,'Account','SUCCESS','INSERT',2,'Akun peserta dengan email lyandinurannazmi.ciptadra@gmail.com berhasil dibuat','data_user (1).xlsx',NULL,1,'2023-07-31 02:39:45'),(344,'Account','SUCCESS','INSERT',2,'Akun peserta dengan email lyandinurannazmir.ciptadra@gmail.com berhasil dibuat','data_user (1).xlsx',NULL,1,'2023-07-31 02:41:22'),(345,'Account','SUCCESS','INSERT',2,'Akun peserta dengan email alannas160187@gmail.com berhasil dibuat','data_user (4).xlsx',NULL,113,'2023-08-07 03:09:41'),(346,'Account','SUCCESS','INSERT',3,'Akun peserta dengan email abdullzgaming23@gmail.com berhasil dibuat','data_user (4).xlsx',NULL,113,'2023-08-07 03:09:43'),(347,'Account','SUCCESS','INSERT',4,'Akun peserta dengan email ary.kantor@gmail.com berhasil dibuat','data_user (4).xlsx',NULL,113,'2023-08-07 03:09:45'),(348,'Client','INFO','FAILED',5,'Kode client CST62 tidak valid!','data_user (4).xlsx',NULL,113,'2023-08-07 03:09:45'),(349,'Account','ERROR','FAILED',2,'Data peserta dengan email alannas160187@gmail.com corrupt, data kontak tidak ditemukan!','data_user (4).xlsx',NULL,113,'2023-08-07 03:28:57'),(350,'Account','ERROR','FAILED',3,'Data peserta dengan email abdullzgaming23@gmail.com corrupt, data kontak tidak ditemukan!','data_user (4).xlsx',NULL,113,'2023-08-07 03:28:57'),(351,'Account','ERROR','FAILED',4,'Data peserta dengan email ary.kantor@gmail.com corrupt, data kontak tidak ditemukan!','data_user (4).xlsx',NULL,113,'2023-08-07 03:28:57'),(352,'Client','INFO','FAILED',5,'Kode client CST62 tidak valid!','data_user (4).xlsx',NULL,113,'2023-08-07 03:28:57'),(353,'Account','ERROR','FAILED',2,'Data peserta dengan email alannas160187@gmail.com corrupt, data kontak tidak ditemukan!','data_user (4).xlsx',NULL,113,'2023-08-07 03:32:19'),(354,'Account','ERROR','FAILED',3,'Data peserta dengan email abdullzgaming23@gmail.com corrupt, data kontak tidak ditemukan!','data_user (4).xlsx',NULL,113,'2023-08-07 03:32:20'),(355,'Account','ERROR','FAILED',4,'Data peserta dengan email ary.kantor@gmail.com corrupt, data kontak tidak ditemukan!','data_user (4).xlsx',NULL,113,'2023-08-07 03:32:20'),(356,'Client','INFO','FAILED',5,'Kode client CST62 tidak valid!','data_user (4).xlsx',NULL,113,'2023-08-07 03:32:20'),(357,'Account','SUCCESS','INSERT',2,'Akun peserta dengan email alannas160187@gmail.com berhasil dibuat','data_user (4).xlsx',NULL,113,'2023-08-07 03:38:58'),(358,'Account','SUCCESS','INSERT',3,'Akun peserta dengan email abdullzgaming23@gmail.com berhasil dibuat','data_user (4).xlsx',NULL,113,'2023-08-07 03:39:01'),(359,'Account','SUCCESS','INSERT',4,'Akun peserta dengan email ary.kantor@gmail.com berhasil dibuat','data_user (4).xlsx',NULL,113,'2023-08-07 03:39:03'),(360,'Client','INFO','FAILED',5,'Kode client CST62 tidak valid!','data_user (4).xlsx',NULL,113,'2023-08-07 03:39:03'),(361,'Account','SUCCESS','UPDATE',2,'Akun peserta dengan email alannas160187@gmail.com sudah terdaftar, data telah diupdate','data_user (4).xlsx',NULL,113,'2023-08-07 03:55:38'),(362,'Account','SUCCESS','UPDATE',3,'Akun peserta dengan email abdullzgaming23@gmail.com sudah terdaftar, data telah diupdate','data_user (4).xlsx',NULL,113,'2023-08-07 03:55:44'),(363,'Account','SUCCESS','UPDATE',4,'Akun peserta dengan email ary.kantor@gmail.com sudah terdaftar, data telah diupdate','data_user (4).xlsx',NULL,113,'2023-08-07 03:55:45'),(364,'Client','INFO','FAILED',5,'Kode client CST62 tidak valid!','data_user (4).xlsx',NULL,113,'2023-08-07 03:55:45'),(365,'Account','SUCCESS','INSERT',6,'Akun peserta dengan email twodrgroup@gmail.com berhasil dibuat','data_user (4).xlsx',NULL,113,'2023-08-07 03:55:53'),(366,'Account','SUCCESS','INSERT',7,'Akun peserta dengan email faizabdullz23@gmail.com berhasil dibuat','data_user (4).xlsx',NULL,113,'2023-08-07 03:55:57'),(367,'Account','SUCCESS','UPDATE',2,'Akun peserta dengan email alannas160187@gmail.com sudah terdaftar, data telah diupdate','data_user (4).xlsx',NULL,113,'2023-08-07 04:16:27'),(368,'Account','SUCCESS','INSERT',3,'Akun peserta dengan email abdullzgaming23@gmail.com berhasil dibuat','data_user (4).xlsx',NULL,113,'2023-08-07 04:16:35'),(369,'Account','SUCCESS','UPDATE',4,'Akun peserta dengan email ary.kantor@gmail.com sudah terdaftar, data telah diupdate','data_user (4).xlsx',NULL,113,'2023-08-07 04:16:36'),(370,'Client','INFO','FAILED',5,'Kode client CST62 tidak valid!','data_user (4).xlsx',NULL,113,'2023-08-07 04:16:36'),(371,'Account','SUCCESS','UPDATE',6,'Akun peserta dengan email twodrgroup@gmail.com sudah terdaftar, data telah diupdate','data_user (4).xlsx',NULL,113,'2023-08-07 04:16:38'),(372,'Account','SUCCESS','UPDATE',7,'Akun peserta dengan email faizabdullz23@gmail.com sudah terdaftar, data telah diupdate','data_user (4).xlsx',NULL,113,'2023-08-07 04:16:39'),(373,'Account','SUCCESS','UPDATE',2,'Akun peserta dengan email alannas160187@gmail.com sudah terdaftar, data telah diupdate','data_user (4).xlsx',NULL,113,'2023-08-07 04:33:43'),(374,'Account','SUCCESS','UPDATE',3,'Akun peserta dengan email abdullzgaming23@gmail.com sudah terdaftar, data telah diupdate','data_user (4).xlsx',NULL,113,'2023-08-07 04:33:45'),(375,'Account','SUCCESS','UPDATE',4,'Akun peserta dengan email ary.kantor@gmail.com sudah terdaftar, data telah diupdate','data_user (4).xlsx',NULL,113,'2023-08-07 04:33:46'),(376,'Client','INFO','FAILED',5,'Kode client CST62 tidak valid!','data_user (4).xlsx',NULL,113,'2023-08-07 04:33:46'),(377,'Account','SUCCESS','UPDATE',6,'Akun peserta dengan email twodrgroup@gmail.com sudah terdaftar, data telah diupdate','data_user (4).xlsx',NULL,113,'2023-08-07 04:33:48'),(378,'Account','SUCCESS','UPDATE',7,'Akun peserta dengan email faizabdullz23@gmail.com sudah terdaftar, data telah diupdate','data_user (4).xlsx',NULL,113,'2023-08-07 04:33:49'),(379,'Account','SUCCESS','UPDATE',2,'Akun peserta dengan email alannas160187@gmail.com sudah terdaftar, data telah diupdate','data_user (4).xlsx',NULL,113,'2023-08-07 04:40:38'),(380,'Account','SUCCESS','UPDATE',3,'Akun peserta dengan email abdullzgaming23@gmail.com sudah terdaftar, data telah diupdate','data_user (4).xlsx',NULL,113,'2023-08-07 04:40:39'),(381,'Account','SUCCESS','UPDATE',4,'Akun peserta dengan email ary.kantor@gmail.com sudah terdaftar, data telah diupdate','data_user (4).xlsx',NULL,113,'2023-08-07 04:40:41'),(382,'Client','INFO','FAILED',5,'Kode client CST62 tidak valid!','data_user (4).xlsx',NULL,113,'2023-08-07 04:40:41'),(383,'Account','SUCCESS','UPDATE',6,'Akun peserta dengan email twodrgroup@gmail.com sudah terdaftar, data telah diupdate','data_user (4).xlsx',NULL,113,'2023-08-07 04:40:42'),(384,'Account','SUCCESS','UPDATE',7,'Akun peserta dengan email faizabdullz23@gmail.com sudah terdaftar, data telah diupdate','data_user (4).xlsx',NULL,113,'2023-08-07 04:40:45'),(385,'Job','INFO','FAILED',2,'Kode job peserta PJB0003 tidak valid!','Copy of data_user (1)(1).xlsx',NULL,111,'2023-08-09 04:00:44'),(386,'LOB','INFO','FAILED',2,'Kode lob BK tidak valid!','Copy of data_user (1)(1).xlsx',NULL,111,'2023-08-09 04:00:44'),(387,'Job','INFO','FAILED',3,'Kode job peserta PJB0003 tidak valid!','Copy of data_user (1)(1).xlsx',NULL,111,'2023-08-09 04:00:44'),(388,'NIK','INFO','FAILED',4,'NIK harus terdiri dari 16 digit','Copy of data_user (1)(1).xlsx',NULL,111,'2023-08-09 04:00:44'),(389,'Job','INFO','FAILED',4,'Kode job peserta PJB0003 tidak valid!','Copy of data_user (1)(1).xlsx',NULL,111,'2023-08-09 04:00:44'),(390,'Job','INFO','FAILED',5,'Kode job peserta - tidak valid!','Copy of data_user (1)(1).xlsx',NULL,111,'2023-08-09 04:00:44'),(391,'Sub Job','INFO','FAILED',5,'Kode sub job peserta - tidak valid!','Copy of data_user (1)(1).xlsx',NULL,111,'2023-08-09 04:00:44'),(392,'Client','INFO','FAILED',5,'Kode client - tidak valid!','Copy of data_user (1)(1).xlsx',NULL,111,'2023-08-09 04:00:44'),(393,'Network','INFO','FAILED',5,'Kode network - tidak valid!','Copy of data_user (1)(1).xlsx',NULL,111,'2023-08-09 04:00:44'),(394,'LOB','INFO','FAILED',5,'Kode lob - tidak valid!','Copy of data_user (1)(1).xlsx',NULL,111,'2023-08-09 04:00:44'),(395,'Account','ERROR','FAILED',2,'Moodle error : invalidparameter','data_user (4).xlsx',NULL,113,'2023-08-14 06:53:01'),(396,'Account','SUCCESS','INSERT',3,'Akun peserta dengan email faizabdullah2303@gmail.com berhasil dibuat','data_user (4).xlsx',NULL,113,'2023-08-14 06:53:08'),(397,'Account','ERROR','FAILED',2,'Moodle error : invalidparameter','data_user (4).xlsx',NULL,113,'2023-08-14 06:55:55'),(398,'Account','SUCCESS','UPDATE',3,'Akun peserta dengan email faizabdullah2303@gmail.com sudah terdaftar, data telah diupdate','data_user (4).xlsx',NULL,113,'2023-08-14 06:55:59'),(399,'Client','INFO','FAILED',4,'Kode client CST620 tidak valid!','data_user (4).xlsx',NULL,113,'2023-08-14 06:55:59'),(400,'Account','ERROR','FAILED',2,'Moodle error : invalidparameter','data_user (4).xlsx',NULL,113,'2023-08-14 06:57:32'),(401,'Account','SUCCESS','UPDATE',3,'Akun peserta dengan email faizabdullah2303@gmail.com sudah terdaftar, data telah diupdate','data_user (4).xlsx',NULL,113,'2023-08-14 06:57:35'),(402,'Account','SUCCESS','INSERT',4,'Akun peserta dengan email firmantrusmiland@gmail.com berhasil dibuat','data_user (4).xlsx',NULL,113,'2023-08-14 06:57:42'),(403,'Account','SUCCESS','INSERT',2,'Akun peserta dengan email firman.maulana@sim.co.id berhasil dibuat','data_user (4).xlsx',NULL,113,'2023-08-14 07:45:00'),(404,'Account','SUCCESS','UPDATE',3,'Akun peserta dengan email faizabdullah2303@gmail.com sudah terdaftar, data telah diupdate','data_user (4).xlsx',NULL,113,'2023-08-14 07:45:02'),(405,'Account','SUCCESS','UPDATE',4,'Akun peserta dengan email firmantrusmiland@gmail.com sudah terdaftar, data telah diupdate','data_user (4).xlsx',NULL,113,'2023-08-14 07:45:04'),(406,'Account','SUCCESS','UPDATE',2,'Akun peserta dengan email firman.maulana@sim.co.id sudah terdaftar, data telah diupdate','data_user (4).xlsx',NULL,113,'2023-08-14 07:51:34'),(407,'Account','SUCCESS','UPDATE',3,'Akun peserta dengan email faizabdullah2303@gmail.com sudah terdaftar, data telah diupdate','data_user (4).xlsx',NULL,113,'2023-08-14 07:51:36'),(408,'Account','SUCCESS','UPDATE',4,'Akun peserta dengan email firmantrusmiland@gmail.com sudah terdaftar, data telah diupdate','data_user (4).xlsx',NULL,113,'2023-08-14 07:51:41'),(409,'LOB','INFO','FAILED',2,'Kode lob BK tidak valid!','data_user.xlsx',NULL,111,'2023-08-18 10:33:27'),(410,'Account','SUCCESS','INSERT',2,'Akun peserta dengan email paoelaceng@gmail.com berhasil dibuat','data_user.xlsx',NULL,111,'2023-08-18 10:34:25'),(411,'Account','SUCCESS','UPDATE',2,'Akun peserta dengan email paoelaceng@gmail.com sudah terdaftar, data telah diupdate','data_user.xlsx',NULL,111,'2023-08-18 10:38:16'),(412,'Account','SUCCESS','UPDATE',2,'Akun peserta dengan email firman.maulana@sim.co.id sudah terdaftar, data telah diupdate','data_user (4).xlsx',NULL,113,'2023-08-25 14:05:28'),(413,'Account','SUCCESS','INSERT',3,'Akun peserta dengan email faiz.abdullah@pkp.co.id berhasil dibuat','data_user (4).xlsx',NULL,113,'2023-08-25 14:05:30'),(414,'Account','SUCCESS','UPDATE',4,'Akun peserta dengan email firmantrusmiland@gmail.com sudah terdaftar, data telah diupdate','data_user (4).xlsx',NULL,113,'2023-08-25 14:05:31');

--
-- Table structure for table `network`
--

CREATE TABLE `network` (
  `id_network` int NOT NULL AUTO_INCREMENT,
  `kd_network` varchar(25) CHARACTER SET latin1 COLLATE latin1_swedish_ci NOT NULL,
  `kd_company` varchar(5) DEFAULT NULL,
  `company` varchar(100) DEFAULT NULL,
  `nama_network` varchar(100) NOT NULL,
  `type` varchar(50) DEFAULT NULL,
  PRIMARY KEY (`id_network`)
) ENGINE=InnoDB AUTO_INCREMENT=284 DEFAULT CHARSET=latin1;

--
-- Dumping data for table `network`
--

INSERT INTO `network` VALUES (1,'NTW286','SIM','PT. Swakarya Insan Mandiri','SITE VIRTUAL YOGYAKARTA','CC'),(2,'NTW285','MAS','PT. Merta Arya Sawitri','JAKARTA RAYA','Cabang'),(3,'NTW284','PHL','PT. Prima Hijau Lestari','JAKARTA RAYA','Cabang'),(4,'NTW283','WIN','PT. Wahana Inti Narendra','JAKARTA RAYA','Cabang'),(5,'NTW282','SIM','PT. Swakarya Insan Mandiri','JAKARTA RAYA','Cabang'),(6,'NTW281','MAS','PT. Merta Arya Sawitri','SEMARANG','Cabang'),(7,'NTW280','MAS','PT. Merta Arya Sawitri','JAKARTA (HO)','HO'),(8,'NTW279','SIM','PT. Swakarya Insan Mandiri','SITE VIRTUAL SEMARANG','CC'),(9,'NTW278','PHL','PT. Prima Hijau Lestari','PONTIANAK (RC)','RC'),(10,'NTW277','SIM','PT. Swakarya Insan Mandiri','SITE VIRTUAL JAKARTA','CC'),(11,'NTW276','WIN','PT. Wahana Inti Narendra','SITE VIRTUAL SEMARANG','CC'),(12,'NTW275','WIN','PT. Wahana Inti Narendra','SITE VIRTUAL JAKARTA','CC'),(13,'SIM21VIII0001','PHL','PT. Prima Hijau Lestari','BALIKPAPAN (RC)','RC'),(14,'NTW274','WIN','PT. Wahana Inti Narendra','YOGYAKARTA 1 CC','CC'),(15,'NTW273','SIM','PT. Swakarya Insan Mandiri','YOGYAKARTA 1 CC','CC'),(16,'NTW268','WIN','PT. Wahana Inti Narendra','SEMARANG 1','CC'),(17,'NTW267','SIM','PT. Swakarya Insan Mandiri','SEMARANG 1','CC'),(18,'NTW266','WIN','PT. Wahana Inti Narendra','SEMARANG 2','CC'),(19,'NTW265','SIM','PT. Swakarya Insan Mandiri','SEMARANG 2','CC'),(20,'NTW176','PHL','PT. Prima Hijau Lestari','MATARAM','RC'),(21,'NTW166','WIN','PT. Wahana Inti Narendra','CIKARANG','RC'),(22,'NTW081','SIM','PT. Swakarya Insan Mandiri','SOLO','RC'),(23,'NTW071','WIN','PT. Wahana Inti Narendra','SAMARINDA','RC'),(24,'NTW061','WIN','PT. Wahana Inti Narendra','KRANGGAN 3','CC'),(25,'NTW050','PHL','PT. Prima Hijau Lestari','JAKARTA 3','Cabang'),(26,'NTW039','PHL','PT. Prima Hijau Lestari','LAMPUNG','Cabang'),(27,'NTW264','KISS','PT. Koperasi Insan Sejahtera','JAKARTA(HO)','HO'),(28,'NTW263','SIM','PT. Swakarya Insan Mandiri','YOGYA','CC'),(29,'NTW262','WIN','PT. Wahana Inti Narendra','PONTIANAK (RC)','RC'),(30,'NTW261','SIM','PT. Swakarya Insan Mandiri','PONTIANAK (RC)','RC'),(31,'NTW260','WIN','PT. Wahana Inti Narendra','BALIKPAPAN (RC)','RC'),(32,'NTW259','SIM','PT. Swakarya Insan Mandiri','BALIKPAPAN (RC)','RC'),(33,'NTW258','PHL','PT. Prima Hijau Lestari','PEKANBARU','RC'),(34,'NTW257','WIN','PT. Wahana Inti Narendra','PEKANBARU','RC'),(35,'NTW256','SIM','PT. Swakarya Insan Mandiri','PEKANBARU','RC'),(36,'NTW255','PHL','PT. Prima Hijau Lestari','BEKASI','Cabang'),(37,'NTW254','WIN','PT. Wahana Inti Narendra','BEKASI','Cabang'),(38,'NTW253','SIM','PT. Swakarya Insan Mandiri','BEKASI','Cabang'),(39,'NTW252','PHL','PT. Prima Hijau Lestari','BANJARMASIN','RC'),(40,'NTW251','WIN','PT. Wahana Inti Narendra','BANJARMASIN','RC'),(41,'NTW250','SIM','PT. Swakarya Insan Mandiri','BANJARMASIN','RC'),(42,'NTW249','PHL','PT. Prima Hijau Lestari','CIBITUNG','RC'),(43,'NTW248','WIN','PT. Wahana Inti Narendra','CIBITUNG','RC'),(44,'NTW247','SIM','PT. Swakarya Insan Mandiri','CIBITUNG','RC'),(45,'NTW246','PHL','PT. Prima Hijau Lestari','BOGOR 2','RC'),(46,'NTW245','WIN','PT. Wahana Inti Narendra','BOGOR 2','RC'),(47,'NTW244','SIM','PT. Swakarya Insan Mandiri','BOGOR 2','RC'),(48,'NTW243','PHL','PT. Prima Hijau Lestari','BOGOR 1','RC'),(49,'NTW242','WIN','PT. Wahana Inti Narendra','BOGOR 1','RC'),(50,'NTW241','SIM','PT. Swakarya Insan Mandiri','BOGOR 1','RC'),(51,'NTW240','PHL','PT. Prima Hijau Lestari','KRANGGAN 5','CC'),(52,'NTW239','WIN','PT. Wahana Inti Narendra','KRANGGAN 5','CC'),(53,'NTW238','SIM','PT. Swakarya Insan Mandiri','KRANGGAN 5','CC'),(54,'NTW237','PHL','PT. Prima Hijau Lestari','BANYUWANGI','RC'),(55,'NTW236','WIN','PT. Wahana Inti Narendra','BANYUWANGI','RC'),(56,'NTW235','SIM','PT. Swakarya Insan Mandiri','BANYUWANGI','RC'),(57,'NTW234','PHL','PT. Prima Hijau Lestari','PALU','RC'),(58,'NTW233','WIN','PT. Wahana Inti Narendra','PALU','RC'),(59,'NTW232','SIM','PT. Swakarya Insan Mandiri','PALU','RC'),(60,'NTW231','PHL','PT. Prima Hijau Lestari','KEDIRI','RC'),(61,'NTW230','WIN','PT. Wahana Inti Narendra','KEDIRI','RC'),(62,'NTW229','SIM','PT. Swakarya Insan Mandiri','KEDIRI','RC'),(63,'NTW228','PHL','PT. Prima Hijau Lestari','KUDUS','RC'),(64,'NTW227','WIN','PT. Wahana Inti Narendra','KUDUS','RC'),(65,'NTW226','SIM','PT. Swakarya Insan Mandiri','KUDUS','RC'),(66,'NTW225','PHL','PT. Prima Hijau Lestari','MALANG 1','CC'),(67,'NTW224','WIN','PT. Wahana Inti Narendra','MALANG 1','CC'),(68,'NTW223','SIM','PT. Swakarya Insan Mandiri','MALANG 1','CC'),(69,'NTW222','PHL','PT. Prima Hijau Lestari','KRANGGAN 4','CC'),(70,'NTW221','WIN','PT. Wahana Inti Narendra','KRANGGAN 4','CC'),(71,'NTW220','SIM','PT. Swakarya Insan Mandiri','KRANGGAN 4','CC'),(72,'NTW219','SIM','PT. Swakarya Insan Mandiri','BEKASI (RC)','RC'),(73,'NTW218','PHL','PT. Prima Hijau Lestari','KRANGGAN 1','CC'),(74,'NTW217','WIN','PT. Wahana Inti Narendra','KRANGGAN 1','CC'),(75,'NTW216','SIM','PT. Swakarya Insan Mandiri','KRANGGAN 1','CC'),(76,'NTW215','PHL','PT. Prima Hijau Lestari','PANGKALAN KERINCI','RC'),(77,'NTW214','WIN','PT. Wahana Inti Narendra','PANGKALAN KERINCI','RC'),(78,'NTW213','SIM','PT. Swakarya Insan Mandiri','PANGKALAN KERINCI','RC'),(79,'NTW212','PHL','PT. Prima Hijau Lestari','YOGYAKARTA 2','RC'),(80,'NTW211','WIN','PT. Wahana Inti Narendra','YOGYAKARTA 2','RC'),(81,'NTW210','SIM','PT. Swakarya Insan Mandiri','YOGYAKARTA 2','RC'),(82,'NTW209','PHL','PT. Prima Hijau Lestari','YOGYAKARTA','RC'),(83,'NTW208','WIN','PT. Wahana Inti Narendra','YOGYAKARTA','RC'),(84,'NTW207','SIM','PT. Swakarya Insan Mandiri','YOGYAKARTA','RC'),(85,'NTW206','PHL','PT. Prima Hijau Lestari','MOJOKERTO','RC'),(86,'NTW205','WIN','PT. Wahana Inti Narendra','MOJOKERTO','RC'),(87,'NTW204','SIM','PT. Swakarya Insan Mandiri','MOJOKERTO','RC'),(88,'NTW203','PHL','PT. Prima Hijau Lestari','CIBINONG','RC'),(89,'NTW202','WIN','PT. Wahana Inti Narendra','CIBINONG','RC'),(90,'NTW201','SIM','PT. Swakarya Insan Mandiri','CIBINONG','RC'),(91,'NTW200','PHL','PT. Prima Hijau Lestari','JAKARTA BARAT UTARA','RC'),(92,'NTW199','WIN','PT. Wahana Inti Narendra','JAKARTA BARAT UTARA','RC'),(93,'NTW198','SIM','PT. Swakarya Insan Mandiri','JAKARTA BARAT UTARA','RC'),(94,'NTW197','PHL','PT. Prima Hijau Lestari','JAKARTA TIMUR PUSAT','RC'),(95,'NTW196','WIN','PT. Wahana Inti Narendra','JAKARTA TIMUR PUSAT','RC'),(96,'NTW195','SIM','PT. Swakarya Insan Mandiri','JAKARTA TIMUR PUSAT','RC'),(97,'NTW194','PHL','PT. Prima Hijau Lestari','CIREBON','RC'),(98,'NTW193','WIN','PT. Wahana Inti Narendra','CIREBON','RC'),(99,'NTW192','SIM','PT. Swakarya Insan Mandiri','CIREBON','RC'),(100,'NTW191','PHL','PT. Prima Hijau Lestari','SUBANG','RC'),(101,'NTW190','WIN','PT. Wahana Inti Narendra','SUBANG','RC'),(102,'NTW189','SIM','PT. Swakarya Insan Mandiri','SUBANG','RC'),(103,'NTW188','PHL','PT. Prima Hijau Lestari','TASIKMALAYA','RC'),(104,'NTW187','WIN','PT. Wahana Inti Narendra','TASIKMALAYA','RC'),(105,'NTW186','SIM','PT. Swakarya Insan Mandiri','TASIKMALAYA','RC'),(106,'NTW185','PHL','PT. Prima Hijau Lestari','SUKABUMI','RC'),(107,'NTW184','WIN','PT. Wahana Inti Narendra','SUKABUMI','RC'),(108,'NTW183','SIM','PT. Swakarya Insan Mandiri','SUKABUMI','RC'),(109,'NTW182','PHL','PT. Prima Hijau Lestari','BIMA','RC'),(110,'NTW181','WIN','PT. Wahana Inti Narendra','BIMA','RC'),(111,'NTW180','SIM','PT. Swakarya Insan Mandiri','BIMA','RC'),(112,'NTW179','PHL','PT. Prima Hijau Lestari','KUPANG','RC'),(113,'NTW178','WIN','PT. Wahana Inti Narendra','KUPANG','RC'),(114,'NTW177','SIM','PT. Swakarya Insan Mandiri','KUPANG','RC'),(115,'NTW175','WIN','PT. Wahana Inti Narendra','MATARAM','RC'),(116,'NTW174','SIM','PT. Swakarya Insan Mandiri','MATARAM','RC'),(117,'NTW173','PHL','PT. Prima Hijau Lestari','SELONG','RC'),(118,'NTW172','WIN','PT. Wahana Inti Narendra','SELONG','RC'),(119,'NTW171','SIM','PT. Swakarya Insan Mandiri','SELONG','RC'),(120,'NTW170','PHL','PT. Prima Hijau Lestari','BOGOR','RC'),(121,'NTW169','WIN','PT. Wahana Inti Narendra','BOGOR','RC'),(122,'NTW168','SIM','PT. Swakarya Insan Mandiri','BOGOR','RC'),(123,'NTW167','PHL','PT. Prima Hijau Lestari','CIKARANG','RC'),(124,'NTW165','SIM','PT. Swakarya Insan Mandiri','CIKARANG','RC'),(125,'NTW164','PHL','PT. Prima Hijau Lestari','DEPOK','RC'),(126,'NTW163','WIN','PT. Wahana Inti Narendra','DEPOK','RC'),(127,'NTW162','SIM','PT. Swakarya Insan Mandiri','DEPOK','RC'),(128,'NTW161','PHL','PT. Prima Hijau Lestari','KARAWANG','RC'),(129,'NTW160','WIN','PT. Wahana Inti Narendra','KARAWANG','RC'),(130,'NTW159','SIM','PT. Swakarya Insan Mandiri','KARAWANG','RC'),(131,'NTW158','PHL','PT. Prima Hijau Lestari','JAKARTA TIMUR','RC'),(132,'NTW157','WIN','PT. Wahana Inti Narendra','JAKARTA TIMUR','RC'),(133,'NTW156','SIM','PT. Swakarya Insan Mandiri','JAKARTA TIMUR','RC'),(134,'NTW155','PHL','PT. Prima Hijau Lestari','PONDOK GEDE','RC'),(135,'NTW154','WIN','PT. Wahana Inti Narendra','PONDOK GEDE','RC'),(136,'NTW153','SIM','PT. Swakarya Insan Mandiri','PONDOK GEDE','RC'),(137,'NTW152','PHL','PT. Prima Hijau Lestari','JAKARTA BARAT','RC'),(138,'NTW151','WIN','PT. Wahana Inti Narendra','JAKARTA BARAT','RC'),(139,'NTW150','SIM','PT. Swakarya Insan Mandiri','JAKARTA BARAT','RC'),(140,'NTW149','PHL','PT. Prima Hijau Lestari','JAKARTA PUSAT UTARA','RC'),(141,'NTW148','WIN','PT. Wahana Inti Narendra','JAKARTA PUSAT UTARA','RC'),(142,'NTW147','SIM','PT. Swakarya Insan Mandiri','JAKARTA PUSAT UTARA','RC'),(143,'NTW146','PHL','PT. Prima Hijau Lestari','TANGERANG SELATAN','RC'),(144,'NTW145','WIN','PT. Wahana Inti Narendra','TANGERANG SELATAN','RC'),(145,'NTW144','SIM','PT. Swakarya Insan Mandiri','TANGERANG SELATAN','RC'),(146,'NTW143','PHL','PT. Prima Hijau Lestari','KOTABUMI','RC'),(147,'NTW142','WIN','PT. Wahana Inti Narendra','KOTABUMI','RC'),(148,'NTW141','SIM','PT. Swakarya Insan Mandiri','KOTABUMI','RC'),(149,'NTW140','PHL','PT. Prima Hijau Lestari','GORONTALO','RC'),(150,'NTW139','WIN','PT. Wahana Inti Narendra','GORONTALO','RC'),(151,'NTW138','SIM','PT. Swakarya Insan Mandiri','GORONTALO','RC'),(152,'NTW137','PHL','PT. Prima Hijau Lestari','KENDARI','RC'),(153,'NTW136','WIN','PT. Wahana Inti Narendra','KENDARI','RC'),(154,'NTW135','SIM','PT. Swakarya Insan Mandiri','KENDARI','RC'),(155,'NTW134','PHL','PT. Prima Hijau Lestari','MANADO','RC'),(156,'NTW133','WIN','PT. Wahana Inti Narendra','MANADO','RC'),(157,'NTW132','SIM','PT. Swakarya Insan Mandiri','MANADO','RC'),(158,'NTW131','PHL','PT. Prima Hijau Lestari','JEMBER','RC'),(159,'NTW130','WIN','PT. Wahana Inti Narendra','JEMBER','RC'),(160,'NTW129','SIM','PT. Swakarya Insan Mandiri','JEMBER','RC'),(161,'NTW128','PHL','PT. Prima Hijau Lestari','BANDA ACEH','RC'),(162,'NTW127','WIN','PT. Wahana Inti Narendra','BANDA ACEH','RC'),(163,'NTW126','SIM','PT. Swakarya Insan Mandiri','BANDA ACEH','RC'),(164,'NTW125','PHL','PT. Prima Hijau Lestari','RANTAU PRAPAT','RC'),(165,'NTW124','WIN','PT. Wahana Inti Narendra','RANTAU PRAPAT','RC'),(166,'NTW123','SIM','PT. Swakarya Insan Mandiri','RANTAU PRAPAT','RC'),(167,'NTW122','PHL','PT. Prima Hijau Lestari','BENGKULU','RC'),(168,'NTW121','WIN','PT. Wahana Inti Narendra','BENGKULU','RC'),(169,'NTW120','SIM','PT. Swakarya Insan Mandiri','BENGKULU','RC'),(170,'NTW119','PHL','PT. Prima Hijau Lestari','JAMBI','RC'),(171,'NTW118','WIN','PT. Wahana Inti Narendra','JAMBI','RC'),(172,'NTW117','SIM','PT. Swakarya Insan Mandiri','JAMBI','RC'),(173,'NTW116','PHL','PT. Prima Hijau Lestari','MUARA BUNGO','RC'),(174,'NTW115','WIN','PT. Wahana Inti Narendra','MUARA BUNGO','RC'),(175,'NTW114','SIM','PT. Swakarya Insan Mandiri','MUARA BUNGO','RC'),(176,'NTW113','PHL','PT. Prima Hijau Lestari','PANGKAL PINANG','RC'),(177,'NTW112','WIN','PT. Wahana Inti Narendra','PANGKAL PINANG','RC'),(178,'NTW111','SIM','PT. Swakarya Insan Mandiri','PANGKAL PINANG','RC'),(179,'NTW110','PHL','PT. Prima Hijau Lestari','BATAM','RC'),(180,'NTW109','WIN','PT. Wahana Inti Narendra','BATAM','RC'),(181,'NTW108','SIM','PT. Swakarya Insan Mandiri','BATAM','RC'),(182,'NTW107','PHL','PT. Prima Hijau Lestari','BUKITTINGGI','RC'),(183,'NTW106','WIN','PT. Wahana Inti Narendra','BUKITTINGGI','RC'),(184,'NTW105','SIM','PT. Swakarya Insan Mandiri','BUKITTINGGI','RC'),(185,'NTW104','PHL','PT. Prima Hijau Lestari','DUMAI','RC'),(186,'NTW103','WIN','PT. Wahana Inti Narendra','DUMAI','RC'),(187,'NTW102','SIM','PT. Swakarya Insan Mandiri','DUMAI','RC'),(188,'NTW101','PHL','PT. Prima Hijau Lestari','PADANG','RC'),(189,'NTW100','WIN','PT. Wahana Inti Narendra','PADANG','RC'),(190,'NTW099','SIM','PT. Swakarya Insan Mandiri','PADANG','RC'),(191,'NTW098','PHL','PT. Prima Hijau Lestari','RENGAT','RC'),(192,'NTW097','WIN','PT. Wahana Inti Narendra','RENGAT','RC'),(193,'NTW096','SIM','PT. Swakarya Insan Mandiri','RENGAT','RC'),(194,'NTW095','PHL','PT. Prima Hijau Lestari','RANGKASBITUNG','RC'),(195,'NTW094','WIN','PT. Wahana Inti Narendra','RANGKASBITUNG','RC'),(196,'NTW093','SIM','PT. Swakarya Insan Mandiri','RANGKASBITUNG','RC'),(197,'NTW092','PHL','PT. Prima Hijau Lestari','MADIUN','RC'),(198,'NTW091','WIN','PT. Wahana Inti Narendra','MADIUN','RC'),(199,'NTW090','SIM','PT. Swakarya Insan Mandiri','MADIUN','RC'),(200,'NTW089','PHL','PT. Prima Hijau Lestari','SIDOARJO','RC'),(201,'NTW088','WIN','PT. Wahana Inti Narendra','SIDOARJO','RC'),(202,'NTW087','SIM','PT. Swakarya Insan Mandiri','SIDOARJO','RC'),(203,'NTW086','PHL','PT. Prima Hijau Lestari','TUBAN','RC'),(204,'NTW085','WIN','PT. Wahana Inti Narendra','TUBAN','RC'),(205,'NTW084','SIM','PT. Swakarya Insan Mandiri','TUBAN','RC'),(206,'NTW083','PHL','PT. Prima Hijau Lestari','SOLO','RC'),(207,'NTW082','WIN','PT. Wahana Inti Narendra','SOLO','RC'),(208,'NTW080','PHL','PT. Prima Hijau Lestari','PURWOKERTO','RC'),(209,'NTW079','WIN','PT. Wahana Inti Narendra','PURWOKERTO','RC'),(210,'NTW078','SIM','PT. Swakarya Insan Mandiri','PURWOKERTO','RC'),(211,'NTW077','PHL','PT. Prima Hijau Lestari','BALIKPAPAN (Branch)','Cabang'),(212,'NTW076','WIN','PT. Wahana Inti Narendra','BALIKPAPAN (Branch)','Cabang'),(213,'NTW075','SIM','PT. Swakarya Insan Mandiri','BALIKPAPAN (Branch)','Cabang'),(214,'NTW074','PHL','PT. Prima Hijau Lestari','PONTIANAK','Cabang'),(215,'NTW073','WIN','PT. Wahana Inti Narendra','PONTIANAK','Cabang'),(216,'NTW072','PHL','PT. Prima Hijau Lestari','SAMARINDA','RC'),(217,'NTW070','SIM','PT. Swakarya Insan Mandiri','SAMARINDA','RC'),(218,'NTW069','PHL','PT. Prima Hijau Lestari','JAKARTA(HO)','HO'),(219,'NTW068','WIN','PT. Wahana Inti Narendra','JAKARTA(HO)','HO'),(220,'NTW067','SIM','PT. Swakarya Insan Mandiri','JAKARTA(HO)','HO'),(221,'NTW066','SIM','PT. Swakarya Insan Mandiri','PONTIANAK','Cabang'),(222,'NTW065','PHL','PT. Prima Hijau Lestari','KRANGGAN 3','CC'),(223,'NTW064','PHL','PT. Prima Hijau Lestari','KRANGGAN','CC'),(224,'NTW063','PHL','PT. Prima Hijau Lestari','KALIMANTAN','Cabang'),(225,'NTW062','PHL','PT. Prima Hijau Lestari','VIRTUAL NETWORK','Cabang'),(226,'NTW060','SIM','PT. Swakarya Insan Mandiri','KRANGGAN 3','CC'),(227,'NTW059','WIN','PT. Wahana Inti Narendra','KRANGGAN','CC'),(228,'NTW058','SIM','PT. Swakarya Insan Mandiri','KRANGGAN','CC'),(229,'NTW057','WIN','PT. Wahana Inti Narendra','KALIMANTAN','Cabang'),(230,'NTW056','SIM','PT. Swakarya Insan Mandiri','KALIMANTAN','Cabang'),(231,'NTW055','WIN','PT. Wahana Inti Narendra','VIRTUAL NETWORK','Cabang'),(232,'NTW054','SIM','PT. Swakarya Insan Mandiri','VIRTUAL NETWORK','Cabang'),(233,'NTW053','WIN','PT. Wahana Inti Narendra','BEKASI (RC)','RC'),(234,'NTW052','PHL','PT. Prima Hijau Lestari','BEKASI (RC)','RC'),(235,'NTW051','PHL','PT. Prima Hijau Lestari','MALANG 2','CC'),(236,'NTW049','PHL','PT. Prima Hijau Lestari','KRANGGAN 2','CC'),(237,'NTW048','PHL','PT. Prima Hijau Lestari','MALANG','Cabang'),(238,'NTW047','PHL','PT. Prima Hijau Lestari','YOGYA','Cabang'),(239,'NTW046','PHL','PT. Prima Hijau Lestari','SURABAYA','Cabang'),(240,'NTW045','PHL','PT. Prima Hijau Lestari','SERANG','Cabang'),(241,'NTW044','PHL','PT. Prima Hijau Lestari','SEMARANG','Cabang'),(242,'NTW043','PHL','PT. Prima Hijau Lestari','PEKANBARU (branch)','Cabang'),(243,'NTW042','PHL','PT. Prima Hijau Lestari','PALEMBANG','Cabang'),(244,'NTW041','PHL','PT. Prima Hijau Lestari','MEDAN','Cabang'),(245,'NTW040','PHL','PT. Prima Hijau Lestari','MAKASSAR','Cabang'),(246,'NTW038','PHL','PT. Prima Hijau Lestari','JAKARTA 2','Cabang'),(247,'NTW037','PHL','PT. Prima Hijau Lestari','JAKARTA 1','Cabang'),(248,'NTW036','PHL','PT. Prima Hijau Lestari','DENPASAR','Cabang'),(249,'NTW035','PHL','PT. Prima Hijau Lestari','BANDUNG','Cabang'),(250,'NTW034','WIN','PT. Wahana Inti Narendra','JAKARTA 3','Cabang'),(251,'NTW033','SIM','PT. Swakarya Insan Mandiri','JAKARTA 3','Cabang'),(252,'NTW032','WIN','PT. Wahana Inti Narendra','MALANG 2','CC'),(253,'NTW031','SIM','PT. Swakarya Insan Mandiri','MALANG 2','CC'),(254,'NTW030','WIN','PT. Wahana Inti Narendra','KRANGGAN 2','CC'),(255,'NTW029','SIM','PT. Swakarya Insan Mandiri','KRANGGAN 2','CC'),(256,'NTW028','SIM','PT. Swakarya Insan Mandiri','MEDAN','Cabang'),(257,'NTW027','WIN','PT. Wahana Inti Narendra','MALANG','Cabang'),(258,'NTW026','SIM','PT. Swakarya Insan Mandiri','MALANG','Cabang'),(259,'NTW025','WIN','PT. Wahana Inti Narendra','YOGYA','Cabang'),(260,'NTW024','WIN','PT. Wahana Inti Narendra','SURABAYA','Cabang'),(261,'NTW023','WIN','PT. Wahana Inti Narendra','SERANG','Cabang'),(262,'NTW022','WIN','PT. Wahana Inti Narendra','SEMARANG','Cabang'),(263,'NTW021','WIN','PT. Wahana Inti Narendra','PEKANBARU (branch)','Cabang'),(264,'NTW020','WIN','PT. Wahana Inti Narendra','PALEMBANG','Cabang'),(265,'NTW019','WIN','PT. Wahana Inti Narendra','MEDAN','Cabang'),(266,'NTW018','WIN','PT. Wahana Inti Narendra','MAKASSAR','Cabang'),(267,'NTW017','WIN','PT. Wahana Inti Narendra','LAMPUNG','Cabang'),(268,'NTW016','WIN','PT. Wahana Inti Narendra','JAKARTA 2','Cabang'),(269,'NTW015','WIN','PT. Wahana Inti Narendra','JAKARTA 1','Cabang'),(270,'NTW014','WIN','PT. Wahana Inti Narendra','DENPASAR','Cabang'),(271,'NTW013','WIN','PT. Wahana Inti Narendra','BANDUNG','Cabang'),(272,'NTW012','SIM','PT. Swakarya Insan Mandiri','YOGYA','Cabang'),(273,'NTW011','SIM','PT. Swakarya Insan Mandiri','SURABAYA','Cabang'),(274,'NTW010','SIM','PT. Swakarya Insan Mandiri','SERANG','Cabang'),(275,'NTW009','SIM','PT. Swakarya Insan Mandiri','SEMARANG','Cabang'),(276,'NTW008','SIM','PT. Swakarya Insan Mandiri','PEKANBARU (branch)','Cabang'),(277,'NTW007','SIM','PT. Swakarya Insan Mandiri','PALEMBANG','Cabang'),(278,'NTW006','SIM','PT. Swakarya Insan Mandiri','MAKASSAR','Cabang'),(279,'NTW005','SIM','PT. Swakarya Insan Mandiri','LAMPUNG','Cabang'),(280,'NTW004','SIM','PT. Swakarya Insan Mandiri','JAKARTA 2','Cabang'),(281,'NTW003','SIM','PT. Swakarya Insan Mandiri','JAKARTA 1','Cabang'),(282,'NTW002','SIM','PT. Swakarya Insan Mandiri','DENPASAR','Cabang'),(283,'NTW001','SIM','PT. Swakarya Insan Mandiri','BANDUNG','Cabang');

--
-- Table structure for table `otp`
--

CREATE TABLE `otp` (
  `id_otp` int NOT NULL AUTO_INCREMENT,
  `id_user` int NOT NULL,
  `kode_otp` varchar(10) NOT NULL,
  `aktif` int NOT NULL,
  `expired_at` datetime NOT NULL,
  `created_at` datetime NOT NULL DEFAULT CURRENT_TIMESTAMP,
  PRIMARY KEY (`id_otp`)
) ENGINE=InnoDB AUTO_INCREMENT=55 DEFAULT CHARSET=latin1;

--
-- Dumping data for table `otp`
--

INSERT INTO `otp` VALUES (1,31,'4135',1,'2023-05-29 08:05:25','2023-05-29 14:55:25'),(2,32,'5356',1,'2023-05-29 08:06:56','2023-05-29 14:56:56'),(3,33,'4169',0,'2023-05-29 08:08:37','2023-05-29 14:58:37'),(4,33,'2940',0,'2023-05-29 09:32:04','2023-05-29 16:22:04'),(5,33,'161979',0,'2023-05-30 02:46:13','2023-05-30 09:36:13'),(6,33,'009731',1,'2023-06-02 09:39:04','2023-05-30 09:39:04'),(7,34,'242815',1,'2023-05-30 04:53:52','2023-05-30 04:43:52'),(8,35,'831578',1,'2023-06-02 04:56:14','2023-05-30 04:56:14'),(9,36,'054502',0,'2023-06-06 11:11:50','2023-06-03 11:11:50'),(10,36,'914874',1,'2023-06-06 18:12:38','2023-06-03 11:12:38'),(11,37,'537736',1,'2023-06-07 06:43:41','2023-06-04 06:43:41'),(12,38,'323810',1,'2023-06-07 06:52:01','2023-06-04 06:52:01'),(13,45,'084194',0,'2023-06-17 08:05:20','2023-06-14 08:05:20'),(14,45,'713694',1,'2023-06-17 15:06:27','2023-06-14 08:06:27'),(15,46,'500101',1,'2023-06-17 08:09:12','2023-06-14 08:09:12'),(16,47,'808573',1,'2023-06-17 08:10:03','2023-06-14 08:10:03'),(17,48,'271177',1,'2023-06-17 08:12:36','2023-06-14 08:12:36'),(18,49,'062899',1,'2023-06-17 08:21:21','2023-06-14 08:21:21'),(19,50,'574162',0,'2023-06-17 08:58:38','2023-06-14 08:58:38'),(20,50,'234206',1,'2023-06-17 16:00:10','2023-06-14 09:00:10'),(21,54,'085106',1,'2023-06-19 03:22:52','2023-06-16 03:22:52'),(22,57,'129123',0,'2023-06-24 08:40:06','2023-06-21 08:40:06'),(23,57,'779765',0,'2023-06-24 15:40:42','2023-06-21 08:40:42'),(24,58,'663919',1,'2023-06-24 09:14:48','2023-06-21 09:14:48'),(25,57,'505387',1,'2023-06-24 16:38:17','2023-06-21 09:38:17'),(26,59,'691841',1,'2023-06-24 09:49:31','2023-06-21 09:49:31'),(27,60,'002422',1,'2023-06-24 10:13:15','2023-06-21 10:13:15'),(28,61,'233716',1,'2023-06-24 15:38:56','2023-06-21 15:38:56'),(29,62,'718124',1,'2023-06-29 10:48:00','2023-06-26 10:48:00'),(30,64,'319744',1,'2023-07-01 03:31:22','2023-06-28 03:31:22'),(31,66,'849727',1,'2023-07-09 07:03:17','2023-07-06 07:03:17'),(32,74,'656132',1,'2023-07-14 03:40:26','2023-07-11 03:40:26'),(33,75,'387464',0,'2023-07-14 03:57:33','2023-07-11 03:57:33'),(34,75,'828030',0,'2023-07-14 10:58:40','2023-07-11 03:58:40'),(35,75,'651666',1,'2023-07-14 11:00:14','2023-07-11 04:00:14'),(36,76,'391503',1,'2023-07-14 04:02:58','2023-07-11 04:02:58'),(37,77,'784135',1,'2023-07-14 04:03:47','2023-07-11 04:03:47'),(38,78,'910941',1,'2023-07-14 04:09:15','2023-07-11 04:09:15'),(39,79,'259191',1,'2023-07-14 04:14:07','2023-07-11 04:14:07'),(40,80,'754018',1,'2023-07-14 06:46:59','2023-07-11 06:46:59'),(41,87,'830863',0,'2023-07-23 03:10:14','2023-07-20 03:10:14'),(42,87,'392664',1,'2023-07-23 10:20:25','2023-07-20 03:20:25'),(43,88,'680612',1,'2023-07-23 06:40:38','2023-07-20 06:40:38'),(44,90,'483328',1,'2023-07-24 13:06:27','2023-07-21 06:06:27'),(45,91,'843446',1,'2023-07-24 13:08:06','2023-07-21 06:08:06'),(46,98,'345809',1,'2023-07-27 15:02:04','2023-07-24 08:02:04'),(47,99,'804266',0,'2023-07-27 15:08:04','2023-07-24 08:08:04'),(48,99,'718432',1,'2023-07-27 15:09:19','2023-07-24 08:09:19'),(49,100,'196922',1,'2023-07-27 15:42:07','2023-07-24 08:42:07'),(50,126,'438273',1,'2023-08-17 10:30:41','2023-08-14 03:30:41'),(51,132,'388875',1,'2023-08-27 14:21:30','2023-08-24 14:21:30'),(52,134,'367040',1,'2023-08-28 09:05:54','2023-08-25 09:05:54'),(53,143,'965683',1,'2023-08-31 16:19:23','2023-08-28 16:19:23'),(54,144,'712567',1,'2023-08-31 16:21:14','2023-08-28 16:21:14');

--
-- Table structure for table `parameter_sertifikat`
--

CREATE TABLE `parameter_sertifikat` (
  `id` int NOT NULL AUTO_INCREMENT,
  `background` varchar(100) DEFAULT NULL,
  `backgroundback` varchar(100) DEFAULT NULL,
  `logo` varchar(100) DEFAULT NULL,
  `judul` varchar(100) DEFAULT NULL,
  `redaksi1` text,
  `redaksi2` text,
  `ttd` varchar(100) DEFAULT NULL,
  `nama_ttd` varchar(100) DEFAULT NULL,
  `jabatan_ttd` varchar(50) DEFAULT NULL,
  PRIMARY KEY (`id`)
) ENGINE=InnoDB AUTO_INCREMENT=2 DEFAULT CHARSET=utf8mb4 COLLATE=utf8mb4_0900_ai_ci;

--
-- Dumping data for table `parameter_sertifikat`
--

INSERT INTO `parameter_sertifikat` VALUES (1,'230814041317_background.png','230814041347_backgroundback.png','230814030552_logo.png','Sertifikat','Dengan bangga memberikan sertifikat ini kepada :','Yang telah mengikuti Pelatihan dengan baik','230814041317_ttd.png','M. Ershad Al Annas','VP Jagoti');

--
-- Table structure for table `payment_method`
--

CREATE TABLE `payment_method` (
  `id` tinyint unsigned NOT NULL AUTO_INCREMENT,
  `code` varchar(30) NOT NULL,
  `nama` varchar(30) NOT NULL,
  PRIMARY KEY (`id`)
) ENGINE=InnoDB AUTO_INCREMENT=14 DEFAULT CHARSET=utf8mb3;

--
-- Dumping data for table `payment_method`
--

INSERT INTO `payment_method` VALUES (1,'credit_card','Credit card'),(2,'gopay','Gopay'),(3,'qris','QRIS'),(4,'shopeepay','Shopeepay'),(5,'bank_transfer','Bank transfer'),(6,'echannel','Mandiri echannel'),(7,'bca_klikpay','BCA klikpay'),(8,'bca_klikbca','KlikBCA'),(9,'cimb_clicks','CIMB Clicks'),(10,'danamon_online','Danamon Online Banking'),(11,'cstore','Over the Counter'),(12,'akulaku','Akulaku'),(13,'bri_epay','BRImo');

--
-- Table structure for table `pembayaran`
--

CREATE TABLE `pembayaran` (
  `id` int NOT NULL AUTO_INCREMENT,
  `id_user` int NOT NULL,
  `id_user_lms` int NOT NULL,
  `id_course` int NOT NULL,
  `bukti_pembayaran` text CHARACTER SET utf8mb4 COLLATE utf8mb4_0900_ai_ci,
  `status_pembayaran` varchar(25) NOT NULL,
  `created_date` timestamp NOT NULL DEFAULT CURRENT_TIMESTAMP,
  PRIMARY KEY (`id`)
) ENGINE=InnoDB AUTO_INCREMENT=37 DEFAULT CHARSET=utf8mb4 COLLATE=utf8mb4_0900_ai_ci;

--
-- Dumping data for table `pembayaran`
--

INSERT INTO `pembayaran` VALUES (13,79,83,14,'2307110424142.png','Diterima','2023-07-11 04:24:14'),(14,80,84,14,'230711065019ywzuB6X.jpg','Diterima','2023-07-11 06:50:19'),(15,79,83,15,'23071309271610. PENETAPAN HIMPUNAN KLASIFIKASI NILAI JUAL OBJEK PAJAK BUMI DAN HIMPUNAN KLASIFIKASI NILAI JUAL OBJEK PAJAK BANGUNAN SEBAGAI DASAR PENGENAAN PBB SEKTOR PERDESAAN DAN PERKOTAAN DI KOTA DEPOK TAHUN 2023.pdf','Check','2023-07-13 09:27:16'),(16,86,91,14,'23071309460510. PENETAPAN HIMPUNAN KLASIFIKASI NILAI JUAL OBJEK PAJAK BUMI DAN HIMPUNAN KLASIFIKASI NILAI JUAL OBJEK PAJAK BANGUNAN SEBAGAI DASAR PENGENAAN PBB SEKTOR PERDESAAN DAN PERKOTAAN DI KOTA DEPOK TAHUN 2023.pdf','Diterima','2023-07-13 09:46:05'),(17,87,92,17,'230720034759ywzuB6X.jpg','Ditolak','2023-07-20 03:47:59'),(18,87,92,15,'230720035452ywzuB6X.jpg','Check','2023-07-20 03:54:52'),(19,87,92,37,'230720044513ywzuB6X.jpg','Diterima','2023-07-20 04:45:13'),(20,79,83,20,'230721022640WhatsApp Image 2023-07-07 at 16.44.58.jpg','Check','2023-07-21 02:26:40'),(21,79,83,20,'230721022643WhatsApp Image 2023-07-07 at 16.44.58.jpg','Check','2023-07-21 02:26:43'),(22,79,83,20,'230721022649WhatsApp Image 2023-07-07 at 16.44.58.jpg','Diterima','2023-07-21 02:26:49'),(23,98,101,14,'230724030634chatgpt1.webp','Check','2023-07-24 08:06:34'),(24,98,101,38,'230725023231New PKP 1.png','Diterima','2023-07-25 07:32:31'),(25,98,101,38,'230725023233New PKP 1.png','Check','2023-07-25 07:32:33'),(26,98,101,38,'230725042425chatgpt1.webp','Diterima','2023-07-25 09:24:25'),(27,80,84,15,'230726023943ywzuB6X.jpg','Check','2023-07-26 07:39:43'),(28,106,109,36,'2307270232302.png','Diterima','2023-07-27 07:32:30'),(29,106,109,14,'2307270245435r-1.jpg','Check','2023-07-27 07:45:43'),(30,106,109,14,'2307270245495r-1.jpg','Diterima','2023-07-27 07:45:49'),(31,108,111,43,'230807024212screencapture-172-16-10-56-lms-public-ProfilePeserta-83-2023-07-13-15_07_12.png','Diterima','2023-08-07 07:42:12'),(32,2,6,18,'230821030104ttd.jpg','Check','2023-08-21 08:01:04'),(33,94,98,44,'2308230916575r-1.jpg','Check','2023-08-23 02:16:57'),(34,94,98,44,'2308230920364.jpg','Check','2023-08-23 02:20:36'),(35,2,6,33,'230823031714slider-2020-07-0901_42_26.jpeg','Check','2023-08-23 08:17:14'),(36,80,84,50,'230830014602WhatsApp Image 2023-08-28 at 9.53.48 AM.jpeg','Diterima','2023-08-30 06:46:02');

--
-- Table structure for table `personnel_status`
--

CREATE TABLE `personnel_status` (
  `id_status` int NOT NULL AUTO_INCREMENT,
  `kd_status` varchar(5) DEFAULT NULL,
  `status` varchar(25) NOT NULL,
  PRIMARY KEY (`id_status`)
) ENGINE=InnoDB AUTO_INCREMENT=5 DEFAULT CHARSET=latin1;

--
-- Dumping data for table `personnel_status`
--

INSERT INTO `personnel_status` VALUES (1,'SP01','Organik'),(2,'SP02','TAD'),(3,'SP03','Kandidat'),(4,'SP04','Publik');

--
-- Table structure for table `rating`
--

CREATE TABLE `rating` (
  `id_rating` int NOT NULL AUTO_INCREMENT,
  `id_course` int NOT NULL,
  `id_user` int NOT NULL,
  `id_rating_question` int NOT NULL,
  `category` varchar(50) DEFAULT NULL,
  `rate` int DEFAULT NULL,
  `answer` varchar(255) DEFAULT NULL,
  `created_at` datetime DEFAULT CURRENT_TIMESTAMP,
  `updated_at` datetime DEFAULT CURRENT_TIMESTAMP ON UPDATE CURRENT_TIMESTAMP,
  PRIMARY KEY (`id_rating`)
) ENGINE=InnoDB AUTO_INCREMENT=151 DEFAULT CHARSET=utf8mb4 COLLATE=utf8mb4_0900_ai_ci;

--
-- Dumping data for table `rating`
--

INSERT INTO `rating` VALUES (33,15,6,1,NULL,5,NULL,'2023-07-25 08:36:19','2023-07-25 08:36:19'),(34,15,6,2,NULL,5,NULL,'2023-07-25 08:36:19','2023-07-25 08:36:19'),(35,15,6,3,NULL,5,NULL,'2023-07-25 08:36:19','2023-07-25 08:36:19'),(36,15,6,4,NULL,5,NULL,'2023-07-25 08:36:19','2023-07-25 08:36:19'),(37,15,6,5,NULL,NULL,'uiyguk','2023-07-25 08:36:19','2023-07-25 08:36:19'),(38,15,6,6,NULL,NULL,'hgcfyhcg','2023-07-25 08:36:19','2023-07-25 08:36:19'),(39,15,6,7,NULL,NULL,'gygjhg','2023-07-25 08:36:19','2023-07-25 08:36:19'),(40,38,101,1,NULL,5,NULL,'2023-08-02 07:22:00','2023-08-02 07:22:00'),(41,38,101,2,NULL,4,NULL,'2023-08-02 07:22:00','2023-08-02 07:22:00'),(42,38,101,3,NULL,5,NULL,'2023-08-02 07:22:00','2023-08-02 07:22:00'),(43,38,101,4,NULL,5,NULL,'2023-08-02 07:22:00','2023-08-02 07:22:00'),(44,38,101,5,NULL,NULL,'good','2023-08-02 07:22:00','2023-08-02 07:22:00'),(45,38,101,6,NULL,NULL,'best','2023-08-02 07:22:00','2023-08-02 07:22:00'),(46,38,101,7,NULL,NULL,NULL,'2023-08-02 07:22:00','2023-08-02 07:22:00'),(47,42,126,1,NULL,5,NULL,'2023-08-07 07:28:06','2023-08-14 09:15:30'),(48,42,126,2,NULL,5,NULL,'2023-08-07 07:28:06','2023-08-14 09:15:30'),(49,42,126,3,NULL,4,NULL,'2023-08-07 07:28:06','2023-08-14 08:03:43'),(50,42,126,4,NULL,4,NULL,'2023-08-07 07:28:06','2023-08-14 08:03:43'),(51,42,126,7,NULL,0,'tes2','2023-08-07 07:28:06','2023-08-14 09:15:30'),(52,42,126,8,NULL,0,NULL,'2023-08-07 07:28:06','2023-08-07 07:28:06'),(53,42,126,5,NULL,NULL,'tes','2023-08-07 07:28:06','2023-08-14 09:15:30'),(54,42,126,6,NULL,NULL,'tes1','2023-08-07 07:28:06','2023-08-14 09:15:30'),(76,43,134,1,'stars',4,NULL,'2023-08-18 14:26:45','2023-08-18 14:26:45'),(77,43,134,2,'stars',4,NULL,'2023-08-18 14:26:45','2023-08-18 14:26:45'),(78,43,134,3,'stars',4,NULL,'2023-08-18 14:26:45','2023-08-18 14:26:45'),(79,43,134,4,'stars',5,NULL,'2023-08-18 14:26:45','2023-08-18 14:26:45'),(80,43,134,5,'input',NULL,'agses','2023-08-18 14:26:45','2023-08-18 14:26:45'),(81,43,134,6,'input',NULL,'gsgddh','2023-08-18 14:26:45','2023-08-18 14:26:45'),(82,43,134,7,'input',NULL,'gsgfes','2023-08-18 14:26:45','2023-08-18 14:26:45'),(83,44,130,1,'stars',4,NULL,'2023-08-18 15:20:47','2023-08-18 15:20:47'),(84,44,130,2,'stars',4,NULL,'2023-08-18 15:20:47','2023-08-18 15:20:47'),(85,44,130,3,'stars',4,NULL,'2023-08-18 15:20:47','2023-08-18 15:20:47'),(86,44,130,4,'stars',5,NULL,'2023-08-18 15:20:47','2023-08-18 15:20:47'),(87,44,130,5,'input',NULL,'adaw','2023-08-18 15:20:47','2023-08-18 15:20:47'),(88,44,130,6,'input',NULL,'dada','2023-08-18 15:20:47','2023-08-18 15:20:47'),(89,44,130,7,'input',NULL,'adaw','2023-08-18 15:20:47','2023-08-18 15:20:47'),(90,43,111,1,'stars',5,NULL,'2023-08-23 09:15:06','2023-08-23 09:15:06'),(91,43,111,2,'stars',5,NULL,'2023-08-23 09:15:06','2023-08-23 09:15:06'),(92,43,111,3,'stars',5,NULL,'2023-08-23 09:15:06','2023-08-23 09:15:06'),(93,43,111,4,'stars',3,NULL,'2023-08-23 09:15:06','2023-08-23 09:15:06'),(94,43,111,5,'input',NULL,'Bagus','2023-08-23 09:15:06','2023-08-23 09:15:06'),(95,43,111,6,'input',NULL,'Sangat Bermanfaat','2023-08-23 09:15:06','2023-08-23 09:15:06'),(96,42,130,1,'stars',4,NULL,'2023-08-23 09:35:58','2023-08-23 09:35:58'),(97,42,130,2,'stars',5,NULL,'2023-08-23 09:35:58','2023-08-23 09:35:58'),(98,42,130,3,'stars',5,NULL,'2023-08-23 09:35:58','2023-08-23 09:35:58'),(99,42,130,4,'stars',5,NULL,'2023-08-23 09:35:58','2023-08-23 09:35:58'),(100,42,130,5,'input',NULL,'mantap','2023-08-23 09:35:58','2023-08-23 09:35:58'),(101,42,130,6,'input',NULL,'makin menarik lagi materinnya','2023-08-23 09:35:58','2023-08-23 09:35:58'),(102,42,134,1,'stars',5,NULL,'2023-08-23 09:53:57','2023-08-23 09:53:57'),(103,42,134,2,'stars',5,NULL,'2023-08-23 09:53:57','2023-08-23 09:53:57'),(104,42,134,3,'stars',5,NULL,'2023-08-23 09:53:57','2023-08-23 09:53:57'),(105,42,134,4,'stars',4,NULL,'2023-08-23 09:53:57','2023-08-23 09:53:57'),(106,42,134,5,'input',NULL,'bagus','2023-08-23 09:53:57','2023-08-23 09:53:57'),(107,42,134,6,'input',NULL,'bagus','2023-08-23 09:53:57','2023-08-23 09:53:57'),(108,19,6,1,'stars',4,NULL,'2023-08-24 17:01:46','2023-08-24 17:01:46'),(109,19,6,2,'stars',4,NULL,'2023-08-24 17:01:46','2023-08-24 17:01:46'),(110,19,6,3,'stars',5,NULL,'2023-08-24 17:01:46','2023-08-24 17:01:46'),(111,19,6,4,'stars',5,NULL,'2023-08-24 17:01:46','2023-08-24 17:01:46'),(112,19,6,5,'input',NULL,'bagus','2023-08-24 17:01:46','2023-08-24 17:01:46'),(113,19,6,6,'input',NULL,'bagus','2023-08-24 17:01:46','2023-08-24 17:01:46'),(114,43,130,1,'stars',5,NULL,'2023-08-25 09:18:55','2023-08-25 09:18:55'),(115,43,130,2,'stars',5,NULL,'2023-08-25 09:18:55','2023-08-25 09:18:55'),(116,43,130,3,'stars',5,NULL,'2023-08-25 09:18:55','2023-08-25 09:18:55'),(117,43,130,4,'stars',5,NULL,'2023-08-25 09:18:55','2023-08-25 09:18:55'),(118,43,130,5,'input',NULL,'baguss','2023-08-25 09:18:55','2023-08-25 09:18:55'),(119,43,130,6,'input',NULL,'good','2023-08-25 09:18:55','2023-08-25 09:18:55'),(120,43,126,1,'stars',5,NULL,'2023-08-25 10:16:30','2023-08-25 10:16:30'),(121,43,126,2,'stars',5,NULL,'2023-08-25 10:16:30','2023-08-25 10:16:30'),(122,43,126,3,'stars',5,NULL,'2023-08-25 10:16:30','2023-08-25 10:16:30'),(123,43,126,4,'stars',5,NULL,'2023-08-25 10:16:30','2023-08-25 10:16:30'),(124,43,126,5,'input',NULL,'fse','2023-08-25 10:16:30','2023-08-25 10:16:30'),(125,43,126,6,'input',NULL,'gseges','2023-08-25 10:16:30','2023-08-25 10:16:30'),(126,44,126,1,'stars',5,NULL,'2023-08-25 10:21:32','2023-08-25 10:21:32'),(127,44,126,2,'stars',5,NULL,'2023-08-25 10:21:32','2023-08-25 10:21:32'),(128,44,126,3,'stars',5,NULL,'2023-08-25 10:21:32','2023-08-25 10:21:32'),(129,44,126,4,'stars',5,NULL,'2023-08-25 10:21:32','2023-08-25 10:21:32'),(130,44,126,5,'input',NULL,'drgh','2023-08-25 10:21:32','2023-08-25 10:21:32'),(131,44,126,6,'input',NULL,'dhdr','2023-08-25 10:21:32','2023-08-25 10:21:32'),(132,42,131,1,'stars',5,NULL,'2023-08-25 15:57:30','2023-08-25 15:57:30'),(133,42,131,2,'stars',5,NULL,'2023-08-25 15:57:30','2023-08-25 15:57:30'),(134,42,131,3,'stars',5,NULL,'2023-08-25 15:57:30','2023-08-25 15:57:30'),(135,42,131,4,'stars',4,NULL,'2023-08-25 15:57:30','2023-08-25 15:57:30'),(136,42,131,11,'stars',5,NULL,'2023-08-25 15:57:30','2023-08-25 15:57:30'),(137,42,131,5,'input',NULL,'fafa','2023-08-25 15:57:30','2023-08-25 15:57:30'),(138,42,131,6,'input',NULL,'faaw','2023-08-25 15:57:30','2023-08-25 15:57:30'),(139,42,148,1,'stars',5,NULL,'2023-08-29 15:23:13','2023-08-29 15:23:13'),(140,42,148,2,'stars',5,NULL,'2023-08-29 15:23:13','2023-08-29 15:23:13'),(141,42,148,3,'stars',5,NULL,'2023-08-29 15:23:13','2023-08-29 15:23:13'),(142,42,148,4,'stars',5,NULL,'2023-08-29 15:23:13','2023-08-29 15:23:13'),(143,42,148,5,'input',NULL,'bagus','2023-08-29 15:23:13','2023-08-29 15:23:13'),(144,42,148,6,'input',NULL,'good','2023-08-29 15:23:13','2023-08-29 15:23:13'),(145,50,84,1,'stars',3,NULL,'2023-08-30 13:53:57','2023-08-30 13:53:57'),(146,50,84,2,'stars',4,NULL,'2023-08-30 13:53:57','2023-08-30 13:53:57'),(147,50,84,3,'stars',5,NULL,'2023-08-30 13:53:57','2023-08-30 13:53:57'),(148,50,84,4,'stars',4,NULL,'2023-08-30 13:53:57','2023-08-30 13:53:57'),(149,50,84,5,'input',NULL,'bagus','2023-08-30 13:53:57','2023-08-30 13:53:57'),(150,50,84,6,'input',NULL,'oke','2023-08-30 13:53:57','2023-08-30 13:53:57');

--
-- Table structure for table `rating_question`
--

CREATE TABLE `rating_question` (
  `id_rating_question` int NOT NULL AUTO_INCREMENT,
  `question` varchar(100) NOT NULL,
  `category` varchar(50) DEFAULT NULL,
  `status` tinyint DEFAULT '1',
  PRIMARY KEY (`id_rating_question`)
) ENGINE=InnoDB AUTO_INCREMENT=12 DEFAULT CHARSET=utf8mb4 COLLATE=utf8mb4_0900_ai_ci;

--
-- Dumping data for table `rating_question`
--

INSERT INTO `rating_question` VALUES (1,'Durasi Training','stars',1),(2,'Kualitas Suara','stars',1),(3,'Kualitas Video','stars',1),(4,'Materi Mudah Dipahami','stars',1),(5,'Ulasan / Komentar','input',1),(6,'Usulan Topik Training','input',1),(7,'Komentar','input',0),(9,'Trainer Good Looking','stars',0),(10,'Krtik & Saran dongs','input',0),(11,'Good Looking','stars',0);

--
-- Table structure for table `role`
--

CREATE TABLE `role` (
  `id` int NOT NULL AUTO_INCREMENT,
  `nama` varchar(50) NOT NULL,
  PRIMARY KEY (`id`)
) ENGINE=InnoDB AUTO_INCREMENT=7 DEFAULT CHARSET=latin1;

--
-- Dumping data for table `role`
--

INSERT INTO `role` VALUES (1,'Admin'),(2,'Peserta'),(3,'HC'),(4,'BONM'),(5,'Jagoti'),(6,'Finance Admin');

--
-- Table structure for table `status_nilai`
--

CREATE TABLE `status_nilai` (
  `id_status_nilai` int NOT NULL AUTO_INCREMENT,
  `nilai_awal` int NOT NULL,
  `nilai_akhir` int NOT NULL,
  `status` varchar(50) NOT NULL,
  `remedial` int NOT NULL DEFAULT '0',
  PRIMARY KEY (`id_status_nilai`)
) ENGINE=InnoDB AUTO_INCREMENT=5 DEFAULT CHARSET=utf8mb4 COLLATE=utf8mb4_0900_ai_ci;

--
-- Dumping data for table `status_nilai`
--

INSERT INTO `status_nilai` VALUES (1,0,69,'Kurang',1),(2,70,79,'Cukup',0),(3,80,89,'Baik',0),(4,90,100,'Sangat Baik',0);

--
-- Table structure for table `sub_job`
--

CREATE TABLE `sub_job` (
  `id_sub_job` int NOT NULL AUTO_INCREMENT,
  `id_kategori_job` int DEFAULT NULL,
  `kd_sub_job` varchar(7) CHARACTER SET latin1 COLLATE latin1_swedish_ci DEFAULT NULL,
  `sub_job` varchar(255) CHARACTER SET latin1 COLLATE latin1_swedish_ci NOT NULL,
  `id_job_parent` int DEFAULT NULL,
  PRIMARY KEY (`id_sub_job`)
) ENGINE=InnoDB AUTO_INCREMENT=2936 DEFAULT CHARSET=latin1;

--
-- Dumping data for table `sub_job`
--

INSERT INTO `sub_job` VALUES (1,2,'JB0002','CASHIER',11205),(2,2,'JB0005','ACCOUNTING',11205),(3,2,'JB0006','ADMIN',11205),(4,2,'JB0007','CLERK',11205),(5,2,'JB0071','C00130.CREDIT ORDER CLERK CWK',11205),(6,2,'JB0073','ACCOUNTING STAFF',11205),(7,2,'JB0074','ADMINISTRATION STAFF',11205),(8,2,'JB0075','AR ADMINISTRATION OFFICER',11205),(9,2,'JB0076','AR SUPPORT STAFF',11205),(10,2,'JB0084','CREDIT ADMINISTRATION STAFF',11205),(11,2,'JB0088','FINANCE ADMINISTRATION STAFF',11205),(12,2,'JB0090','GA ADMINISTRATION',11205),(13,2,'JB0092','GA MAINTENANCE ADMINISTRATION',11205),(14,2,'JB0093','GA ADMINISTRATION STAFF',11205),(15,2,'JB0094','HR & GA ADMINISTRATION',11205),(16,2,'JB0095','HR ADMINISTRATION',11205),(17,2,'JB0097','IT DATABASE ADMINISTRATOR',11205),(18,2,'JB0104','KPM ADMINISTRATION',11205),(19,2,'JB0106','LEGAL ADMINISTRATION',11205),(20,2,'JB0107','MARKETING ADMINISTRATION STAFF',11205),(21,2,'JB0110','MBIZ ADMINISTRATION',11205),(22,2,'JB0117','C00003.CASHIER CWK',11205),(23,2,'JB0125','CWR0003750.INDUSTRIAL RELATIONS ADMINISTRATOR OUTSOURCE',11205),(24,2,'JB0147','CUSTODIAN ADMINISTRATION STAFF',11205),(25,2,'JB0182','CREDIT ADMINSTRATION STAFF',11205),(26,2,'JB0189','FILLING ADMINISTRATION',11205),(27,2,'JB0190','ASSOCIATE ADMINISTRATION',11205),(28,2,'JB0192','HOP ADMINISTRATION',11205),(29,2,'JB0196','C00004.ADMINISTRATOR OUTSOURCE',11205),(30,2,'JB0201','C00010.CREDIT CLERK SPEKTRA CWK',11205),(31,2,'JB0205','C00173.CLERK',11205),(32,2,'JB0207','C00178.REGION CREDIT PROCESS CLERK CWK',11205),(33,2,'JB0209','C00181.REGION CREDIT CLERK CWK',11205),(34,2,'JB0221','C00191.DMS CLERK',11205),(35,2,'JB0228','C00202.FIDUCIA CLERK KF',11205),(36,2,'JB0231','C00205.CREDIT ORDER AND APPLICATION CLERK',11205),(37,2,'JB0244','DATA ENTRY STAFF',11205),(38,2,'JB0245','DATABASE ADMINISTRATION STAFF',11205),(39,2,'JB0249','FIDUCIA ADMINISTRATION',11205),(40,2,'JB0251','PART ADMINISTRATION',11205),(41,2,'JB0253','POLICY ADMINISTRATION',11205),(42,2,'JB0256','PROJECT ADMINISTRATION',11205),(43,2,'JB0258','REGIONAL ADMINISTRATION',11205),(44,2,'JB0264','SALES ADMINISTRATION',11205),(45,2,'JB0271','STAFF ADMIN BENGKEL',11205),(46,2,'JB0272','STAFF ADMIN CARPOOLING',11205),(47,2,'JB0273','STAFF ADMIN CONTROL OPERATION',11205),(48,2,'JB0274','STAFF ADMIN DISPATCHER',11205),(49,2,'JB0275','STAFF ADMINISTRASI NOTARIS',11205),(50,2,'JB0277','STOCK ADMINISTRATION',11205),(51,2,'JB0292','C00176.LIBRARY ADMINISTRATOR',11205),(52,2,'JB0300','C00168.CREDIT ADMINISTRATION SPEKTRA CWK',11205),(53,2,'JB0301','C00169.CASHIER SPEKTRA CWK',11205),(54,2,'JB0305','GOCAR ADMINISTRATION',11205),(55,2,'JB0307','ADMINISTRATION COLLECTION',11205),(56,2,'JB0309','ADMIN BUSINESS INITIATIVE',11205),(57,2,'JB0313','ADMIN COLLATERAL',11205),(58,2,'JB0314','SUPPORT ADMINISTRATION STAFF',11205),(59,2,'JB0321','HC3 ADMINISTRATION',11205),(60,2,'JB0332','ADMIN PRODUKSI',11205),(61,2,'JB0333','ADMIN SUPPORT MARKETING',11205),(62,2,'JB0340','BUSINESS PROJECT ADMINISTRATOR',11205),(63,2,'JB0348','MITRA ADMIN KUALITAS',11205),(64,2,'JB0358','STAFF ADMINISTRASI & DATABASE INDUK DOKUMEN TERPADU',11205),(65,2,'JB0368','STAF ADMIN (KT)',11205),(66,2,'JB0370','STAFF ADMIN INCUBATOR',11205),(67,2,'JB0374','STAFF ADMIN KT',11205),(68,2,'JB0377','STAF ADMINISTRASI & DATABASE INDUK DOKUMEN TERPADU KT',11205),(69,2,'JB0380','STAFF ADMIN (KP)',11205),(70,2,'JB0399','ADMIN REGIONAL',11205),(71,2,'JB0407','TAX STAFF',11205),(72,2,'JB0408','ADMIN ENTRY DATA',11205),(73,2,'JB0411','ADMIN CREDIT',11205),(74,2,'JB0415','C00248.HC PERFORMANCE & REWARD ADMINISTRATOR OUTSOURCE',11205),(75,2,'JB0425','ADMIN CONSUMABLE SORTATION',11205),(76,2,'JB0426','ADMIN ROUTES',11205),(77,2,'JB0427','FACILITY ADMIN',11205),(78,2,'JB0428','ADMIN FLEET (DW)',11205),(79,2,'JB0430','ASSET ADMIN TECH & INFRASTRUCTURE',11205),(80,2,'JB0431','LHS ADMIN',11205),(81,2,'JB0437','ADMIN LOGISTIK',11205),(82,2,'JB0438','ADMIN SPG - REGULER',11205),(83,2,'JB0439','ADMIN SPG - STOPPER',11205),(84,2,'JB0445','PERSONNEL ADMINISTRATION',11205),(85,2,'JB0448','ADMIN COLLECTOR',11205),(86,2,'JB0452','C00197.AMF SPEKTRA E-COMMERCE DEVELOPMENT ADMINISTRATOR OUTSOURCE',11205),(87,2,'JB0453','C00213.ACCOUNTING & TAX ADMINISTRATOR OUTSOURCE',11205),(88,2,'JB0454','C00217.CAR AND UMC FINANCING JAWA BALI 1 AREA ADMINISTRATOR OUTSOURCE',11205),(89,2,'JB0455','C00220.CAR AND UMC FINANCING NON JAWA BALI 2 AREA ADMINISTRATOR OUTSOURCE',11205),(90,2,'JB0456','C00223.COLLATERAL & INSURANCE ADMINISTRATOR OUTSOURCE',11205),(91,2,'JB0457','C00225.CORP ESR ADMINISTRATOR OUTSOURCE',11205),(92,2,'JB0458','C00226.CORP SAFETY & SECURITY ADMINISTRATOR OUTSOURCE',11205),(93,2,'JB0459','C00235.CREDIT MANAGEMENT ADMINISTRATOR OUTSOURCE',11205),(94,2,'JB0460','C00237.CRM OFF LINE & SERVICE ADMINISTRATOR OUTSOURCE',11205),(95,2,'JB0461','C00240.GENERAL SERVICES ADMINISTRATOR OUTSOURCE',11205),(96,2,'JB0462','C00241.HC CLASS LEARNING ADMINISTRATOR OUTSOURCE',11205),(97,2,'JB0463','C00243.HC DIGITAL LEARNING ADMINISTRATOR OUTSOURCE',11205),(98,2,'JB0464','C00244.HC INDUSTRIAL RELATIONS ADMINISTRATOR OUTSOURCE',11205),(99,2,'JB0465','C00246.HC OPERATION & SERVICE ADMINISTRATOR OUTSOURCE',11205),(100,2,'JB0466','C00247.HC ORGANIZATION DEVELOPMENT ADMINISTRATOR OUTSOURCE',11205),(101,2,'JB0467','C00251.INTERNAL AUDIT ADMINISTRATOR OUTSOURCE',11205),(102,2,'JB0468','C00263.MARKETING COMMUNICATION & SUPPORT ADMINISTRATOR OUTSOURCE',11205),(103,2,'JB0469','C00264.MARKETING INTELLIGENCE & PDCA ADMINISTRATOR OUTSOURCE',11205),(104,2,'JB0470','C00272.PROCUREMENT MANAGEMENT ADMINISTRATOR OUTSOURCE',11205),(105,2,'JB0471','C00274.REMEDIAL AND RECOVERY MANAGEMENT ADMINISTRATOR',11205),(106,2,'JB0472','C00277.TAX ADMINISTRATOR OUTSOURCE',11205),(107,2,'JB0473','C00279.TREASURY ADMINISTRATOR OUTSOURCE',11205),(108,2,'JB0474','C00280.LEGAL BUSINESS COUNSEL ADMINISTRATOR OUTSOURCE',11205),(109,2,'JB0475','TECHNICIAN ADMINISTRATION',11205),(110,2,'JB0477','PIC RO',11205),(111,2,'JB0478','BUSINESS DEVELOPMENT ADMINISTRATION',11205),(112,2,'JB0479','DIGITAL MARKETING ADMINISTRATION',11205),(113,2,'JB0481','ADMIN KPR',11205),(114,2,'JB0490','ADMIN OPERATION',11205),(115,2,'JB0498','FLEET ADMIN SUPPORT',11205),(116,2,'JB0507','ADMIN SCANNER',11205),(117,2,'JB0515','STAFF ADMIN',11205),(118,2,'JB0521','STAF ADMINISTRASI & DATABASE INDUK DOKUMEN TERPADU (KT)',11205),(119,2,'JB0525','STAFF ADMIN DIVISI OPP',11205),(120,2,'JB0529','C00242.HC CULTURE INTERNALIZATION ADMINISTRATOR OUTSOURCE',11205),(121,2,'JB0530','C00228.CORPORATE COMMUNICATION ADMINISTRATOR OUTSOURCE',11205),(122,2,'JB0549','ADMINISTRASI',11205),(123,2,'JB0559','C00296.MEMBERSHIP ADMINISTRATION CLERK',11205),(124,2,'JB0560','ADMIN FLEET DW',11205),(125,2,'JB0574','ADMIN TOWER',11205),(126,2,'JB0576','ADMIN BEKASI',11205),(127,2,'JB0580','ADMIN ADDITIONAL TRACER',11205),(128,2,'JB0583','ADMIN COLLECTION',11205),(129,2,'JB0587','SALES COUNTER / ADMIN JUNIOR JAKARTA',11205),(130,2,'JB0588','CONTENT CREATOR ADIMISTRATION',11205),(131,2,'JB0595','ADMIN SELLER PLATFORM KUDO',11205),(132,2,'JB0596','ADMIN FINANCE KUDO',11205),(133,2,'JB0602','ADMINISTRASI MARKETING',11205),(134,2,'JB0606','ASISTEN ADMINISTRASI DIVISI PENGATURAN OPERASIONAL PERDAGANGAN',11205),(135,2,'JB0607','PROCUREMENT ADMIN SUPPLY CHAIN',11205),(136,2,'JB0618','ADMIN WMS',11205),(137,2,'JB0619','ADMIN ORDER PROCESSOR',11205),(138,2,'JB0620','ADMIN POD',11205),(139,2,'JB0621','ADMIN SAP',11205),(140,2,'JB0622','AMU ADMINISTRATION STAFF',11205),(141,2,'JB0625','FLEET ASET ADMIN',11205),(142,2,'JB0630','STAF ADMINISTRASI TEMPORER KP SUMATERA UTARA',11205),(143,2,'JB0638','ADMIN PART SERVICE',11205),(144,2,'JB0647','ADMIN FINANCE BL',11205),(145,2,'JB0650','INSURANCE ADMINISTRATION (INSAD)',11205),(146,2,'JB0653','DATA SERVICES ADMINISTRATION',11205),(147,2,'JB0659','ADMIN FINANCE (KASIR) KUDO',11205),(148,2,'JB0665','AHAS ADMIN SUPPORT',11205),(149,2,'JB0666','ADMIN Q-SYSTEM CHECKER',11205),(150,2,'JB0669','FACILITY ADMIN OUTSOURCHING',11205),(151,2,'JB0673','BIIC ADMIN',11205),(152,2,'JB0676','ADMINISTRATION SUPPORT',11205),(153,2,'JB0680','SENIOR ADMIN SUPPORT',11205),(154,2,'JB0686','ADMIN OPERATION SORTATION',11205),(155,2,'JB0687','FIRST MILE ADMIN SUPPORT',11205),(156,2,'JB0689','FLEET CONTRACT ADMIN',11205),(157,2,'JB0692','FLEET ONBOARDING ADMIN',11205),(158,2,'JB0693','FLEET PAYMENT ADMIN',11205),(159,2,'JB0694','FLEET VALIDATION ADMIN',11205),(160,2,'JB0707','ADMISSION ENGINEERING',11205),(161,2,'JB0708','BRANCH ADMIN SUPPORT',11205),(162,2,'JB0709','BRANCH COLLECTION ADMIN',11205),(163,2,'JB0710','C00297.AWDA ADMINISTRATOR',11205),(164,2,'JB0712','ENTRY DATA',11205),(165,2,'JB0714','HRBP ADMIN',11205),(166,2,'JB0716','ADMISSION',11205),(167,2,'JB0721','C00002.AWDA GENERAL ADMINISTRATOR CWK',11205),(168,2,'JB0722','PEOPLE & CHANNEL ADMINISTRATOR',11205),(169,2,'JB0723','C00003.FINANCE AND TAX ADMINISTRATOR OUTSOURCE',11205),(170,2,'JB0728','C00311.DIGITAL OPERATION ADMINISTRATOR OUTSOURCE',11205),(171,2,'JB0730','ADMIN LEGAL',11205),(172,2,'JB0731','KASIR BL',11205),(173,2,'JB0736','ADMIN CREDIT CONTROL',11205),(174,2,'JB0737','FLEET MANAGEMENT ADMIN',11205),(175,2,'JB0744','CREDIT OPERATION ADMIN',11205),(176,2,'JB0745','ADMIN CHECKING POINT',11205),(177,2,'JB0751','ADMIN PAYMENT',11205),(178,2,'JB0752','FLEET ADMIN CONTRACT SPECIALIST',11205),(179,2,'JB0758','GENERAL SERVICE ADMINISTRATOR CENTER',11205),(180,2,'JB0760','ADMIN SUPPORT OFFICER',11205),(181,2,'JB0762','SEKRETARIS TEMPORER DIVISI PP1',11205),(182,2,'JB0767','LITIGATION ADMINISTRATION STAFF',11205),(183,2,'JB0769','ADMIN CONSUMABLE SC',11205),(184,2,'JB0775','C00318.UFI MARKETING PLANNING AND DEVELOPMENT ADMINISTRATOR',11205),(185,2,'JB0776','ADMIN SUPPORT',11205),(186,2,'JB0784','ADMIN DC',11205),(187,2,'JB0785','ADMIN TP',11205),(188,2,'JB0795','ASISTEN ADMINISTRASI',11205),(189,2,'JB0796','STAF ADMINISTRASI TEMPORER ? KP JAWA TENGAH 1',11205),(190,2,'JB0798','LHS ADMIN (PKHL)',11205),(191,2,'JB0801','IS ADMIN',11205),(192,2,'JB0811','ADMIN TRAINING',11205),(193,2,'JB0812','ADMIN VALIDATION',11205),(194,2,'JB0813','FLEET LMS ADMIN',11205),(195,2,'JB0816','ACADEMIC ADMINISTRATION OFFICER',11205),(196,2,'JB0818','FINANCE STAFF',11205),(197,2,'JB0821','ADMIN SURVEYOR RDOP',11205),(198,2,'JB0822','DOP ADMIN',11205),(199,2,'JB0823','ACQUISITION PROCESSING ADMIN',11205),(200,2,'JB0832','ADMIN FLEET',11205),(201,2,'JB0835','ADMIN RECEPTION',11205),(202,2,'JB0869','ADMIN ROUTES/VALIDATOR',11205),(203,2,'JB0870','HRBP ADMIN SENIOR',11205),(204,2,'JB0873','ADMIN EVENT RUNNER',11205),(205,2,'JB0878','TRANSPORT ADMIN',11205),(206,2,'JB0880','COLLECTION ADMINISTRATION STAFF',11205),(207,2,'JB0881','FLEET KERANI',11205),(208,2,'JB0885','PMP ADMIN',11205),(209,2,'JB0891','ASISTEN ADMINISTRASI DIVISI PENILAIAN PERUSAHAAN 2',11205),(210,2,'JB0901','TRAFFIC ADMIN',11205),(211,2,'JB0902','STAFF CASHIER',11205),(212,2,'JB0903','ADMIN DEMAND SUPPLY & ADMIN INVOICE',11205),(213,2,'JB0908','TECHNICAL SERVICE ADMIN',11205),(214,2,'JB0914','ADMIN TOWER BL',11205),(215,2,'JB0916','FLEET ADMIN PROJECT',11205),(216,2,'JB0917','ADMIN SUPPLY CHAIN',11205),(217,2,'JB0918','ADMIN REMEDIAL',11205),(218,2,'JB0921','STAF ADMIN PROYEK DIVISI HUKUM',11205),(219,2,'JB0935','FLEET SOCIAL MEDIA ADMIN',11205),(220,2,'JB0936','ADMIN HUB',11205),(221,2,'JB0954','ACADEMIC ADMINISTRATION',11205),(222,2,'JB0961','BUSINESS OPERATION ADMIN',11205),(223,2,'JB0963','FIRST MILE ADMIN',11205),(224,2,'JB0964','ADMIN OPERATION SC',11205),(225,2,'JB0979','IT STORAGE ADMIN',11205),(226,2,'JB0981','ADMINISTRATOR TSD',11205),(227,2,'JB0986','SALES COUNTER / ADMIN SENIOR JAKARTA',11205),(228,2,'JB1006','ASISTEN ADMINISTRASI DIVISI PENGEMBANGAN PASAR',11205),(229,2,'JB1007','MAINTENANCE & PROCUREMENT ADMINISTRATOR',11205),(230,2,'JB1008','HUMAN CAPITAL DIGITAL LEARNING ADMINISTRATOR',11205),(231,2,'JB1009','ADMIN ROUTES/VALIDATOR (CP)',11205),(232,2,'JB1018','REGIONAL ADMINISTRATION SUPPORT STAFF',11205),(233,2,'JB1028','STAFF ADMINISTRASI KP JAWA BARAT',11205),(234,2,'JB1040','ADMIN WAREHOUSE',11205),(235,2,'JB1042','STAFF ADMIN - DIVISI PWI',11205),(236,2,'JB1046','LOST & PREVENTION ADMIN',11205),(237,2,'JB1050','C00237.CRM OFF LINE & SERVICE ADMINISTRATOR OUTSOURCE',11205),(238,2,'JB1055','C00234.CREDIT DEVELOPMENT ADMINISTRATOR OUTSOURCE',11205),(239,2,'JB1062','RETAIL ADMINISTRATION',11205),(240,2,'JB1063','HRBP ADMIN DW',11205),(241,2,'JB1064','FINANCE ADMINISTRATION',11205),(242,2,'JB1065','STAF ADMINISTRASI TEMPORER KP JAKARTA',11205),(243,2,'JB1066','PRODUCTIVITY ADMIN',11205),(244,2,'JB1071','PROJECT ADMINISTRATOR',11205),(245,2,'JB1072','FLEET DATABASE ADMIN',11205),(246,2,'JB1073','ADMIN MV CLAIM',11205),(247,2,'JB1079','C00001.AMITRA MARKETING PLANNING AND DEVELOPMENT ADMINISTRATOR OUTSOURCE',11205),(248,2,'JB1095','STAFF ADMINISTRASI KP BANTEN',11205),(249,2,'JB1114','ADMIN GA',11205),(250,2,'JB1182','PROJECT ADMIN I',11205),(251,2,'JB1183','PROJECT ADMIN II',11205),(252,2,'JB1187','ADMIN FINANCE',11205),(253,2,'JB1202','SALES ADMINISTRATOR',11205),(254,2,'JB1206','ADMINISTRATION',11205),(255,2,'JB1209','ADMINISTRATION HEAD',11205),(256,2,'JB1214','ADMIN INVOICE',11205),(257,2,'JB1220','ADMIN VERIFIKASI CALL',11205),(258,2,'JB1245','RETAIL MARKETING & CHANNEL ADMINISTRATOR',11205),(259,2,'JB1258','PROJECT ADMIN DIVISI HUKUM',11205),(260,2,'JB1263','ADMIN DATA ENTRY',11205),(261,2,'JB1269','STAF ADMINISTRASI TEMPORER KP BENGKULU',11205),(262,2,'JB1274','KYC INPUT',11205),(263,1,'JB1278','ACCOUNT PAYABLE ADMINISTRATOR',11205),(264,1,'JB1281','BILLING ADMIN',11205),(265,1,'JB1286','BILLING ADMIN',11205),(266,1,'JB1321','DOCUMENT CONTROLLER ADMINISTRATOR',11205),(267,1,'JB1326','GS ADMINISTRATOR',11205),(268,1,'JB1332','IT HELPDESK ADMINISTRATOR',11205),(269,1,'JB1337','IR NETWORK ADMINISTRATOR',11205),(270,1,'JB1364','HC OPERATIONAL ADMINISTRATOR',11205),(271,1,'JB1394','REPORTING ADMINISTRATOR',11205),(272,2,'JB1436','SITE ADMINISTRATION',11205),(273,2,'JB1438','ADMIN INBOUND',11205),(274,2,'JB1439','ADMIN OUTBOUND',11205),(275,2,'JB1440','MESSENGER & FINANCE ADMINISTRATION',11205),(276,2,'JB1447','ADMIN DKM',11205),(277,2,'JB1448','ADMINISTRATION SUPPORT SPECIALIST',11205),(278,1,'JB1460','CLERK',11205),(279,1,'JB1461','ADMINISTRATOR',11205),(280,1,'JB1470','SENIOR ADMINISTRATOR RECRUITMENT',11205),(281,1,'JB1471','SENIOR ADMINISTRATOR SOURCING',11205),(282,1,'JB1472','SENIOR ADMINISTRATOR OPERATIONAL',11205),(283,1,'JB1473','ADMINISTRATOR OPERATIONAL',11205),(284,1,'JB1475','SENIOR ADMINISTRATOR BRANCH SOURCING',11205),(285,1,'JB1476','SENIOR ADMINISTRATOR BRANCH REPRESENTATIVE',11205),(286,1,'JB1477','SENIOR ADMINISTRATOR LEGAL',11205),(287,1,'JB1478','SENIOR ADMINISTRATOR BRANCH RECRUITER',11205),(288,1,'JB1479','AR ADMINISTRATION STAFF',11205),(289,1,'JB1481','SENIOR ADMINISTRATOR BRANCH OPERATIONAL',11205),(290,1,'JB1488','PERSONNEL ADMINISTRATOR',11205),(291,1,'JB1489','QUALITY ASSURANCE ADMINISTRATOR',11205),(292,1,'JB1494','BUDGET ADMINISTRATOR',11205),(293,1,'JB1500','RECRUITMENT ADMINISTRATOR',11205),(294,1,'JB1501','PERSONAL ADMINISTRATOR',11205),(295,1,'JB1509','ACCOUNT RECEIVEABLE ADMINISTRATION STAFF',11205),(296,1,'JB1510','RELATION ADMINISTRATION STAFF',11205),(297,1,'JB1518','LOB CALL CENTER ADMINISTRATION STAFF',11205),(298,1,'JB1519','PAYROLL ADMINISTRATOR STAFF',11205),(299,1,'JB1524','COMPETATION BENEFITS CLERK',11205),(300,1,'JB1525','PERSONAL ADMINISTRATION',11205),(301,1,'JB1527','ADMIN MARKETING SUPPORT',11205),(302,1,'JB1538','FINANCE ADMINISTRATOR',11205),(303,1,'JB1540','COMPENSATION BENEFITS CLERK',11205),(304,1,'JB1546','GENERAL SERVICE ADMINISTRATOR',11205),(305,1,'JB1549','GENERAL SERVICE ADMNISTRATOR',11205),(306,1,'JB1552','GA ADMINISTRATOR',11205),(307,1,'JB1554','IT MANAGEMENT SERVICES ADMINISTRATOR',11205),(308,1,'JB1565','FINANCE ACCOUNTING ADMINISTRATOR CENTER',11205),(309,1,'JB1587','FINANCE ADMINISTRATOR CENTER',11205),(310,1,'JB1588','CONTRACT& ID CARD ADMINISTRATION',11205),(311,1,'JB1591','GENERAL SERVICE ADMINISTRATOR CENTER',11205),(312,1,'JB1597','IT HELPDESK ADMINISTRATOR',11205),(313,1,'JB1599','CONTRACT ADMINISTRATOR',11205),(314,1,'JB1615','REPORTING ADMIN',11205),(315,1,'JB1617','ADMIN TELECOLLECTION',11205),(316,1,'JB1627','CONTRACT & ID CARD ADMINISTRATOR',11205),(317,1,'JB1637','BENEFIT ADMINISTRATOR FIFGROUP',11205),(318,1,'JB1639','ADMIN FINANCE CENTER',11205),(319,1,'JB1650','SENIOR ADMINISTRATOR BRANCH OPERATION',11205),(320,1,'JB1651','PAYROLL ADMINISTRTOR STAFF',11205),(321,1,'JB1656','ACCOUNTING ADMINISTRATOR',11205),(322,1,'JB1657','HR & FA ADMINISTRATION STAFF',11205),(323,1,'JB1658','MARKETING SUPPORT ADMINISTRATOR',11205),(324,1,'JB1665','ADMIN FINANCE',11205),(325,1,'JB1668','JUNIOR ADMINISTRATOR',11205),(326,1,'JB1669','SENIOR ADMINIATRATOR',11205),(327,1,'JB1670','ENTRY DATA PROCESSING ADMINISTRATOR',11205),(328,1,'JB1672','LOB LO PERSONAL ADMIN',11205),(329,1,'JB1687','IT SUPPORT ADMINISTRATOR',11205),(330,2,'JB1691','ADMIN TAX',11205),(331,3,'JB1705','ADMIN FLEET (DW)',11205),(332,2,'JB1707','BRANCH REMEDIAL ADMIN',11205),(333,2,'JB1708','Admin Price Scrapping',11205),(334,2,'JB1709','Admin Accounting',11205),(335,2,'JB1710','Admin Revenue',11205),(336,2,'JB1711','ADMIN (DW)',11205),(337,2,'JB1719','Document Administrator I',11205),(338,2,'JB1720','Document Administrator II',11205),(339,2,'JB1725','Admin Upload Product Category',11205),(340,2,'JB1726','Admin Outbound (DW)',11205),(341,2,'JB1728','Admin Inbound (DW)',11205),(342,2,'JB1730','Admin B2B (DW)',11205),(343,2,'JB1738','Admin Return & Dispute Resolution',11205),(344,2,'JB1749','Admin B2B',11205),(345,2,'JB1751','CRM ADMIN SUPPORT',11205),(346,2,'JB1753','ADMIN SALES',11205),(347,2,'JB1754','ADMIN UPLOADER MAINAN VIDEO GAMES',11205),(348,2,'JB1756','ADMIN SELLER',11205),(349,2,'JB1757','ADMIN HC GS',11205),(350,2,'JB1758','ADMIN LEGAL KYC',11205),(351,2,'JB1764','ADMIN FILLING (DW)',11205),(352,2,'JB1766','ADMINISTRASI UNIT ANALISIS BISNIS',11205),(353,2,'JB1774','ADMIN OPERATIONAL EXCELLENCE',11205),(354,2,'JB1776','ADMIN GA (DW)',11205),(355,2,'JB1781','ADMIN SCREENING',11205),(356,2,'JB1782','ADMIN UPLOADER BEAUTY AND HEALTH',11205),(357,2,'JB1783','ADMIN UPLOADER FASHION MUSLIM & INVESTASI',11205),(358,2,'JB1796','ADMIN RETAIL',11205),(359,2,'JB1797','ADMIN ROUTING',11205),(360,2,'JB1803','ADMIN DEPT OPERATION',11205),(361,2,'JB1804','SC ADMIN',11205),(362,2,'JB1806','FLEET ANALYST',11205),(363,2,'JB1810','DATA ENTRY & COLLECTION SUPPORT SPECIALIST',11205),(364,2,'JB1815','SEKRETARIS',11205),(365,2,'JB1824','ADMIN FLEET MANAGEMENT',11205),(366,2,'JB1826','C00329.CASHIER CWK',11205),(367,2,'JB1829','ADMIN SUPPORT TDS',11205),(368,2,'JB1835','C00320.ACCOUNTING ADMINISTRATOR OUTSOURCE',11205),(369,2,'JB1841','HOMEBASE ADMIN SUPERVISOR',11205),(370,2,'JB1844','JUNIOR ADMINISTRATOR SALES I',11205),(371,2,'JB1848','JUNIOR ADMINISTRATOR SALES II',11205),(372,2,'JB1849','WAREHOUSE ADMIN',11205),(373,2,'JB1857','ADMINISTRASI INKASO',11205),(374,2,'JB1858','ADMINISTRASI LOGISTIK',11205),(375,2,'JB1859','ADMINISTRASI QUALITY',11205),(376,2,'JB1860','ADMINISTRASI UMUM',11205),(377,2,'JB1865','C00008.ADA SYSTEM OPERATION ADMINISTRATOR OUTSOURCE',11205),(378,2,'JB1866','STAF ADMINISTRASI TEMPORER KP SUMSEL',11205),(379,2,'JB1867','C00009.ADA PRODUCT PROCESS ADMINISTRATOR CWK',11205),(380,2,'JB1872','STAFF ADMINISTRASI KP BALI',11205),(381,2,'JB1875','SUPPLY CHAIN ADMINISTRATION',11205),(382,2,'JB1881','ADMIN PRODUCT',11205),(383,2,'JB1892','JUNIOR ADMIN ASSISTANT',11205),(384,2,'JB1914','JUNIOR ADMINISTRATOR LAYANAN PELANGGAN I',11205),(385,2,'JB1915','JUNIOR ADMINISTRATOR IMPLEMENTASI PROYEK I',11205),(386,2,'JB1916','JUNIOR ADMINISTRATOR IMPLEMENTASI PROYEK II',11205),(387,2,'JB1917','JUNIOR ADMINISTRATOR LAYANAN PELANGGAN II',11205),(388,2,'JB1918','ADMIN HUMAN CAPITAL OPERATION AND SERVICES',11205),(389,2,'JB1920','JUNIOR ADMINISTRATOR LAYANAN UMUM I',11205),(390,2,'JB1921','JUNIOR ADMINISTRATOR LAYANAN UMUM II',11205),(391,2,'JB1922','ADMINISTRASI STAFF',11205),(392,2,'JB1923','C00020.AWDA ADMIN HUMAN CAPITAL OPERATION AND SERVICES CWK',11205),(393,2,'JB1927','JUNIOR ADMINISTRATOR ANGGARAN & AKUNTANSI I',11205),(394,2,'JB1928','JUNIOR ADMINISTRATOR ANGGARAN & AKUNTANSI II',11205),(395,2,'JB1930','BUSINESS DEVELOPMENT ADMIN',11205),(396,2,'JB1933','STAFF ACCOUNTING',11205),(397,2,'JB1934','ADMINISTRATOR',11205),(398,2,'JB1935','BUILDING MANAGEMENT ADMINISTRATOR',11205),(399,2,'JB1940','GENERAL AFFAIR ADMIN',11205),(400,2,'JB1942','ADMIN STAFF',11205),(401,2,'JB1943','STAFF ADMINISTRASI KP NUSA TENGGARA BARAT',11205),(402,2,'JB1944','JUNIOR ADMINISTRATOR HUKUM & PENGADAAN I',11205),(403,2,'JB1945','JUNIOR ADMINISTRATOR HUKUM & PENGADAAN II',11205),(404,2,'JB1962','ACCOUNT PAYABLE ADMINISTRATOR',11205),(405,2,'JB1963','COST ACCOUNTING ADMINISTRATOR',11205),(406,2,'JB1964','MARKETING SUPPORT ADMIN',11205),(407,2,'JB1965','TAX MANAGEMENT ADMINISTRATOR',11205),(408,2,'JB1968','SALES ADMINISTRATOR RUCIKA',11205),(409,2,'JB1969','ACCOUNTING ADMIN NGORO',11205),(410,2,'JB1970','COST & ASSET ADMIN NGORO',11205),(411,2,'JB1971','FINANCE ADMIN NGORO',11205),(412,2,'JB1972','TAX ADMIN NGORO',11205),(413,2,'JB1973','FINANCE ADMIN SUPPORT',11205),(414,2,'JB1974','C00005.ADA OPERATION & SERVICE ADMINISTRATOR OUTSOURCE',11205),(415,2,'JB1980','C00307.PRODUCTIVITY MANAGEMENT ADMINISTRATOR OUTSOURCE',11205),(416,2,'JB1982','C00315.FINANCE OPERATION ADMINISTRATOR OUTSOURCE',11205),(417,2,'JB1983','C00324.SECURITY ADMINISTRATOR OUTSOURCE',11205),(418,2,'JB1988','ADMIN DEALER',11205),(419,2,'JB2000','ADMIN VERIFIKASI',11205),(420,2,'JB2002','DBO ADMIN',11205),(421,2,'JB2003','ACCOUNT RECEIVABLE ADMIN',11205),(422,2,'JB2005','SEKRETARIS TEMPORER DIVISI ORP',11205),(423,2,'JB2009','JUNIOR ADMINISTRATOR SUMBER DAYA MANUSIA I',11205),(424,2,'JB2010','JUNIOR ADMINISTRATOR SUMBER DAYA MANUSIA II',11205),(425,2,'JB2014','BILLING ADMIN',11205),(426,2,'JB2028','HR ADMIN',11205),(427,3,'JB2044','ADMIN',11205),(428,2,'JB2051','FLEET ADMIN PAYMENT',11205),(429,2,'JB2056','L&P ADMIN',11205),(430,2,'JB2064','MP LOG ADMIN',11205),(431,2,'JB2068','SORT ADMIN CONSUMABLE',11205),(432,2,'JB2069','SORT ADMIN OPERATION',11205),(433,2,'JB2079','ROUTES ADMIN',11205),(434,2,'JB2085','FLEET ADMIN TRAINING',11205),(435,2,'JB2086','FLEET ADMIN VENDOR',11205),(436,2,'JB2089','HUB ADMIN',11205),(437,2,'JB2108','ADMIN HUMAN RESOURCE',11205),(438,2,'JB2114','ADMIN CENTRALIZE',11205),(439,2,'JB2115','ADMIN GUDANG',11205),(440,2,'JB2116','CS ADMIN',11205),(441,2,'JB2117','FINANCE ADMIN',11205),(442,2,'JB2124','CREDIT ADMIN LUMPSUM',11205),(443,2,'JB2125','ADMIN AREA BLIBLI MITRA',11205),(444,2,'JB2147','TECHNICAL SERVICE ADMIN SUPPORT',11205),(445,2,'JB2160','ADMINISTRASI HSE',11205),(446,2,'JB2162','WORKSHOP ADMINISTRATOR',11205),(447,2,'JB2183','C00017.AWDA CUSTOMER MANAGEMENT ADMINISTRATOR',11205),(448,2,'JB2189','CUSTOMER INCENTIVE ADMIN',11205),(449,2,'JB2190','CUSTOMER INVOICING ADMIN',11205),(450,2,'JB2193','ADMIN INTERNATIONAL SELLER',11205),(451,2,'JB2196','JUNIOR ADMINISTRATOR PAJAK & PEMBENDAHARAAN I',11205),(452,2,'JB2197','JUNIOR ADMINISTRATOR PAJAK & PEMBENDAHARAAN II',11205),(453,2,'JB2198','ADMIN KASIR',11205),(454,2,'JB2200','C00337.MICROFINANCING BSA ADMINISTRATION',11205),(455,2,'JB2214','SERVICE AGENCY ADMIN',11205),(456,2,'JB2234','ADMIN PROJECT',11205),(457,2,'JB2236','PRODUCT ADMIN NPO',11205),(458,2,'JB2237','SALES SUPPORT ADMIN',11205),(459,2,'JB2245','ADMIN PROCUREMENT',11205),(460,2,'JB2249','STAFF ADMINISTRASI',11205),(461,2,'JB2260','DATA ENTRY ADMIN',11205),(462,2,'JB2261','ORDER DATA ENTRY ADMIN',11205),(463,2,'JB2265','ADMIN CABANG',11205),(464,2,'JB2267','ADMIN POS',11205),(465,2,'JB2285','ADMIN MERCHANDISE',11205),(466,2,'JB2290','ADMIN DESK COLLECTION',11205),(467,2,'JB2291','ADMINISTRASI KESEKRETARIATAN REVERSE ENGINEERING MUARA KARANG & MUARA TAWAR',11205),(468,2,'JB2292','ADMINISTRASI KESEKRETARIATAN BENGKEL UMUM MUARA KARANG',11205),(469,2,'JB2293','ADMINISTRASI KESEKRETARIATAN BENGKEL UMUM MUARA TAWAR',11205),(470,2,'JB2294','ADMINISTRASI KESEKRETARIATAN TOOLS BANK MUARA TAWAR',11205),(471,2,'JB2295','ADMINISTRASI KESEKRETARIATAN TOOLS CENTRE PLTU',11205),(472,2,'JB2296','ADMINISTRASI KESEKRETARIATAN TOOLS CENTRE PLTGU/MUARA TAWAR',11205),(473,2,'JB2298','ADMINISTRASI INVENTORY KONTROL',11205),(474,2,'JB2299','ADMINISTRASI KESEKRETARIATAN KESEHATAN DAN KESELAMATAN KERJA (K3)',11205),(475,2,'JB2300','ADMNISTRASI KESEKRETARIATAN SIPIL',11205),(476,2,'JB2301','ADMINISTRASI KESEKRETARIATAN TOOLS BANK MUARA KARANG',11205),(477,2,'JB2302','ADMINISTRASI KEHUMASAN - RESEPSIONIS',11205),(478,2,'JB2303','ADMINISTRASI KESEKRETARIATAN PERPUSTAKAAN',11205),(479,2,'JB2304','ADMINISTRASI KESEKRETARIATAN GUDANG MUARA KARANG',11205),(480,2,'JB2305','ADMINISTRASI KESEKRETARIATAN GUDANG MUARA TAWAR',11205),(481,2,'JB2306','ADMINISTRASI KESEKRETARIATAN LOGISTIK',11205),(482,2,'JB2307','ADMINISTRASI KESEKRETARIATAN KEUANGAN',11205),(483,2,'JB2308','ADMINISTRASI PELATIHAN SUMBER DAYA MANUSIA (SDM)',11205),(484,2,'JB2309','ADMINISTRASI KESEKRETARIATAN GENERAL MANAGER (SEKRETARIS GM)',11205),(485,2,'JB2310','ADMINISTRASI KESEKRETARIATAN LABORATORIUM KALIBRASI',11205),(486,2,'JB2311','ADMINISTRASI TECHNICAL LABORATORIUM KALIBRASI',11205),(487,2,'JB2312','ADMIN IT',11205),(488,2,'JB2313','ADMIN DOKUMEN',11205),(489,2,'JB2317','C00022.AWDA GRAPHIC DESIGN ADMINISTRATOR CWK',11205),(490,2,'JB2319','KPG - KIOS CLERK KH',11205),(491,2,'JB2323','ADMIN REKRUTMEN',11205),(492,2,'JB2381','ADMIN SUPPORT (SCM/WAREHOUSEMAN)',11205),(493,2,'JB2390','ADMIN GENERAL SERVICE',11205),(494,2,'JB2391','C00024.AWDA CRM ANALYTICS ADMINISTRATOR CWK',11205),(495,2,'JB2400','SURVEY ADMIN',11205),(496,2,'JB2401','GASI ADMIN',11205),(497,1,'JB2421','CASH FLOW ADMINISTRATOR',11205),(498,2,'JB2448','SOLUTION PROJECT ADMIN MANAGER',11205),(499,2,'JB2454','TECHNICAL WRITER',11205),(500,2,'JB2465','JUNIOR ADMINISTRATOR SOLUSI & KONSULTASI IT I',11205),(501,2,'JB2466','JUNIOR ADMINISTRATOR SOLUSI & KONSULTASI IT II',11205),(502,2,'JB2478','C00025.AWDA STRATEGIC PARTNERSHIP ADMINISTRATOR CWK',11205),(503,2,'JB2487','C00338.MICROFINANCING SALES ADMINISTRATOR OUTSOURCE',11205),(504,2,'JB2488','C00339.MICROFINANCING OPERATION ADMINISTRATOR OUTSOURCE',11205),(505,2,'JB2489','ASISTEN ADMINISTRASI DIVISI ANG',11205),(506,2,'JB2494','ADMIN LEAD',11205),(507,2,'JB2497','ADMIN CONTINUOUS IMPROVEMENT',11205),(508,2,'JB2499','ADMIN CASHIER',11205),(509,3,'JB2505','ADMIN SUPPORT',11205),(510,2,'JB2506','ADMIN TELEMARKETING',11205),(511,2,'JB2510','ADMINISTRASI QC',11205),(512,2,'JB2513','ADMIN OSM',11205),(513,2,'JB2591','ADMIN & LOP MONITORING',11205),(514,2,'JB2592','ADMIN ACCRUAL BILLING',11205),(515,2,'JB2593','ADMIN CONSUM',11205),(516,2,'JB2594','ADMIN HUB OPEX',11205),(517,2,'JB2595','ADMIN OPERATION SUPPORT',11205),(518,2,'JB2596','ADMIN OPS',11205),(519,2,'JB2597','ADMIN PERFORMANCE & ACCRUAL',11205),(520,2,'JB2598','ADMIN PROJECT ANALYST',11205),(521,2,'JB2599','ADMIN RTM',11205),(522,2,'JB2611','FLEET ADMIN AVP',11205),(523,2,'JB2617','LQC ADMIN',11205),(524,2,'JB2642','GENERAL ADMINISTRATOR',11205),(525,2,'JB2652','GENERAL ADMINISTRATOR ADG',11205),(526,2,'JB2654','C00027.AWDA FINANCE PLANNING AND ANALYSIS ADMIN CWK',11205),(527,2,'JB2658','ADMIN PKS',11205),(528,2,'JB2659','JUNIOR ADMINISTRATOR SEKRETARIS PERUSAHAAN I',11205),(529,2,'JB2660','JUNIOR ADMINISTRATOR SEKRETARIS PERUSAHAAN II',11205),(530,2,'JB2678','GENERAL ADMINISTRATOR (DW)',11205),(531,2,'JB2681','PRODUCT GENERALIS ADMIN CWK',11205),(532,2,'JB2727','STAF ADMINISTRASI TEMPORER KP JAWA TENGAH 2',11205),(533,2,'JB2733','ADMIN SAPROTAN',11205),(534,2,'JB2759','ADMIN APPRAISAL',11205),(535,2,'JB2782','ADMIN MD',11205),(536,2,'JB2785','FILLING DOCUMENT (DW)',11205),(537,2,'JB2787','HC3 ADMIN SUPPORT',11205),(538,2,'JB2788','TRAINER (PKHL)',11205),(539,2,'JB2793','ADMIN WH FITTING',11205),(540,2,'JB2794','GENERAL ADMINISTRATOR (RELIVER)',11205),(541,2,'JB2795','GENERAL ADMINISTRATOR ADG (RELIVER)',11205),(542,2,'JB2802','STAF ADMINISTRASI TEMPORER KP LAMPUNG',11205),(543,2,'JB2804','STAF ADMINISTRASI TEMPORER KP SUMATERA BARAT',11205),(544,2,'JB2814','ADMIN PROCUREMENT I',11205),(545,2,'JB2815','ADMIN PROCUREMENT II',11205),(546,2,'JB2817','ADMIN DIGITAL LENDING',11205),(547,2,'JB2837','C00216 BUSINESS & PROCESS DEVELOPMENT ADMINISTRATOR',11205),(548,2,'JB2838','ADMIN SURVEY CONVERT',11205),(549,2,'JB2848','ADMINISTRASI OPERASI',11205),(550,2,'JB2851','ADMIN PURCHASING',11205),(551,2,'JB2859','ADMIN OPERASIONAL',11205),(552,2,'JB2860','ADMIN KEUANGAN',11205),(553,2,'JB2867','ADMIN OPS DAN KEUANGAN',11205),(554,2,'JB2868','C00015.AWDA TECHNICAL PRODUCT ADMINISTRATOR OUTSOURCE',11205),(555,2,'JB2875','ADMIN HYBRID SUPPORT',11205),(556,2,'JB2880','WORKSHOP ADMINISTRATOR SUPPORT',11205),(557,2,'JB2881','CRM ADMINISTRATOR SUPPORT',11205),(558,2,'JB2886','AREA MARKETING ADMINISTRATOR',11205),(559,2,'JB2890','ADMIN PRODUCT & SERVICE',11205),(560,3,'JB2891','ADMIN CABANG',11205),(561,3,'JB2892','ADMIN POS',11205),(562,3,'JB2893','SENIOR ADMIN CABANG',11205),(563,3,'JB2894','SENIOR ADMIN POS',11205),(564,2,'JB2906','ADMINISTRASI PERGUDANGAN',11205),(565,2,'JB2977','ADMIN CASHIER (KEMITRAAN)',11205),(566,2,'JB2982','ADMIN WAREHOUSE (KEMITRAAN)',11205),(567,2,'JB2997','C00342.SECURITY MANAGEMENT ADMINISTRATOR OUTSOURCE',11205),(568,2,'JB2998','ADMINISTRASI KEUANGAN',11205),(569,2,'JB2999','ADMINISTRASI ACCOUNTING HUMAN CAPITAL, GENERAL AFFAIR & LEGAL',11205),(570,2,'JB3000','ADMINISTRASI MARKETING & SALES',11205),(571,2,'JB3002','ADMINISTRASI COLLECTION',11205),(572,2,'JB3013','ADMINISTRASI OPERATIONAL SUPPORT',11205),(573,2,'JB3021','ADMINISTRASI BUDGET, ACCOUNTING, & TAX',11205),(574,2,'JB3025','STAFF, GENERAL SUPPORT REGIONAL OFFICE  BEKASI - ADMINISTRASI & CALL CENTER I',11205),(575,2,'JB3033','STAFF, CUSTOMER RELATIONSHIP MANAGEMENT - ADMINISTRASI & CALL CENTER I',11205),(576,2,'JB3039','STAFF, OPERATIONAL SUPPORT AND SERVICES - ADMINISTRASI & CALL CENTER I',11205),(577,2,'JB3040','SR. STAFF, CUSTOMER RELATIONSHIP MANAGEMENT - ADMINISTRASI & CALL CENTER II',11205),(578,2,'JB3045','STAFF, ICT SERVICE MANAGEMENT - ADMINISTRASI & CALL CENTER I',11205),(579,2,'JB3046','SEKRETARIS DIREKTUR UTAMA - SEKRETARIS II',11205),(580,2,'JB3052','SEKRETARIS DIREKTUR TEKNIK DAN OPERASI - SEKRETARIS I',11205),(581,2,'JB3053','SR. STAFF, OPERATIONAL SUPPORT AND SERVICES - ADMINISTRASI & CALL CENTER II',11205),(582,2,'JB3054','STAFF, ACCESS DELIVERY - ADMINISTRASI & CALL CENTER I',11205),(583,2,'JB3056','SR. STAFF, PROCUREMENT - ADMINISTRASI & CALL CENTER II',11205),(584,2,'JB3057','STAFF, BILLING - ADMINISTRASI & CALL CENTER I',11205),(585,2,'JB3064','STAFF, GENERAL SUPPORT REGIONAL OFFICE JAMBI - ADMINISTRASI & CALL CENTER I',11205),(586,2,'JB3067','STAFF, GENERAL SUPPORT REGIONAL OFFICE LAMPUNG - ADMINISTRASI & CALL CENTER I',11205),(587,2,'JB3072','STAFF, GENERAL SUPPORT REGIONAL OFFICE PALEMBANG - ADMINISTRASI & CALL CENTER I',11205),(588,2,'JB3095','STAFF, GENERAL SUPPORT REGIONAL OFFICE PEKANBARU - ADMINISTRASI & CALL CENTER I',11205),(589,2,'JB3099','SR. STAFF, IT INFRASTRUCTURE PROJECT MANAGEMENT OFFICE - ADMINISTRASI & CALL CENTER II',11205),(590,2,'JB3105','STAFF, IT INFRASTRUCTURE PROJECT MANAGEMENT OFFICE - ADMINISTRASI & CALL CENTER I',11205),(591,2,'JB3107','SR. STAFF, ACCOUNTING - ADMINISTRASI & CALL CENTER II',11205),(592,2,'JB3108','SEKRETARIS KEUANGAN DAN DUKUNGAN BISNIS - SEKRETARIS I',11205),(593,2,'JB3109','STAFF, SALES WHOLESALE ADMINISTRATION - ADMINISTRASI & CALL CENTER I',11205),(594,2,'JB3111','STAFF, IT INFRASTRUCTURE PLANNING - ADMINISTRASI & CALL CENTER I',11205),(595,2,'JB3112','STAFF, PEOPLE MANAGEMENT - ADMINISTRASI & CALL CENTER I',11205),(596,2,'JB3144','STAFF, SALES CORPORATE ADMINISTRATION - ADMINISTRASI & CALL CENTER I',11205),(597,2,'JB3146','ERAKIOS ADMIN',11205),(598,2,'JB3158','ADMIN CATERING',11205),(599,2,'JB3159','RETAIL MARKETING ADMINISTRATOR SUPPORT',11205),(600,2,'JB3165','TRADE EXECUTION ADMINISTRATOR',11205),(601,2,'JB3181','C00346.BUILDING MANAGEMENT ADMINISTRATOR OURSOURCE',11205),(602,2,'JB3214','STAFF, HSSE REPRESENTATIVE CILEGON - ADMINISTRASI & CALL CENTER I',11205),(603,2,'JB3257','MAINTENANCE ADMINISTRATOR',11205),(604,2,'JB3259','ADMINISTRASI RADIOLOGI',11205),(605,2,'JB3260','SALES ADMIN',11205),(606,2,'JB3264','STAF PROYEK ADMINISTRASI PTI',11205),(607,2,'JB3278','ADMIN CLAIM',11205),(608,2,'JB3299','LOGISTIC ADMIN',11205),(609,2,'JB0004','SUPPORT SYSTEM',11206),(610,2,'JB0013','ACCOUNT OFFICER',11206),(611,2,'JB0014','INTERVIEWER',11206),(612,2,'JB0015','BUSINESS OPERATION',11206),(613,2,'JB0022','SERVICE VISITOR',11206),(614,2,'JB0025','SHIFT MAINTENANCE',11206),(615,2,'JB0032','RECRUITER',11206),(616,2,'JB0065','OPERATIONAL CONTROLLER',11206),(617,2,'JB0066','TRAINER',11206),(618,2,'JB0079','COLLECTION WEB & DESIGN STAFF',11206),(619,2,'JB0083','CONTRACT SIGNING OFFICER',11206),(620,2,'JB0089','FINANCE OFFICER',11206),(621,2,'JB0096','INSURANCE OFFICER',11206),(622,2,'JB0098','IT HELPDESK',11206),(623,2,'JB0100','IT QUALITY ASSURANCE',11206),(624,2,'JB0101','IT SENIOR PROGRAMMER',11206),(625,2,'JB0102','IT SERVICE DESK',11206),(626,2,'JB0103','KONTROL ALFAINDO',11206),(627,2,'JB0108','MARKETING COMMUNICATION STAFF',11206),(628,2,'JB0114','DSR IL',11206),(629,2,'JB0115','CVL',11206),(630,2,'JB0116','PVL',11206),(631,2,'JB0136','ACCOUNT MANAGER',11206),(632,2,'JB0137','ALLIANCE STAFF',11206),(633,2,'JB0140','ASSISTANT BRANCH OPERATION',11206),(634,2,'JB0141','BUSINESS CHANELING OFFICER',11206),(635,2,'JB0143','CREDIT ANALYST',11206),(636,2,'JB0145','CREDIT OFFICER',11206),(637,2,'JB0146','CSRO MACF',11206),(638,2,'JB0150','DISMANTLE',11206),(639,2,'JB0154','HYGIENE PRODUCTION STAFF',11206),(640,2,'JB0156','INTERNAL AUDIT STAFF',11206),(641,2,'JB0157','IT APPLICATION SUPPORT',11206),(642,2,'JB0158','IT SUPPORT',11206),(643,2,'JB0163','OPERATION OUTLET',11206),(644,2,'JB0164','PAYMENT VALIDASI OFFICER',11206),(645,2,'JB0166','PROMOTION RELATIONSHIP OFFICER',11206),(646,2,'JB0167','QUALITY CONTROL',11206),(647,2,'JB0168','RBM SUPPORT STAFF',11206),(648,2,'JB0169','REDEMPTION STAFF RES',11206),(649,2,'JB0171','RELATION OFFICER PROJECT',11206),(650,2,'JB0173','RUNNER STAFF',11206),(651,2,'JB0178','OPERATION SETTLEMENT STAFF',11206),(652,2,'JB0180','TCO BIGTV',11206),(653,2,'JB0184','KPM IMPROVEMENT',11206),(654,2,'JB0185','DSR CVL',11206),(655,2,'JB0187','KMP IMPROVEMENT',11206),(656,2,'JB0188','TAX ADMINISTRATION',11206),(657,2,'JB0191','QUALITY ASSURANCE STAFF',11206),(658,2,'JB0198','C00007.DESIGN GRAFIS',11206),(659,2,'JB0217','C00190.ADH DEALER',11206),(660,2,'JB0234','CREDIT DOCUMENT REVIEWER',11206),(661,2,'JB0242','CUSTODIAN OFFICER',11206),(662,2,'JB0255','PRODUCT DEVELOPMENT STAFF',11206),(663,2,'JB0269','SANITATION & BUILDING MAINTENANCE',11206),(664,2,'JB0270','IT SENIOR APPLICATION SUPPORT',11206),(665,2,'JB0276','STAFF VERIFIKATOR',11206),(666,2,'JB0279','SUPPORT SYSTEM LEADER',11206),(667,2,'JB0285','TPT BIGTV',11206),(668,2,'JB0286','TRAFFIC CONTROLLER',11206),(669,2,'JB0287','UNDERWRITING ASSISTANT',11206),(670,2,'JB0315','ACCOUNT PAYABLE STAFF',11206),(671,2,'JB0323','ISP MC',11206),(672,2,'JB0324','ISP TRAD',11206),(673,2,'JB0327','FILLING/SCANNING STAFF',11206),(674,2,'JB0334','IT STAFF',11206),(675,2,'JB0335','AR STAFF',11206),(676,2,'JB0337','MARKETING EXECUTIVE',11206),(677,2,'JB0344','SPECIAL TASK FORCE',11206),(678,2,'JB0355','SOCIAL MEDIA OFFICER',11206),(679,2,'JB0356','TRANSACTION SPECIALIST - VERIFICATION',11206),(680,2,'JB0359','STAFF MAILING ROOM',11206),(681,2,'JB0360','STAFF TRAINER',11206),(682,2,'JB0361','STAFF SOCIAL MEDIA',11206),(683,2,'JB0362','STAFF AREA BARAT',11206),(684,2,'JB0372','STAFF RECRUITER',11206),(685,2,'JB0383','STAFF PROJECT',11206),(686,2,'JB0384','SEKRETARIS DIVISI KEPATUHAN ANGGOTA BURSA',11206),(687,2,'JB0387','SEKRETARIS DIVISI SATUAN PEMERIKSA INTERNAL',11206),(688,2,'JB0393','C00291.REGION CREDIT PROCESSOR CWK',11206),(689,2,'JB0394','STAFF EMS EXPORT - IMPORT',11206),(690,2,'JB0400','SEKRETARIS DIVISI PENGEMBANGAN INVESTOR',11206),(691,2,'JB0401','GENERAL SERVICE OFFICER',11206),(692,2,'JB0405','SEKRETARIS DIVISI PENILAIAN PERUSAHAAN 2',11206),(693,2,'JB0409','STAFF AREA 3 - DIVISI PWI',11206),(694,2,'JB0413','DEDUCTION',11206),(695,2,'JB0441','DSU/DCW AGENTS',11206),(696,2,'JB0442','ONBOARDING STAFF',11206),(697,2,'JB0447','AR & INVOICING STAFF',11206),(698,2,'JB0450','PRE DELIVERY INSPECTOR',11206),(699,2,'JB0484','STAFF ASURANSI',11206),(700,2,'JB0485','HUMAN CAPITAL STAFF',11206),(701,2,'JB0487','DSE',11206),(702,2,'JB0488','DSR',11206),(703,2,'JB0489','TSO',11206),(704,2,'JB0491','HR STAFF',11206),(705,2,'JB0496','RELATIONSHIP PROJECT OFFICER',11206),(706,2,'JB0499','DATABASE / ANALYST STAFF',11206),(707,2,'JB0502','ACCOUNT OFFICER KPR',11206),(708,2,'JB0510','REMARKETING OFFICER',11206),(709,2,'JB0512','MITRA BACK END',11206),(710,2,'JB0513','SEKRETARIS DIVISI',11206),(711,2,'JB0538','STAFF PROCESSING',11206),(712,2,'JB0539','STAFF EMS PELALUBEAN ENTRI CN',11206),(713,2,'JB0540','STAFF INQUIRY',11206),(714,2,'JB0541','STAFF PENGIRIMAN UDARA DALAM NEGERI',11206),(715,2,'JB0542','STAFF DISTRIBUSI',11206),(716,2,'JB0545','SEKRETARIS DIVISI SPR DAN DIVISI KOM',11206),(717,2,'JB0546','SEKRETARIS DIVISI RDP',11206),(718,2,'JB0550','TASK FORCE PT TIVI BURSA INDONESIA',11206),(719,2,'JB0552','C00295.KIOS CLERK KH',11206),(720,2,'JB0553','DSO',11206),(721,2,'JB0572','STOCK CONTROLLER OPERATOR',11206),(722,2,'JB0579','C00004.AWDA IT OPERATION AND SUPPORT OUTSOURCE',11206),(723,2,'JB0582','LIAISON OFFICER',11206),(724,2,'JB0584','BACK OFFICE',11206),(725,2,'JB0586','OFFICE SUPPORT',11206),(726,2,'JB0598','TL DESK COLLECTION FIFGROUP',11206),(727,2,'JB0599','TL TELEVERIFIKASI AKULAKU',11206),(728,2,'JB0600','STAF KANTOR PERWAKILAN JAWA BARAT',11206),(729,2,'JB0604','TL TELECOLLECTION FIFGROUP',11206),(730,2,'JB0608','LOST & PREVENTION ANALYST',11206),(731,2,'JB0613','TRAINER KANTOR PERWAKILAN JAWA TENGAH 2',11206),(732,2,'JB0614','PARTNER ACQUISITION QUALITY ASSOCIATE',11206),(733,2,'JB0615','LAYANAN TEST DRIVE',11206),(734,2,'JB0626','RISK MANAGEMENT OFFICER',11206),(735,2,'JB0632','PENGENDALI KREDIT',11206),(736,2,'JB0634','ACCOUNT RECEIVABLES STAFF',11206),(737,2,'JB0635','OPERATION SERVICES OFFICER',11206),(738,2,'JB0637','STAFF DIVISI KOMUNIKASI',11206),(739,2,'JB0651','CREATIVE CONTENT CREATOR',11206),(740,2,'JB0652','MARKETING STRATEGIST',11206),(741,2,'JB0654','OPENING WARUNG',11206),(742,2,'JB0655','FASILITATOR WARUNG',11206),(743,2,'JB0656','DEPLOYMENT',11206),(744,2,'JB0657','AP & TAX OFFICER',11206),(745,2,'JB0658','INSURANCE STAFF',11206),(746,2,'JB0660','QUALITY INSURANCE',11206),(747,2,'JB0662','TL DESK COLLECTION JULO',11206),(748,2,'JB0664','TL TELEVERIFIKASI FIFGROUP',11206),(749,2,'JB0667','GENERAL SUPPORT KANTOR PERWAKILAN JAWA BARAT',11206),(750,2,'JB0668','FLEET TRAINER',11206),(751,2,'JB0670','EVENT RUNNER',11206),(752,2,'JB0678','HELP DESK',11206),(753,2,'JB0681','CUSTOMER ACTIVATION',11206),(754,2,'JB0688','AVP RECRUITER SENIOR STAFF',11206),(755,2,'JB0690','FLEET CONTRACT ANALYST',11206),(756,2,'JB0691','FLEET DW ASET',11206),(757,2,'JB0703','ANTI FRAUD MANAGEMENT',11206),(758,2,'JB0718','FACILITY HANDYMAN',11206),(759,2,'JB0719','ACTIVE DIRECTORY ENGINEER',11206),(760,2,'JB0724','ONBOARDING SUPPORT',11206),(761,2,'JB0725','SEKRETARIS DIVISI AKUNTANSI',11206),(762,2,'JB0726','PROGRESS CONTROL',11206),(763,2,'JB0732','C00312.KIOS CLERK',11206),(764,2,'JB0733','CCSO',11206),(765,2,'JB0734','JR. TRAINER JAKARTA',11206),(766,2,'JB0735','SR. TRAINER JAKARTA',11206),(767,2,'JB0739','AVP CONTRACT STAFF',11206),(768,2,'JB0740','AVP TRAINING STAFF',11206),(769,2,'JB0741','AVP RECRUITER STAFF',11206),(770,2,'JB0747','PROGRAM EXECUTIVE',11206),(771,2,'JB0748','CENTER OPERATION',11206),(772,2,'JB0750','FLEET RECRUITER VOP',11206),(773,2,'JB0756','TRAINER KANTOR PERWAKILAN BANTEN',11206),(774,2,'JB0763','SEKRETARIS DIVISI KEUANGAN & AKUNTANSI',11206),(775,2,'JB0764','CREDIT RELATIONSHIP OFFICER',11206),(776,2,'JB0766','TL TELESALES LRT',11206),(777,2,'JB0771','TRANSFORMATION VIDEOGRAPHER & PHOTOGRAPHER',11206),(778,2,'JB0772','DATA SCIENTIST',11206),(779,2,'JB0774','C00322.CORPORATE SOCIAL RESPONSIBILITY',11206),(780,2,'JB0777','STAFF VERIFICATOR',11206),(781,2,'JB0779','IT OFFICER',11206),(782,2,'JB0780','SENIOR ACCOUNT RECEIVABLES STAFF',11206),(783,2,'JB0781','BACK OFFICE STAFF',11206),(784,2,'JB0787','FLEET RECRUITER',11206),(785,2,'JB0793','SEKRETARIS TEMPORER IDX INKUBATOR START-UP',11206),(786,2,'JB0800','SEKRETARIS TEMPORER DIVISI KAB',11206),(787,2,'JB0803','SEKRETARIS TEMPORER DIVISI PENGELOLAAN STRATEGI PERUSAHAAN DAN ANAK USAHA',11206),(788,2,'JB0804','QA TELECOLLECTION',11206),(789,2,'JB0805','QA TELESALES',11206),(790,2,'JB0806','QA TELEVERIFIKASI',11206),(791,2,'JB0807','TL DESK COLLECTION MTF',11206),(792,2,'JB0817','TALENT AND ACQUISITION',11206),(793,2,'JB0819','CREDIT SETTLEMENT STAFF',11206),(794,2,'JB0820','AVP PERFORMANCE MANAGEMENT STAFF',11206),(795,2,'JB0825','C00319.HC CULTURE, LEARNING AND PEOPLE DEVELOPMENT',11206),(796,2,'JB0827','FIELD DEVELOPMENT ASSISTANT',11206),(797,2,'JB0828','GENERAL AFFAIR',11206),(798,2,'JB0831','DATA ENTRY STAFF REGIONAL GROWTH',11206),(799,2,'JB0843','SEKRETARIS DIVISI PMO',11206),(800,2,'JB0847','STOCK CONTROLLER',11206),(801,2,'JB0849','STAF PROYEK INVENTARISASI ASET TETAP & INVENTARISASI KANTOR',11206),(802,2,'JB0851','CLIENT RELATION',11206),(803,2,'JB0854','STAFF HRD',11206),(804,2,'JB0855','SEKRETARIS TEMPORER DIVISI MIP & PSF',11206),(805,2,'JB0857','PROGRAMS',11206),(806,2,'JB0865','TL DESK COLLECTION NISSAN',11206),(807,2,'JB0868','FIRST MILE CALL CENTER TRAINER',11206),(808,2,'JB0887','DOP TRAINER',11206),(809,2,'JB0894','CREATIVE SUPPORT',11206),(810,2,'JB0896','TRAINER KANTOR PERWAKILAN BALI',11206),(811,2,'JB0910','CUSTOMER RELATION (DW)',11206),(812,2,'JB0912','ORDER PLANNER',11206),(813,2,'JB0928','TL DESK COLLECTION BCA FINANCE',11206),(814,2,'JB0929','TL DESK COLLECTION MAYBANK',11206),(815,2,'JB0930','TL DESK COLLECTION MODALKU',11206),(816,2,'JB0932','HUNTER',11206),(817,2,'JB0933','SEARCH ENGINEE OPTIMIZATION',11206),(818,2,'JB0934','TRANSFORMATION PROJECT VIDEO L&D',11206),(819,2,'JB0939','BUSINESS RELATION OFFICER',11206),(820,2,'JB0944','GENERAL LEDGER ACCOUNTANT',11206),(821,2,'JB0946','AVP ASSET STAFF',11206),(822,2,'JB0952','ACCOUNT PAYABLE SUPPORT',11206),(823,2,'JB0953','GENERAL AFFAIR OFFICER',11206),(824,2,'JB0965','REPOSSESSIONS',11206),(825,2,'JB0977','STAFF UNIT PENGELOLAAN PERKANTORAN',11206),(826,2,'JB0978','IT JAVA PROGRAMMER',11206),(827,2,'JB0980','TRANSFORMATION ADMIN',11206),(828,2,'JB0982','OPS DEV',11206),(829,2,'JB0987','INTERNAL AUDIT STAFF JAKARTA',11206),(830,2,'JB0988','LIAISON OFFICER JAKARTA',11206),(831,2,'JB0991','BUSINESS OPERATION STAFF',11206),(832,2,'JB0994','INTERNAL CONTROL STAFF',11206),(833,2,'JB0995','TL CUSTOMER SERVICE AETRA',11206),(834,2,'JB0997','TRACER',11206),(835,2,'JB0999','PEST CONTROL',11206),(836,2,'JB1002','AVP PERFORMANCE MANAGEMENT',11206),(837,2,'JB1021','FLEET ANALYTICS',11206),(838,2,'JB1022','GA SUPPORT',11206),(839,2,'JB1025','HSE Officer',11206),(840,2,'JB1026','TRAINER KANTOR PERWAKILAN PAPUA',11206),(841,2,'JB1038','ACC BRANCH OPERATION OFFICER',11206),(842,2,'JB1043','MEMBERSHIP REPRESENTATIVE',11206),(843,2,'JB1048','PUTAWAY OPERATION',11206),(844,2,'JB1056','VIDEO EDITOR',11206),(845,2,'JB1074','NETWORK STAFF MALAM',11206),(846,2,'JB1075','NETWORK STAFF PAGI',11206),(847,2,'JB1076','QUALITY CONTROL MAGANG',11206),(848,2,'JB1081','CMH EXPRESS',11206),(849,2,'JB1083','BUSINESS DEVELOPMENT',11206),(850,2,'JB1090','TRANSPORT PLANNER SAP',11206),(851,2,'JB1093','FM DOP COLLECTION/AUDITOR STAFF',11206),(852,2,'JB1099','SEKRETARIS TEMPORER DIVISI UMM',11206),(853,2,'JB1106','AP INVOICE ANALYST',11206),(854,2,'JB1107','BUSSINESS STRATEGIST',11206),(855,2,'JB1109','TAX',11206),(856,2,'JB1110','COLLECTION WEB&DESIGN',11206),(857,2,'JB1111','STAFF',11206),(858,2,'JB1113','SUPPORT FUNCTION STAFF',11206),(859,2,'JB1115','CSO',11206),(860,2,'JB1116','APPROVAL',11206),(861,2,'JB1117','SECRETARY',11206),(862,2,'JB1118','CUSTODIAN',11206),(863,2,'JB1119','DATA ENTRY',11206),(864,2,'JB1122','ASSET MANAGEMENT',11206),(865,2,'JB1125','CUSTOMER RELATION MANAGEMENT',11206),(866,2,'JB1127','RELATION OFFICER',11206),(867,2,'JB1131','AUDIT',11206),(868,2,'JB1132','CREATIVE CONTENT',11206),(869,2,'JB1133','INFORMATION TECHNOLOGY',11206),(870,2,'JB1137','TRAFFICT CONTROLLER',11206),(871,2,'JB1138','HYGIENE PRODUKSI',11206),(872,2,'JB1139','S&B MAINTENANCE',11206),(873,2,'JB1141','ENGINEERING',11206),(874,2,'JB1143','LEGAL',11206),(875,2,'JB1144','DESAIN GRAFIS',11206),(876,2,'JB1145','ARSITEK',11206),(877,2,'JB1158','TRANSACTION SPECIALIST VERIFICATION',11206),(878,2,'JB1166','PRODUCT CONSULTANT',11206),(879,2,'JB1169','JOB DUMMY IT',11206),(880,2,'JB1170','HR',11206),(881,2,'JB1171','OPERATIONAL SOCIAL MEDIA OFFICER',11206),(882,2,'JB1172','QUALITY ASSURANCE',11206),(883,2,'JB1173','GA',11206),(884,2,'JB1174','IT',11206),(885,2,'JB1177','RISK ANALYSTICS OFFICER',11206),(886,2,'JB1179','DEVELOPER I',11206),(887,2,'JB1180','TECHNICAL WRITER II',11206),(888,2,'JB1181','ENGINEER ON SITE I',11206),(889,2,'JB1188','STAF EVALUASI SARANA DAN SISTEM PENGAWASAN',11206),(890,2,'JB1189','DEVELOPER ENGINEER I',11206),(891,2,'JB1190','DEVELOPER ENGINEER II',11206),(892,2,'JB1193','SYSTEM ANALYST I',11206),(893,2,'JB1196','PROCUREMENT STAFF I',11206),(894,2,'JB1197','MAGANG HUB',11206),(895,2,'JB1200','BUSINESS INTELLIGENCE DEVELOPER I',11206),(896,2,'JB1203','KYC SCAN',11206),(897,2,'JB1204','KYC ONLINE OPENING VERIFICATION',11206),(898,2,'JB1208','TL TELEVERIFIKASI',11206),(899,2,'JB1211','QUALITY ASSURANCE I',11206),(900,2,'JB1212','TECHNICAL WRITER I',11206),(901,2,'JB1216','SYSTEM IMPLEMENTOR I',11206),(902,2,'JB1217','SYSTEM IMPLEMENTOR II',11206),(903,2,'JB1218','ETL ENGINEER I',11206),(904,2,'JB1219','ETL ENGINEER II',11206),(905,2,'JB1226','PROCUREMENT STAFF II',11206),(906,2,'JB1230','STAF TEMPORER UNIT PENGELOLAAN DATA',11206),(907,2,'JB1234','QUALITY ASSURANCE II',11206),(908,2,'JB1235','ENGINEER ON SITE II',11206),(909,2,'JB1236','BUSINESS ANALYST I',11206),(910,2,'JB1237','BUSINESS ANALYST II',11206),(911,2,'JB1242','SUPPORT SERVICE STAFF',11206),(912,2,'JB1247','BUSINESS INTELLIGENCE DEVELOPER II',11206),(913,2,'JB1249','AGENT COORDINATOR',11206),(914,2,'JB1251','KYC VERIFICATION',11206),(915,2,'JB1255','RUNNER DOCUMENT',11206),(916,2,'JB1257','PORTFOLIO RISK ANALYTICS OFFICER',11206),(917,2,'JB1259','DEVELOPER II',11206),(918,2,'JB1264','PROJECT MANAGER',11206),(919,2,'JB1267','DATA QUALITY & SAMPLE MANAGEMENT OFFICER',11206),(920,2,'JB1268','SYSTEM ANALYST II',11206),(921,1,'JB1277','ACCOUNT MANAGER LO',11206),(922,1,'JB1279','ACCOUNT PAYABLE OFFICER',11206),(923,1,'JB1284','BILLING OFFICER',11206),(924,1,'JB1288','ACCOUNTING OFFICER',11206),(925,1,'JB1289','Application Specialist Coordinator',11206),(926,1,'JB1290','IT PROJECT SPECIALIST',11206),(927,1,'JB1292','TASKFORCE LABOUR OUTSOURCE',11206),(928,1,'JB1293','SENIOR ACCOUNT MANAGER LO',11206),(929,1,'JB1294','SENIOR ACCOUNT MANAGER CC',11206),(930,1,'JB1295','SENIOR ACCOUNT MANAGER CLEANING',11206),(931,1,'JB1298','BUSINESS OPERATIONAL & NETWORK MANAGEMENT DIVISION HEAD',11206),(932,1,'JB1301','IT BUSINESS ANALYST OFFICER',11206),(933,1,'JB1307','CLIENT CONSULTANT EXECUTIVE 1',11206),(934,1,'JB1312','MARKETING COMMUNICATION OFFICER',11206),(935,1,'JB1315','CORPORATE LEGAL OFFICER',11206),(936,1,'JB1316','Corporate Legal Secretary Officer',11206),(937,1,'JB1320','PRODUCT DEVELOPMENT GAWE.ID',11206),(938,1,'JB1327','GS ASSET MANAGEMENT OFFICER',11206),(939,1,'JB1330','GS PROJECT NETWORK MANAGEMENT OFFICER',11206),(940,1,'JB1333','HSE Officer',11206),(941,1,'JB1336','INTERNAL AUDIT OFFICER',11206),(942,1,'JB1339','IT Developer Mobile Apps Officer',11206),(943,1,'JB1340','IT Developer Security Officer',11206),(944,1,'JB1341','IT Developer Website Officer',11206),(945,1,'JB1342','INFRASTRUCTURE OFFICER CC',11206),(946,1,'JB1343','DIGITAL MARKETING GAWE.ID',11206),(947,1,'JB1352','Network Operational CC Senior Officer',11206),(948,1,'JB1354','CONTROL & ANALYST STAFF',11206),(949,1,'JB1356','Network Support CC Senior Officer',11206),(950,1,'JB1365','Operational officer',11206),(951,1,'JB1366','OPERATIONAL SUPPORT MANAGEMENT DIVISION HEAD',11206),(952,1,'JB1367','HC ORGANIZATIONAL DEVELOPMENT',11206),(953,1,'JB1368','PAYMENT PROCESSOR 1',11206),(954,1,'JB1369','PAYROLL CONTROLLER 1',11206),(955,1,'JB1370','PAYROLL COORDINATOR 1',11206),(956,1,'JB1372','PDCA OFFICER',11206),(957,1,'JB1373','PE Management Officer',11206),(958,1,'JB1383','Project Management Officer',11206),(959,1,'JB1384','SUPPORT STAFF',11206),(960,1,'JB1385','Quality Control Daily Officer',11206),(961,1,'JB1387','R&D : Business Development Officer',11206),(962,1,'JB1388','OPERATIONAL GAWE.ID',11206),(963,1,'JB1398','SOURCING DEVELOPMENT OFFICER',11206),(964,1,'JB1401','CONTROL & ANALYST STAFF',11206),(965,1,'JB1403','Taskforce Marketing Strategic & Communication',11206),(966,1,'JB1405','TAX OFFICER',11206),(967,1,'JB1416','TREASURY OFFICER',11206),(968,1,'JB1425','Taskforce Project',11206),(969,2,'JB1430','O&M NETWORK & DEVICE OFFICER I',11206),(970,2,'JB1431','UI/UX DEVELOPER I',11206),(971,2,'JB1434','O&M NETWORK & DEVICE OFFICER II',11206),(972,2,'JB1435','UI/UX DEVELOPER II',11206),(973,2,'JB1445','OPERATIONS SPECIALIST',11206),(974,2,'JB1449','ACCOUNT SUPPORT SPECIALIST',11206),(975,1,'JB1464','BRANCH MANAGER',11206),(976,1,'JB1468','JUNIOR OFFICER',11206),(977,1,'JB1469','OFFICER',11206),(978,1,'JB1480','ACCOUNT OFFICER',11206),(979,1,'JB1482','LABOR ACQUISITION',11206),(980,1,'JB1485','CLIENT RELATION EXECUTIVE',11206),(981,1,'JB1490','GENERAL SERVICE',11206),(982,1,'JB1491','HR - FA',11206),(983,1,'JB1493','HUMAN CAPITAL STAFF',11206),(984,1,'JB1496','IT SUPPORT',11206),(985,1,'JB1497','HUMAN CAPITAL SUPPORT',11206),(986,1,'JB1504','LABOUR ACQUISITION RECRUTER',11206),(987,1,'JB1507','LABOR ACQUISITION RECRUITER',11206),(988,1,'JB1508','BUSINESS DEVELOPMENT',11206),(989,1,'JB1511','LEGAL & IR STAFF',11206),(990,1,'JB1513','MANAGEMENT INFORMATION SYSTEM',11206),(991,1,'JB1514','LABOR ACQUISITION SOURCING',11206),(992,1,'JB1515','INFRASTRUKTURE CALL CENTER',11206),(993,1,'JB1517','QUALITY ASSURANCE',11206),(994,1,'JB1520','MAINTENANCE & PROCUREMENT STAFF',11206),(995,1,'JB1521','FINANCE OFFICER',11206),(996,1,'JB1532','LABOR ACQUSITION SOURCING',11206),(997,1,'JB1533','TAX ADMINISTRATION',11206),(998,1,'JB1534','QUALITY ASSURANCE & AUDIT OFFICER',11206),(999,1,'JB1535','SOURCING STAFF',11206),(1000,1,'JB1536','FINANCE ACCOUNTING STAFF',11206),(1001,1,'JB1539','EMPLOYEE CARE CENTER STAFF',11206),(1002,1,'JB1541','OPERATIONAL STAFF',11206),(1003,1,'JB1543','SERVICE ASSISTANT',11206),(1004,1,'JB1544','SPECIAL ACCOUNT',11206),(1005,1,'JB1547','CORPORATE PLANNING OFFICER',11206),(1006,1,'JB1553','OPERATIONAL STAFF (RECRUITER)',11206),(1007,1,'JB1556','OPERATIONAL STAFF (SOURCING)',11206),(1008,1,'JB1557','SPECIAL ACCOUNT STAFF',11206),(1009,1,'JB1561','OPERATIONALL STAFF (RECRUITER)',11206),(1010,1,'JB1563','HR',11206),(1011,1,'JB1573','HR CENTER',11206),(1012,1,'JB1575','RECRUITMENT OFFICER',11206),(1013,1,'JB1577','CORPORATE STRATEGIC OFFICER',11206),(1014,1,'JB1582','OPERATIONAL STAFF(RECRUITER)',11206),(1015,1,'JB1584','CLIENT CONSULTANT EXECUTIVE (ACTING)',11206),(1016,1,'JB1585','ONLINE RECRUITER STAFF',11206),(1017,1,'JB1589','AR OFFICER',11206),(1018,1,'JB1596','COMPLIANCE STRATEGIC OFFICER',11206),(1019,1,'JB1602','GAWE PROJECT SPESIALIST',11206),(1020,1,'JB1603','PHP DEVELOPER',11206),(1021,1,'JB1606','RDC OFFICER',11206),(1022,1,'JB1609','HC OPERATIONAL STAFF',11206),(1023,1,'JB1610','ASSISTANT VICE PRESIDENT',11206),(1024,1,'JB1611','SRT STAFF',11206),(1025,1,'JB1612','SRT STAFF (Sourcing)',11206),(1026,1,'JB1613','IT NETWORK & INFRASTRUKTUR',11206),(1027,1,'JB1620','GAWE.ID CLIENT MARKETING & RETENTION',11206),(1028,1,'JB1621','IT SERVICE DESK',11206),(1029,1,'JB1622','NETWORK DISTRIBUTION AREA',11206),(1030,1,'JB1624','VIRTUAL RECRUITMENT',11206),(1031,1,'JB1628','TECHNICAL SUPPORT',11206),(1032,1,'JB1629','COORPORATE LEGAL SECRETARY',11206),(1033,1,'JB1630','OPERATIONAL SUPPORT AND PROCESS IMPROVEMENT OFFICER',11206),(1034,1,'JB1631','IT DEVELOPMENT',11206),(1035,1,'JB1633','PE CARE CENTER',11206),(1036,1,'JB1636','TASK FORCE PDCA',11206),(1037,1,'JB1638','RELATION MANAGER',11206),(1038,1,'JB1641','COORPORATE LEGAL OFFICER',11206),(1039,1,'JB1642','BPR PROJECT',11206),(1040,1,'JB1644','DATA ANALYST',11206),(1041,1,'JB1653','HUMAN CAPITAL ACQUISITION',11206),(1042,1,'JB1654','HR-FA',11206),(1043,1,'JB1659','OPERATIONAL',11206),(1044,1,'JB1661','OPERATIONAL SUPPORT COORDINATOR',11206),(1045,1,'JB1662','OPERATIONAL STAFF (BUSINESS SUPPORT)',11206),(1046,1,'JB1663','FINANCE ACCOUNTING OFFICER',11206),(1047,1,'JB1666','QM OFFICER',11206),(1048,1,'JB1667','JUNIOR OOFFICER',11206),(1049,1,'JB1675','OPERATIONAL SUPPORT OFFICER',11206),(1050,1,'JB1676','TASK FORCE PROJECT',11206),(1051,1,'JB1677','CORPORATE COMMUNICATION OFFICER',11206),(1052,1,'JB1679','REGIONAL OPERATION OFFICER',11206),(1053,1,'JB1680','OPERATIONAL STAFF (SRT)',11206),(1054,1,'JB1683','IT PROGRAMER',11206),(1055,1,'JB1684','MARKETING STRATEGIC DEPT 2',11206),(1056,1,'JB1685','OPERATIONAL GAWE.ID',11206),(1057,1,'JB1686','HC PERFORMANCE MANAGEMENT',11206),(1058,1,'JB1689','GAWE.ID DEVELOPER',11206),(1059,2,'JB1693','AR MGT OFFICER',11206),(1060,1,'JB1694','KISS OFFICER',11206),(1061,2,'JB1697','operation staff',11206),(1062,2,'JB1721','Managed Service Officer I',11206),(1063,2,'jb1722','Managed Service Officer II',11206),(1064,2,'JB1723','System Integrator/ ETL Engineer I',11206),(1065,2,'JB1724','System Integrator/ ETL Engineer II',11206),(1066,2,'JB1733','GEOTAGGERS (DW)',11206),(1067,3,'JB1761','AGENT COORDINATOR',11206),(1068,2,'JB1767','SERVER ENGINEER I',11206),(1069,2,'JB1768','SERVER ENGINEER II',11206),(1070,2,'JB1769','O&M APPLICATION, PLATFORM, AND DATABASE OFFICER I',11206),(1071,2,'JB1770','O&M APPLICATION, PLATFORM, AND DATABASE OFFICER II',11206),(1072,2,'JB1775','WORKING CAPITAL STAFF',11206),(1073,2,'JB1777','ACCOUNTING & BUDGET CONTROL OFFICER I',11206),(1074,2,'JB1778','ACCOUNTING & BUDGET CONTROL OFFICER II',11206),(1075,2,'JB1779','MARKETING DEVELOPMENT',11206),(1076,2,'JB1794','CORPORATE PLANNING & SECRETARY OFFICER I',11206),(1077,2,'JB1795','CORPORATE PLANNING & SECRETARY OFFICER II',11206),(1078,3,'JB1802','TRAINER',11206),(1079,2,'JB1809','CREATIVE SUPPORT SPECIALIST',11206),(1080,2,'JB1813','NETWORK ENGINEER I',11206),(1081,2,'JB1814','NETWORK ENGINEER II',11206),(1082,2,'JB1816','ACCOUNT SUPPORT',11206),(1083,3,'JB1821','QUALITY ASSURANCE MAGANG ',11206),(1084,2,'JB1822','PRODUCT ENGINEER',11206),(1085,2,'JB1830','ADVISOR OPERATOR',11206),(1086,2,'JB1842','CRISIS HR SUPPORT',11206),(1087,2,'JB1850','OFFICE SUPPORT STAFF',11206),(1088,2,'JB1851','ANALYST FIRSTMILE',11206),(1089,2,'JB1852','GENERAL AFFAIRS & FACILLITIES SUPPORT',11206),(1090,2,'JB1853','QA COLLECTION',11206),(1091,2,'JB1855','DISTRIBUTION COORDINATOR CENTER',11206),(1092,2,'JB1864','ACQUISITION SUPPORT SPECIALIST',11206),(1093,2,'JB1868','C00010.ADA FINANCE, BUDGET, ACCOUNTING & TAX',11206),(1094,2,'JB1869','C00019.AWDA BUSINESS DEVELOPMENT CWK',11206),(1095,3,'JB1870','QUALITY ASURANCE',11206),(1096,2,'JB1873','COMMUNICATION SUPPORT SPECIALIST',11206),(1097,3,'JB1874','TL DESK COLLECTION FIFGROUP',11206),(1098,3,'JB1877','PROJECT MANAGER',11206),(1099,2,'JB1883','TECHNICAL CONSULTANT',11206),(1100,2,'JB1886','OPERATOR IT MAINTENANCE',11206),(1101,2,'JB1903','ASISTEN PERAWAT',11206),(1102,2,'JB1905','INSURANCE STAFF',11206),(1103,2,'JB1924','PGA STAFF',11206),(1104,2,'JB1925','BACKUP STORAGE ENGINEER I',11206),(1105,2,'JB1926','BACKUP STORAGE ENGINEER II',11206),(1106,2,'JB1932','STAFF INVENTORY',11206),(1107,2,'JB1941','BUSINESS DEVELOPMENT EXECUTIVE',11206),(1108,2,'JB1977','FUNDING',11206),(1109,2,'JB1979','C00010.AWDA MANAGEMENT INFORMATION SYSTEM',11206),(1110,2,'JB1985','C00334.HC PERFORMANCE, REWARD, OPERATION & SERVICES',11206),(1111,2,'JB1986','BD EXECUTIVE',11206),(1112,2,'JB1989','KEY ACCOUNT EXECUTIVE',11206),(1113,2,'JB1990','KYC SCAN',11206),(1114,2,'JB2001','BILLING OFFICER',11206),(1115,2,'JB2004','COST OFFICER',11206),(1116,2,'JB2012','CHANNEL OFFICER',11206),(1117,2,'JB2013','SELLER TUTOR',11206),(1118,2,'JB2016','GA OFFICER',11206),(1119,2,'JB2017','TAX OFFICER',11206),(1120,2,'JB2018','IT TECHNICAL SUPPORT OFFICER',11206),(1121,2,'JB2039','REWARD OPERATOR',11206),(1122,2,'JB2050','FACILITY ANALYST',11206),(1123,2,'JB2052','FLEET IC FULLFILLMENT',11206),(1124,2,'JB2057','L&P ANALYST',11206),(1125,2,'JB2066','PARTNERSHIP EXPANSION',11206),(1126,2,'JB2067','PARTNERSHIP SUPPORT',11206),(1127,2,'JB2081','ROUTES ANALYST',11206),(1128,2,'JB2087','FLEET AVP',11206),(1129,2,'JB2091','HUB CPC/VALIDATOR',11206),(1130,2,'JB2096','DEV. OPS ENGINEER',11206),(1131,2,'JB2098','DEV OPS ENGINEERING',11206),(1132,2,'JB2102','COMPLIANCE FUNCTION',11206),(1133,2,'JB2103','CUSTOMER EXPERIENCE & DATA SUPPORT',11206),(1134,2,'JB2109','NETWORK OPERATION CENTER',11206),(1135,1,'JB2119','DATA DISTRIBUTION',11206),(1136,2,'JB2122','DOCUMENT CONTROL',11206),(1137,2,'JB2141','MU DEVELOPMENT SUPPORT OFFICER',11206),(1138,2,'JB2150','C00336.HC RECRUITMENT, TALENT, CAREER, AND CULTURE',11206),(1139,2,'JB2152','COMMERCIAL',11206),(1140,2,'JB2153','RELATIONSHIP MANAGER (JANGAN DIPAKAI)',11206),(1141,2,'JB2154','SENIOR PROJECT MANAGER',11206),(1142,2,'JB2155','JUNIOR PROJECT MANAGER',11206),(1143,2,'JB2163','SEED & TRAIT REGULATORY ASSISTANT',11206),(1144,2,'JB2165','PIC NASIONAL',11206),(1145,2,'JB2167','GS',11206),(1146,2,'JB2169','HCD (TRAINING)',11206),(1147,2,'JB2170','TREASURY OFFICER',11206),(1148,2,'JB2171','MARKETING CREATIVE',11206),(1149,2,'JB2172','STAFF PROGRAM DESIGNER',11206),(1150,2,'JB2173','STAFF SECURITY OFFICER',11206),(1151,2,'JB2174','STAFF RISK ASSESSMENT (ASSESSOR)',11206),(1152,2,'JB2175','STAFF TRAINING & COUNSELLING',11206),(1153,2,'JB2176','STAFF RECOVERY DEVELOPMENT',11206),(1154,2,'JB2177','STAFF SECURITY VENDOR IMPROVEMENT',11206),(1155,2,'JB2182','MAINTENANCE SUPPORT (CREW)',11206),(1156,2,'JB2187','MASTER DATA FG OFFICER',11206),(1157,2,'JB2199','CORPORATE LEGAL OFFICER',11206),(1158,2,'JB2202','COMMERCIAL GRAPHIC DESIGNER/MARKETING',11206),(1159,2,'JB2203','CLS (SOLUTIONS LEAD COMPLETE)',11206),(1160,2,'JB2210','AUDIT COMPLIANCE OFFICER',11206),(1161,2,'JB2216','NEW PROJECT PROVIDER MANAGEMENT OFFICER',11206),(1162,2,'JB2217','LEGAL OFFICER',11206),(1163,1,'JB2218','OFFICER TRAINEE PROGRAM',11206),(1164,1,'JB2223','TASKFORCE LABOUR OUTSOURCE',11206),(1165,1,'JB2227','SENIOR ACCOUNT MANAGER CLEANING',11206),(1166,1,'JB2228','ACCOUNT MANAGER CLEANING',11206),(1167,1,'JB2229','ACCOUNT MANAGER CLEANING',11206),(1168,1,'JB2230','BUSINESS SUPPORT STAFF 1',11206),(1169,1,'JB2231','BUSINESS SUPPORT STAFF 2',11206),(1170,1,'JB2232','RECRUITMENT STAFF 1',11206),(1171,1,'JB2233','RECRUITMENT STAFF 2',11206),(1172,2,'JB2235','PRODUCT ANALYTIC NPO',11206),(1173,2,'JB2238','QUALITY COMPLIANCE FOR AUDIT',11206),(1174,2,'JB2239','COMPLIANCE ASSURANCE',11206),(1175,2,'JB2246','PERENCANA INFRASTRUKTUR (Pengalaman > 4 Tahun)',11206),(1176,2,'JB2248','PERENCANA INFRASTRUKTUR (Pengalaman < 4 Tahun)',11206),(1177,2,'JB2250','DATA ANALYST',11206),(1178,2,'JB2257','DIGITAL ACTIVATION OFFICER',11206),(1179,2,'JB2270','IMPLANT STAFF',11206),(1180,2,'JB2271','3D ANIMATOR I',11206),(1181,2,'JB2272','3D ANIMATOR II',11206),(1182,2,'JB2286','FRONT END ENGINEER (MOBILE)',11206),(1183,2,'JB2288','DATA SCIENTIST NPO',11206),(1184,2,'JB2289','FINANCE OPERATION ASSISTANT',11206),(1185,2,'JB2297','TEKNOLOGI INFORMASI & IT SUPPORT',11206),(1186,2,'JB2316','C00023.AWDA PRODUCTIVE LOAN CWK',11206),(1187,2,'JB2326','ANALIS KIMIA',11206),(1188,2,'JB2327','ANALYTICAL DEVELOPMENT SUPPORT',11206),(1189,2,'JB2328','CHEMICAL ANALYST',11206),(1190,2,'JB2329','CHEMICAL ANALYST FOR PM',11206),(1191,2,'JB2330','CHEMICAL SCIENTIST SUPPORT',11206),(1192,2,'JB2333','DOCUMENTATION OFFICER',11206),(1193,2,'JB2334','EQUIPMENT',11206),(1194,2,'JB2335','FORMULATION DEVELOPMENT SCIENTIST',11206),(1195,2,'JB2336','FORMULATION DEVELOPMENT SCIENTIST SUPPORT',11206),(1196,2,'JB2337','GA ASSISTANT',11206),(1197,2,'JB2339','HSE OPERATIONS SPECIALIST',11206),(1198,2,'JB2340','HSE OPERATIONS SUPPORT',11206),(1199,2,'JB2341','IPC SUPPORT',11206),(1200,2,'JB2342','IT COMPLIANCE SUPPORT',11206),(1201,2,'JB2343','IT MANUFACTURING',11206),(1202,2,'JB2345','LAUNCH & CHANGE SUPPORT',11206),(1203,2,'JB2346','MANUFACTURING SUPPORT & ANALYTICS',11206),(1204,2,'JB2347','MICROBIOLOGY ANALYST',11206),(1205,2,'JB2348','OPERATIONAL EXCELLENCE SUPPORT',11206),(1206,2,'JB2349','OPERATIONAL SERVICES & ANALYTICS',11206),(1207,2,'JB2356','PQA PHARMACIST',11206),(1208,2,'JB2357','PROCESS DEVELOPMENT SCIENTIST',11206),(1209,2,'JB2358','PRODUCT RELEASE SUPPORT',11206),(1210,2,'JB2359','PRODUCT COMPLIANCE SUPPORT',11206),(1211,2,'JB2360','PRODUCTION PLANNING SUPPORT',11206),(1212,2,'JB2361','PROJECT DI SUPPORT',11206),(1213,2,'JB2362','PROJECT IT SUPPORT',11206),(1214,2,'JB2363','QC CHEMICAL ANALYST',11206),(1215,2,'JB2364','QC MICROBIOLOGY ANALIS',11206),(1216,2,'JB2365','QC MIKROBIOLOGI',11206),(1217,2,'JB2366','QC RAW MATERIAL',11206),(1218,2,'JB2367','RELIABILITY',11206),(1219,2,'JB2369','SECRETARIS',11206),(1220,2,'JB2370','SUPPLIER MANAGEMENT SUPPORT & HEPI PROJECT',11206),(1221,2,'JB2371','T&D SUPPORT',11206),(1222,2,'JB2372','TECHNICAL DOSSIER & REGULATORY LIAISON OFFICER',11206),(1223,2,'JB2373','TECHNICAL PROJECT OFFICER',11206),(1224,2,'JB2374','TECHNICAL SUPPORT',11206),(1225,2,'JB2376','TRAINING & DOCUMENTATION OFFICER',11206),(1226,2,'JB2377','TRAINING SUPPORT',11206),(1227,2,'JB2378','VALIDATION SUPPORT',11206),(1228,2,'JB2384','BRANCH MANAGER',11206),(1229,2,'JB2394','OFFICE STAFF',11206),(1230,2,'JB2397','CREDIT ANALYST - UPL',11206),(1231,1,'JB2417','INDUSTRIAL RELATION OFFICER',11206),(1232,1,'JB2422','TAX ADMINISTRATOR',11206),(1233,1,'JB2423','RECRUITMENT DEVELOPMENT OFFICER',11206),(1234,1,'JB2427','RECRUITMENT STAFF 2',11206),(1235,1,'JB2428','BUSINESS SUPPORT STAFF 2',11206),(1236,1,'JB2431','CLIENT CONSULTANT EXECUTIVE 2',11206),(1237,1,'JB2434','PAYROLL CONTROLLER 2',11206),(1238,1,'JB2435','PAYMENT PROCESSOR 2',11206),(1239,1,'JB2439','TAD MANAGEMENT STAFF',11206),(1240,1,'JB2442','IT SYSTEM ENGINEER',11206),(1241,1,'JB2443','TASKFORCE',11206),(1242,1,'JB2445','OFFICER TRAINEE PROGRAM',11206),(1243,2,'JB2450','FIELD SALES ACQUISITION',11206),(1244,2,'JB2451','HRGA STAFF',11206),(1245,2,'JB2452','SUPPORT PROGRAMMER',11206),(1246,2,'JB2453','SUPPORT DATA ENGINEER',11206),(1247,2,'JB2456','DOMESTIK STAFF',11206),(1248,2,'JB2459','DIGITAL MARKETING SPECIALIST',11206),(1249,2,'JB2460','RELATIONSHIP MANAGER INVOICE FINANCING',11206),(1250,2,'JB2461','PRODUCT MANAGER',11206),(1251,2,'JB2462','INVOICING FINANCING',11206),(1252,2,'JB2463','RELATIONSHIP MANAGER KPR',11206),(1253,2,'JB2467',' DATA SUPPORT OFFICER',11206),(1254,2,'JB2469','BUSINESS ANALYST SUPPORT OFFICER',11206),(1255,2,'JB2471','CUSTOMER SUCCESS',11206),(1256,2,'JB2474','GRAPHIC DESIGNER',11206),(1257,3,'JB2477','CUSTOMER SUCCESS',11206),(1258,2,'JB2479','COMMUNITY DEVELOPMENT OFFICER',11206),(1259,2,'JB2481','CEO OFFICE',11206),(1260,2,'JB2482','BRANCH SUPPORT STAFF',11206),(1261,2,'JB2483','LEGAL STAFF',11206),(1262,2,'JB2490','EXECUTIVE ASSISTANT',11206),(1263,2,'JB2491','TAX MANAGER',11206),(1264,2,'JB2495','BACKEND ENGINEER',11206),(1265,2,'JB2498','FACILITY MAINTENANCE ANALYST',11206),(1266,3,'JB2504','DATA ANALYST',11206),(1267,2,'JB2514','UX RESEARCHER',11206),(1268,2,'JB2515','UX DESIGNER',11206),(1269,2,'JB2516','DATA ENGINEER',11206),(1270,2,'JB2517','BUSINESS SUPPORT',11206),(1271,2,'JB2574','SR. FRONT END ENGINEER (MOBILE)',11206),(1272,2,'JB2587','CEO OFFICE ANALYST',11206),(1273,2,'JB2600','ANALYST',11206),(1274,2,'JB2601','ANALYST FACILITY',11206),(1275,2,'JB2602','ANALYST FM',11206),(1276,2,'JB2603','ASSISTANT',11206),(1277,2,'JB2609','DOP PERFORMANCE',11206),(1278,2,'JB2612','FLEET ANALYST FBD',11206),(1279,2,'JB2613','IC MANAGEMENT',11206),(1280,2,'JB2614','INTERNAL CONTROL',11206),(1281,2,'JB2619','LQC STAFF DESIGN',11206),(1282,2,'JB2621','OPERATION SUPPORT',11206),(1283,2,'JB2623','SENIOR ASSISTANT',11206),(1284,2,'JB2627','STAFF RISK ASSESSMENT',11206),(1285,2,'JB2632','UX WRITER',11206),(1286,2,'JB2633','IT SUPPORT SPECIALIST',11206),(1287,2,'JB2639','AGENDARIS BSBI',11206),(1288,2,'JB2640','ANALIS BSBI',11206),(1289,2,'JB2641','ASISTEN DATA PROCESSOR',11206),(1290,2,'JB2656','C00029.AWDA HUMAN CAPITAL RECRUITMENT AND CULTURE',11206),(1291,2,'JB2657','ILLUSTRATOR',11206),(1292,2,'JB2664','SUPPLY CHAIN MANAGEMENT',11206),(1293,2,'JB2667','C00002.ADA HUMAN CAPITAL & GENERAL SERVICES',11206),(1294,2,'JB2668','FRONT END ENGINEER',11206),(1295,2,'JB2669','DEVOPS',11206),(1296,2,'JB2672','FINANCE & TREASURY STAFF',11206),(1297,2,'JB2675','GENERAL AFFAIR STAFF',11206),(1298,2,'JB2676','FACILITY EXPANSION PROJECT ASSOCIATE',11206),(1299,2,'JB2680','EXPORT SPECIALIST',11206),(1300,2,'JB2683','MASTER DATA OFFICER',11206),(1301,2,'JB2689','COMPLIANCE STAFF',11206),(1302,1,'JB2694','MARKETING SUPPORT',11206),(1303,2,'JB2702','HR OFFICER',11206),(1304,2,'JB2703','BD UNSECURED LOAD',11206),(1305,2,'JB2704','BUSINESS ANALYST',11206),(1306,2,'JB2705','CONTENT COPYWRITER',11206),(1307,2,'JB2706','DESIGNER UI/UX',11206),(1308,2,'JB2707','FUNDING OPERATIONAL OFFICER',11206),(1309,2,'JB2708','IT SUPPORT HELPDESK',11206),(1310,2,'JB2709','PRODUCT PMO',11206),(1311,2,'JB2710','QA ENGINEER',11206),(1312,2,'JB2711','SOCIAL MEDIA CONTENT CREATOR',11206),(1313,2,'JB2712','STAFF INTERNAL AUDITOR',11206),(1314,2,'JB2713','ASSOCIATE PRODUCT DESIGNER',11206),(1315,3,'JB2721','DATA ENTRY',11206),(1316,2,'JB2722','FINANCIAL PRODUCT OFFICER',11206),(1317,2,'JB2725','STAFF PERENCANAAN PROYEK II',11206),(1318,2,'JB2730','STAFF DOCUMENT MANAGEMENT',11206),(1319,2,'JB2734','DATA REPORTING',11206),(1320,2,'JB2737','IT SERVICE DESK - A',11206),(1321,2,'JB2739','ADMISSION - A',11206),(1322,2,'JB2746','BRAND COMMUNICATION STAFF',11206),(1323,2,'JB2748','CEO OFFICE – HEAD BUSINESS IMPROVEMENT AND TRANSFORMATION',11206),(1324,2,'JB2755','INTERNAL AUDITOR',11206),(1325,2,'JB2758','VIP STAFF',11206),(1326,2,'JB2760','SR BACK END ENGINEER',11206),(1327,2,'JB2761','BACK END ENGINEER',11206),(1328,2,'JB2762','UI/UX DESIGNER',11206),(1329,2,'JB2764','SR QUALITY ASSURANCE',11206),(1330,2,'JB2765','DEV OPS SYSTEM ENGINEER',11206),(1331,2,'JB2766','ASSOCIATE CONTINUOUS IMPROVEMENT',11206),(1332,3,'JB2771','IT SUPPORT DANAMAS',11206),(1333,2,'JB2772','TECHNOLOGY ADVISOR',11206),(1334,3,'JB2773','TELEINTERVIEWER',11206),(1335,2,'JB2777','CORP. MARKETING SUPPORT OFFICER',11206),(1336,2,'JB2784','TELEINTERVIEWER',11206),(1337,2,'JB2786','LEGAL OPERATIONS',11206),(1338,2,'JB2789','SECURITY ANALYST',11206),(1339,2,'JB2798','C00030.AWDA RISK ANALYTIC CWK',11206),(1340,2,'JB2799','TELESALES TRAINER & MOTIVATIONAL',11206),(1341,2,'JB2803','QAD INPUTAN DAN BARCODE (DW)',11206),(1342,2,'JB2805','ACCOUNT RECEIVABLE OFFICER',11206),(1343,2,'JB2808','O2O PLATFORM PRODUCT MANAGER',11206),(1344,2,'JB2809','LEAD PRODUCT DESIGN & UX',11206),(1345,2,'JB2812','STAFF LEGAL I',11206),(1346,2,'JB2818','BUSINESS DEVELOPMENT MANAGER FOR AGENT',11206),(1347,2,'JB2836','HEALTHY, SAFETY, AND ENVIRONMENT (SHE/HSE)',11206),(1348,2,'JB2839','JUNIOR ANALYST SEKRETARIS PERUSAHAAN I',11206),(1349,2,'JB2844','STAFF PENGADAAN I',11206),(1350,2,'JB2846','Developer Product I',11206),(1351,2,'JB2847','Developer Product II',11206),(1352,3,'JB2852','AGENT MAGANG BS',11206),(1353,2,'JB2853','PROJECT MANAGER (DW)',11206),(1354,2,'JB2854','GRAPHIC DESIGN',11206),(1355,2,'JB2855','INFORMATION & TECHNOLOGY SUPPORT',11206),(1356,2,'JB2870','ACCOUNT PAYABLE',11206),(1357,2,'JB2871','HR GA ADMIN',11206),(1358,2,'JB2872','TECHNICAL SUPPORT OFFICER',11206),(1359,2,'JB2876','TECHNICAL PRODUCT ANALYST',11206),(1360,2,'JB2889','EXPORT REGULATORY SPECIALIST ',11206),(1361,2,'JB2907','IT HELPDESK & SUPPORT',11206),(1362,2,'JB2908','STAFF AKUNTANSI',11206),(1363,2,'JB2909','STAFF KEUANGAN',11206),(1364,2,'JB2910','STAF BAGIAN ASET KOMERSIL',11206),(1365,2,'JB2911','STAF PERENCANAAN KAPAL NIAGA',11206),(1366,2,'JB2912','JURU GAMBAR REKAYASA TEKNIK PERTAMBANGAN',11206),(1367,2,'JB2915','PERENCANAAN PRODUKSI GALANGAN',11206),(1368,2,'JB2919','PERAWATAN KIP SEWA',11206),(1369,2,'JB2920','FASILITAS GALANGAN',11206),(1370,2,'JB2921','K3 LH',11206),(1371,2,'JB2980','ACCOUNT PAYABLE PORTOFOLIO',11206),(1372,2,'JB2981','COUNTER PART',11206),(1373,2,'JB2984','MAINTENANCE SPESIALIS',11206),(1374,2,'JB2985','SAFETY OFFICER',11206),(1375,2,'JB2992','FACILITY MANAGEMENT & MAINTENANCE ANALYST',11206),(1376,2,'JB2995','INVENTORY OPERATIONAL STAFF',11206),(1377,2,'JB3006','RUCIKA INSTITUTE OFFICER',11206),(1378,2,'JB3020','TRANSPORT PLANNER',11206),(1379,2,'JB3058','SR, STAFF, ORGANIZATION AND REWARD MANAGEMENT - ADMINISTRASI & CALL CENTER II',11206),(1380,2,'JB3059','JR. ANALYST, PROCUREMENT - ENGINEER III',11206),(1381,2,'JB3076','ACCOUNT PAYABLE OFFICER',11206),(1382,2,'JB3114','JR. ANALYST, PRODUCT DEVELOPMENT - JR. ANALYST/ SECTION HEAD I',11206),(1383,2,'JB3116','JR. ANALYST, PRODUCT DEVELOPMENT - JR. ANALYST/ SECTION HEAD II',11206),(1384,2,'JB3118','DOKTER PERUSAHAAN - DOKTER PERUSAHAAN I',11206),(1385,2,'JB3120','JR. ANALYST, BUSINESS PERFORMANCE AND REPORTING - JR. ANALYST/ SECTION HEAD I',11206),(1386,2,'JB3121','JR ANALYST SERVICE DEVELOPMENT - ENGINEER III',11206),(1387,2,'JB3122','JR ANALYST SALES WHOLESALE - JR. ANALYST/ SECTION HEAD III',11206),(1388,2,'JB3123','ACCOUNTING OFFICER',11206),(1389,2,'JB3125','PROJECT MANAGER I',11206),(1390,2,'JB3129','SEKRETARIS DIVISI TEMPORER',11206),(1391,2,'JB3130','BUSINESS ANALYST OFFICER',11206),(1392,2,'JB3140','C00347.REGION CREDIT PROCESS CLREK UFI CWK',11206),(1393,3,'JB3141','RECRUITER',11206),(1394,2,'JB3145','JR. ANALYST, PRODUCT DEVELOPMENT',11206),(1395,2,'JB3149','SUPPLIER PARTNERSHIP',11206),(1396,2,'JB3150','MANAGEMENT TRAINEE',11206),(1397,2,'JB3151','STAFF, HSSE REPRESENTATIVE LAMPUNG-CILEGON - ENGINEER I',11206),(1398,2,'JB3152','MARKETING SUPPORT',11206),(1399,2,'JB3153','JR ANALYST SERVICE DEVELOPMENT - ENGINEER II',11206),(1400,2,'JB3157','STAFF, DATA CENTER INFRASTRUCTURE MAINTENANCE',11206),(1401,2,'JB3161','IT HELPDESK I',11206),(1402,2,'JB3164','BUSINESS INTELLIGENCE ANALYST',11206),(1403,2,'JB3168','DEPARTMENT HEAD, LEGAL AND RELATION - DEPARTMENT HEAD I',11206),(1404,2,'JB3170','PROYEK MANAJEMEN',11206),(1405,2,'JB3172','COMPLIANCE CONTROLLER',11206),(1406,2,'JB3180','C00344.EHS, SOCIAL RESPONSIBILITY AND SUSTAINABILITY',11206),(1407,2,'JB3182','FINANCE',11206),(1408,2,'JB3184','LAB BIJI',11206),(1409,2,'JB3185','LAB MICRO',11206),(1410,2,'JB3187','QUALITY ASSURANCE (QA)',11206),(1411,2,'JB3197','TREASURY',11206),(1412,2,'JB3198','QUALITY CONTROL (QC)',11206),(1413,2,'JB3200','COMMUNITY DEVELOPMENT SPECIALIST',11206),(1414,2,'JB3206','RISK MANAGEMENT SENIOR OFFICER',11206),(1415,2,'JB3207','HR & FINANCE SENIOR OFFICER',11206),(1416,2,'JB3211','FRONT END ENGINEER - WEB',11206),(1417,2,'JB3212','PRODUCT DATA MANAGEMENT SUPPORT',11206),(1418,2,'JB3216','C00031.COLLECTION ANALYST CWK',11206),(1419,2,'JB3222','STAFF, PROCUREMENT - ADMINISTRASI & CALL CENTER I',11206),(1420,2,'JB3223','STAFF, PROCUREMENT (ASSESOR TKDN) - ADMINISTRASI & CALL CENTER I',11206),(1421,2,'JB3224','C00403.REGION CREDIT PROCESSOR TM',11206),(1422,2,'JB3225','C00402.REGION CREDIT PROCESS CLERK TM',11206),(1423,2,'JB3226','BUSINESS DEVELOPMENT OFFICER',11206),(1424,2,'JB3230','COMMUNITY ENGAGEMENT',11206),(1425,2,'JB3232','ADMIN BUSINESS DEVELOPMENT PLANNING',11206),(1426,3,'JB3256','QUALITY ASSURANCE',11206),(1427,2,'JB3258','TRAINING & IMPLEMENTATION OFFICER',11206),(1428,2,'JB3262','MARKET RESEARCH SPECIALIST',11206),(1429,2,'JB3265','C00032.AWDA OPERATION PLANNING CWK',11206),(1430,2,'JB3266','HUMAN CAPITAL DEVELOPMENT STAFF',11206),(1431,2,'JB3267','STAFF, MARKETING CAMPAIGN - ADMINISTRASI & CALL CENTER I',11206),(1432,2,'JB3272','STAFF ANGGARAN DAN AKUNTANSI',11206),(1433,2,'JB3277','PROJECT CONTROLLER',11206),(1434,2,'JB3325','STAFF, BUSINESS DEVELOPMENT - ADMINISTRASI & CALL CENTER I',11206),(1435,2,'JB0371','BEAUTY THERAPIST',11207),(1436,2,'JB1161','THERAPIST',11207),(1437,2,'JB1162','BEAUTICIAN',11207),(1438,2,'JB0019','PENJAGA MALAM KANTOR',11208),(1439,2,'JB0030','SECURITY',11208),(1440,2,'JB0062','CLEANING SERVICE',11208),(1441,2,'JB0063','PRAMUKARYA',11208),(1442,2,'JB0064','OFFICE BOY',11208),(1443,2,'JB0162','OFFICE GIRL',11208),(1444,2,'JB0365','OFFICE BOY (KT)',11208),(1445,2,'JB0366','OFFICE GIRL (KT)',11208),(1446,2,'JB0373','OFFICE BOY KT',11208),(1447,2,'JB0375','OFFICE GIRL KT',11208),(1448,2,'JB0519','PENJAGA KANTOR',11208),(1449,2,'JB0867','BOX SUPPORT',11208),(1450,2,'JB0900','PENJAGA KEAMANAN KANTOR',11208),(1451,2,'JB0911','PETUGAS BONEKA YAKULT',11208),(1452,2,'JB0984','OFFICE BOY BL',11208),(1453,2,'JB1088','CLEANING',11208),(1454,2,'JB1191','PRAMUBAKTI',11208),(1455,2,'JB1199','OFFICE BOY I',11208),(1456,2,'JB1228','OFFICE BOY II',11208),(1457,2,'JB1241','GARDENER KEMITRAAN',11208),(1458,2,'JB1265','GARDENER',11208),(1459,1,'JB1635','CLEANER',11208),(1460,1,'JB1649','OFFICE BOY',11208),(1461,2,'JB1748','Office Boy (DW)',11208),(1462,2,'JB1888','SECURITY STAFF GA',11208),(1463,2,'JB1889','SECURITY STAFF GA LEADER',11208),(1464,2,'JB1899','HSE',11208),(1465,2,'JB2123','SEKURITI (KT)',11208),(1466,2,'JB2262','CLEANING SERVICE (KEMITRAAN)',11208),(1467,2,'JB2263','SECURITY (KEMITRAAN)',11208),(1468,2,'JB2266','PETUGAS POS',11208),(1469,2,'JB2331','CLEANING VALIDATION OFFICER',11208),(1470,2,'JB2344','JANITOR',11208),(1471,2,'JB2379','JANITOR (QUALITY)',11208),(1472,2,'JB2380','JANITOR (OPERATIONS)',11208),(1473,2,'JB2395','OFFICE STAFF/PENJAGA KANTOR',11208),(1474,3,'JB2503','CLEANING SERVICE KEMITRAAN',11208),(1475,2,'JB2646','PANTRY DG',11208),(1476,2,'JB2650','PENJAGA TANAH',11208),(1477,2,'JB2651','PELAYAN MESS',11208),(1478,2,'JB2754','GLASS CLEANER',11208),(1479,2,'JB2816','CLEANING SERVICE.',11208),(1480,2,'JB2885','PENJAGA MALAM KANTOR (DW)',11208),(1481,3,'JB2895','PENGAWAL',11208),(1482,3,'JB2901','KEBERSIHAN',11208),(1483,2,'JB2994','OUTBOUND OPERATIONAL STAFF',11208),(1484,2,'JB3004','CLEANING SERVICE UNIT',11208),(1485,3,'JB3005','CLEANING SERVICE',11208),(1486,2,'JB3154','SENIOR CLEANING SERVICE',11208),(1487,2,'JB1032','AGENT',11209),(1488,3,'JB1799','AGENT',11209),(1489,2,'JB0001','OPERATIONAL RECEPTIONIST',11210),(1490,2,'JB0003','SERVICE CALL',11210),(1491,3,'JB0017','BARISTA',11210),(1492,2,'JB0048','CALL CENTER',11210),(1493,2,'JB0049','RESOLUTION OFFICER',11210),(1494,2,'JB0050','RECEPTIONIST',11210),(1495,2,'JB0051','CUSTOMER SERVICE',11210),(1496,2,'JB0068','C00016.RECEPTIONIST CWK',11210),(1497,2,'JB0121','C00171.CUSTOMER SERVICE REFINANCING',11210),(1498,2,'JB0142','CALL OPERATOR',11210),(1499,2,'JB0181','TELLER',11210),(1500,2,'JB0204','C00171.CUSTOMER SERVICE UF',11210),(1501,2,'JB0224','C00195.CUSTOMER SERVICE UF KP',11210),(1502,2,'JB0243','CUSTOMER RELATIONSHIP MANAGEMENT',11210),(1503,2,'JB0247','DESK SURVEYOR',11210),(1504,2,'JB0338','INBOUND SERVICE OFFICER TRAINEE',11210),(1505,2,'JB0339','JUNIOR INBOUND SERVICE OFFICER',11210),(1506,3,'JB0345','CUSTOMER SERVICE CALL',11210),(1507,2,'JB0354','CALL CENTER OUTBOUND OFFICER',11210),(1508,2,'JB0367','RECEPTIONIST (KT)',11210),(1509,2,'JB0376','RECEPTIONIST KT',11210),(1510,2,'JB0381','AGENT GENERAL',11210),(1511,2,'JB0412','FRONT LINER',11210),(1512,2,'JB0418','CUSTOMER RELATION',11210),(1513,2,'JB0440','CALL CENTER LOGISTIC OFFICER',11210),(1514,3,'JB0483','CUSTOMER CARE',11210),(1515,2,'JB0486','CUSTOMER SERVICE STAFF',11210),(1516,2,'JB0494','FRONT OFFICE STAFF',11210),(1517,3,'JB0505','LIVE CHAT MAGANG',11210),(1518,3,'JB0518','CUSTOMER SERVICE MAGANG',11210),(1519,2,'JB0522','GREETER',11210),(1520,2,'JB0527','AGENT BACKGROUND NURSE',11210),(1521,2,'JB0563','AGENT CONTACT CENTER',11210),(1522,2,'JB0585','FRONT OFFICE',11210),(1523,2,'JB0624','DOP CUSTOMER SERVICE',11210),(1524,2,'JB0628','CUSTOMER SERVICE 2A',11210),(1525,2,'JB0633','RECEPTIONIST AND ADMINISTRATION',11210),(1526,2,'JB0645','BLITS REPRESENTATIVE INBOUND (CS)',11210),(1527,2,'JB0649','STAFF CUSTOMER SERVICE RETENTION',11210),(1528,2,'JB0729','CREDIT RELATIONSHIP EXECUTIVE',11210),(1529,2,'JB0773','CUSTOMER SERVICE 1A',11210),(1530,2,'JB0808','CUSTOMER SUPPORT',11210),(1531,2,'JB0853','TELE PRODUCTIVITY',11210),(1532,2,'JB0872','TELE CALLER',11210),(1533,2,'JB0888','DOP CALLER',11210),(1534,2,'JB0919','CONTACT CENTER & FRONT DESK',11210),(1535,2,'JB0949','GOVERNMENT RELATION',11210),(1536,2,'JB0969','CUSTOMER SERVICE GE 2A',11210),(1537,2,'JB0971','FRONTDESK',11210),(1538,2,'JB1000','RECEPTIONIST KANTOR PERWAKILAN JAWA BARAT',11210),(1539,2,'JB1013','SERVICE DESK',11210),(1540,2,'JB1020','CALLERS',11210),(1541,2,'JB1027','CUSTOMER SERVICE 1B',11210),(1542,2,'JB1034','INBOUND OPERATOR',11210),(1543,2,'JB1060','CUSTOMER EXPERIENCE STAFF',11210),(1544,2,'JB1094','CUSTOMER SERVICE 1C',11210),(1545,2,'JB1097','CUSTOMER SERVICE GE 1A',11210),(1546,2,'JB1108','CALL CENTER OUTBOND OFFICER',11210),(1547,2,'JB1142','TELLER/CASHIER',11210),(1548,2,'JB1155','CS INBOUND',11210),(1549,2,'JB1160','FRONTLINER',11210),(1550,2,'JB1231','AGENT INBOUND CALL',11210),(1551,2,'JB1239','RELATIONSHIP MANAGER',11210),(1552,2,'JB1248','PIC CRM',11210),(1553,2,'JB1252','CUSTOMER SERVICE JUNIOR',11210),(1554,2,'JB1253','CUSTOMER SERVICE SENIOR',11210),(1555,2,'JB1276','CS E-IPO',11210),(1556,1,'JB1318','CS Inbound Project Officer',11210),(1557,1,'JB1397','SISKA OFFICER',11210),(1558,2,'JB1432','CUSTOMER CARE OFFICER I',11210),(1559,2,'JB1433','CUSTOMER CARE OFFICER II',11210),(1560,1,'JB1495','RESEPSIONIS',11210),(1561,1,'JB1505','RECEPTIONIST',11210),(1562,1,'JB1529','RECRUITMENT CALL CENTER',11210),(1563,1,'JB1572','RECEPTIONIST CENTER',11210),(1564,3,'JB1793','CUSTOMER SERVICE 1A',11210),(1565,3,'JB1805','CUSTOMER SERVICE',11210),(1566,2,'JB1812','BARISTA',11210),(1567,3,'JB1831','SERVICE DESK',11210),(1568,2,'JB1836','CUSTOMER SERVICE SUPPORT',11210),(1569,2,'JB1862','RECEPTIONIST',11210),(1570,3,'JB1863','RECEPTIONIST',11210),(1571,2,'JB1902','C00001.ADA RECEPTIONIST CWK',11210),(1572,2,'JB1991','KYC Scan Filing Document',11210),(1573,2,'JB1992','Call Agent Update Data',11210),(1574,2,'JB1993','KYC Online Verification',11210),(1575,2,'JB1994','KYC RDN',11210),(1576,2,'JB1995','CS E-IPO',11210),(1577,2,'JB2020','KYC FUND SERVICES',11210),(1578,2,'JB2021','CS FUND SERVICES',11210),(1579,2,'JB2097','ACCOUNT MANAGEMENT SUPPORT STAFF',11210),(1580,2,'JB2100','CUSTOMER CARE',11210),(1581,2,'JB2105','CUSTOMER SERVICE MCL',11210),(1582,2,'JB2121','CUSTOMER SERVICE SUPPORT SPECIALIST',11210),(1583,2,'JB2164','SERVICE DESK STAFF',11210),(1584,2,'JB2206','JUNIOR CUSTOMER SUPPORT',11210),(1585,2,'JB2207','CUSTOMER SUPPORT',11210),(1586,3,'JB2211','JUNIOR CUSTOMER SUPPORT',11210),(1587,2,'JB2215','DESK SURVEY-COMMERCIAL CLAIMS MGT',11210),(1588,2,'JB2258','RECEPTIONIST RELIVER',11210),(1589,2,'JB2320','RESEPSIONIS I',11210),(1590,2,'JB2321','RESEPSIONIS II',11210),(1591,2,'JB2368','RESEPSIONIS',11210),(1592,2,'JB2446','CS INBOUND & OMNI CHANNEL',11210),(1593,2,'JB2511','CUSTOMER SUPPORT OFFICER',11210),(1594,2,'JB2604','CALLER',11210),(1595,2,'JB2607','CS DOP',11210),(1596,2,'JB2608','CUSTOMER EXPERIENCE',11210),(1597,2,'JB2701','CS OFFICER',11210),(1598,2,'JB2776','CALL MONITORING',11210),(1599,2,'JB2778','CUSTOMER CARE JUNIOR',11210),(1600,2,'JB2779','CALL CENTER VIDEO BANKING',11210),(1601,2,'JB2780','CALL CENTER DIGITAL, SOSMED & T & R',11210),(1602,2,'JB2781','CUSTOMER SERVICE (RELIVER) ',11210),(1603,3,'JB2796','TELEINTERVIEWER MAGANG',11210),(1604,2,'JB2842','AGENT 1',11210),(1605,2,'JB2843','AGENT 2',11210),(1606,3,'JB2877','AGENT MAGANG SISKA',11210),(1607,2,'JB2987','CUSTOMER EXPERIENCE DATA LEAD',11210),(1608,2,'JB2989','PETUGAS SIARAN RADIO',11210),(1609,2,'JB2990','PETUGAS UNIT LAYANAN TERPADU',11210),(1610,2,'JB2991','PETUGAS LAYANAN JAGA HK',11210),(1611,2,'JB2993','INBOUND OPERATIONAL STAFF',11210),(1612,2,'JB3019','CUSTOMER SUPPORT CROSSBORDER',11210),(1613,2,'JB0044','DRIVER',11211),(1614,2,'JB0197','C00005.DRIVER OUTSOURCE',11211),(1615,2,'JB0364','DRIVER (KT)',11211),(1616,2,'JB0422','DRIVER DELIVERY',11211),(1617,2,'JB0423','DRIVER LHS',11211),(1618,2,'JB0424','DRIVER MP',11211),(1619,2,'JB0514','STAFF DRIVER',11211),(1620,2,'JB0532','ASISTEN DRIVER',11211),(1621,2,'JB0543','DRIVER - SALES',11211),(1622,2,'JB0548','VAN (DRIVER)',11211),(1623,2,'JB0570','DRIVER WAREHOUSE',11211),(1624,2,'JB0592','DRIVER KUDO',11211),(1625,2,'JB0639','DRIVER SERVICE',11211),(1626,2,'JB0643','DRIVER PENGANTARAN',11211),(1627,2,'JB0646','CAR DELIVERY VAN',11211),(1628,2,'JB0715','DRIVER (DW)',11211),(1629,2,'JB0755','DRIVER (CP)',11211),(1630,2,'JB0782','DRIVER MARKETING',11211),(1631,2,'JB0788','DRIVER MILKRUN',11211),(1632,2,'JB0790','DRIVER DIREKTUR',11211),(1633,2,'JB0809','DRIVER FLEET',11211),(1634,2,'JB0814','DRIVER CDE',11211),(1635,2,'JB0839','DRIVER PICK UP',11211),(1636,2,'JB0842','DRIVER PASSENGER',11211),(1637,2,'JB0844','CAR DELIVERY TRUCK',11211),(1638,2,'JB0915','DRIVER BL',11211),(1639,2,'JB0956','EKSPEDISI / DRIVER',11211),(1640,2,'JB0976','DRIVER BES',11211),(1641,2,'JB0993','DRIVER KANTOR PERWAKILAN JAWA TIMUR',11211),(1642,2,'JB1004','DRIVER VAN',11211),(1643,2,'JB1223','DRIVER OPERASIONAL',11211),(1644,2,'JB1229','DRIVER OPERASIONAL II',11211),(1645,2,'JB1270','DRIVER OPERASIONAL I',11211),(1646,1,'JB1456','DRIVER',11211),(1647,2,'JB1784','FORKLIFT DRIVER',11211),(1648,2,'JB1823','DRIVER LINE HAUL',11211),(1649,2,'JB1839','DRIVER FORKLIFT',11211),(1650,2,'JB1897','DRIVER TRUCK',11211),(1651,2,'JB1938','C00332.DRIVER DIREKSI',11211),(1652,2,'JB1999','DRIVER OFFICE',11211),(1653,3,'JB2045','DRIVER',11211),(1654,2,'JB2136','SUPIR DUMP TRUCK',11211),(1655,2,'JB2137','SUPIR WATER TRUCK',11211),(1656,2,'JB2385','DRIVER (RELIEVER)',11211),(1657,2,'JB2520','DRIVER DIREKSI',11211),(1658,2,'JB2647','PENGEMUDI DG',11211),(1659,2,'JB2648','PENGEMUDI 1',11211),(1660,2,'JB2649','PENGEMUDI 2',11211),(1661,2,'JB2663','RIDERS DOP',11211),(1662,3,'JB2897','SUPIR',11211),(1663,2,'JB3162','DRIVER COLDCHAIN',11211),(1664,2,'JB3190','SANITASI FG/ DRIVER FORKLIFT',11211),(1665,2,'JB3193','SHIPPING',11211),(1666,2,'JB0010','REMEDIAL',11212),(1667,2,'JB0011','COLLECTOR',11212),(1668,2,'JB0078','COLLECTION OFFICER',11212),(1669,2,'JB0080','COLLECTOR ARO',11212),(1670,2,'JB0081','COLLECTOR JUNIOR',11212),(1671,2,'JB0082','COLLECTOR PARO',11212),(1672,2,'JB0085','FIELD ASSET MANAGEMENT UNIT STAFF',11212),(1673,2,'JB0087','FIELD COLLECTOR/4',11212),(1674,2,'JB0120','C00166.RECOVERY FIELD SPEKTRA CWK',11212),(1675,2,'JB0153','FIELD COLLECTION',11212),(1676,2,'JB0203','C00163.JUNIOR CR FIELD SPEKTRA',11212),(1677,2,'JB0218','C00002.JUNIOR CR FIELD',11212),(1678,2,'JB0226','C00198.JUNIOR CR FIELD SPEKTRA TM',11212),(1679,2,'JB0254','PROBLEM ACCOUNT OFFICER',11212),(1680,2,'JB0257','RECOVERY OFFICER',11212),(1681,2,'JB0259','REMEDIAL JUNIOR',11212),(1682,2,'JB0260','REMEDIAL OFFICER',11212),(1683,2,'JB0293','C00196.JUNIOR CR FIELD TM',11212),(1684,2,'JB0302','C00170.CREDIT COLLECTION FIELD REFINANCING',11212),(1685,2,'JB0347','FIELD COLLECTION KM',11212),(1686,2,'JB0379','SIM FIRO',11212),(1687,2,'JB0396','A/R SPECIAL OFFICER (ARSO)',11212),(1688,2,'JB0516','RECOVERY STAFF',11212),(1689,2,'JB0544','ARO',11212),(1690,2,'JB0556','C00293.JUNIOR COLLECTION FIELD',11212),(1691,2,'JB0557','C00294.JUNIOR REMEDIAL FIELD',11212),(1692,2,'JB0641','C00299.JUNIOR COLLECTION FIELD TM',11212),(1693,2,'JB0871','ARO SENIOR',11212),(1694,2,'JB0879','FIELD AO',11212),(1695,2,'JB0913','FIELD COLLECTOR',11212),(1696,2,'JB0922','C00313.JUNIOR REMEDIAL FIELD TM',11212),(1697,2,'JB0983','PROBLEM ACCOUNT',11212),(1698,2,'JB1012','C00316.JUNIOR COLLECTION FIELD TM 2',11212),(1699,2,'JB1029','FIELD COLLECTOR OFFICER',11212),(1700,2,'JB1077','FIELD COLLECTOR - SYANA',11212),(1701,2,'JB1085','COLLECTION KMG PROPERTY OFFICER',11212),(1702,2,'JB1120','JUNIOR REMEDIAL',11212),(1703,2,'JB1121','JUNIOR COLLECTOR',11212),(1704,2,'JB1260','ASSET CUSTODIAN',11212),(1705,1,'JB1283','COLLECTION OFFICER',11212),(1706,1,'JB1285','COLLECTION OFFICER',11212),(1707,2,'JB1698','Collection Remedial Recovery Leader',11212),(1708,2,'JB1699','Collection Remedial Recovery Staff',11212),(1709,3,'JB2048','FIELD COLLECTOR',11212),(1710,2,'JB2099','FIELD COLLECTOR (KEMITRAAN)',11212),(1711,2,'JB2118','C00335.REGION JUNIOR REMEDIAL FIELD',11212),(1712,2,'JB2273','ARO CAR',11212),(1713,2,'JB2279','STAFF PENAGIHAN',11212),(1714,2,'JB2280','STAFF KONSULTAN AKUN BERMASALAH',11212),(1715,2,'JB2281','STAFF PENGEMBALIAN KERUGIAN PIUTANG',11212),(1716,2,'JB2282','FIELD COLLECTOR (EXISTING)',11212),(1717,2,'JB2387','RO PENAGIHAN',11212),(1718,2,'JB2573','REMEDIAL OFFICER CAR',11212),(1719,2,'JB2583','STAFF PENAGIHAN I',11212),(1720,2,'JB2584','STAFF PENAGIHAN II',11212),(1721,2,'JB2585','STAFF PENAGIHAN KMS I',11212),(1722,2,'JB2586','STAFF PENGEMBALIAN PIUTANG MACET PENANGANAN KHUSUS',11212),(1723,2,'JB2588','STAF PENGEMBALIAN PIUTANG MACET',11212),(1724,2,'JB2801','TASK FORCE COLLECTION',11212),(1725,2,'JB2810','STAFF PENAGIHAN KMS II',11212),(1726,2,'JB2996','FIELD SUPPORT (KEMITRAAN)',11212),(1727,2,'JB3209','FIELD COLLECTION / PENAGIHAN',11212),(1728,2,'JB0144','CREDIT MARKETING OFFICER JUNIOR (NEW CAR)',11213),(1729,2,'JB0193','C00194.MARKETING CREDIT EXECUTIVE KP',11213),(1730,2,'JB0194','C00115.COUNTER SALES CWK',11213),(1731,2,'JB0212','C00185.CAR MARKETING EXECUTIVE',11213),(1732,2,'JB0215','C00188.MARKETING CREDIT EXECUTIVE WF',11213),(1733,2,'JB0216','C00189.MARKETING CREDIT EXECUTIVE KM',11213),(1734,2,'JB0219','C00175.MARKETING CREDIT EXECUTIVE',11213),(1735,2,'JB0222','C00192.CAR MARKETING EXECUTIVE WF',11213),(1736,2,'JB0229','C00203.CAR MARKETING EXECUTIVE KP',11213),(1737,2,'JB0232','C00206.MARKETING CREDIT EXECUTIVE KT',11213),(1738,2,'JB0235','CREDIT MARKETING OFFICER',11213),(1739,2,'JB0236','CREDIT MARKETING OFFICER (EXECUTIVE)',11213),(1740,2,'JB0237','CREDIT MARKETING OFFICER (JUNIOR)',11213),(1741,2,'JB0238','CREDIT MARKETING OFFICER (SENIOR)',11213),(1742,2,'JB0239','CREDIT MARKETING OFFICER JUNIOR (EXPRESS)',11213),(1743,2,'JB0240','CREDIT MARKETING OFFICER SENIOR (EXPRESS)',11213),(1744,2,'JB0241','CREDIT MARKETING OFFICER SENIOR (NEW CAR)',11213),(1745,2,'JB0328','CREDIT STAFF IDAMANKU',11213),(1746,2,'JB0330','CREDIT MARKETING OFFICER EXECUTIVE (EXPRESS)',11213),(1747,2,'JB0336','C00212.MARKETING CREDIT EXECUTIVE KP KT',11213),(1748,2,'JB0397','CREDIT MARKETING',11213),(1749,2,'JB0443','C00175.MARKETING CREDIT EXECUTIVE.',11213),(1750,2,'JB0497','CRO',11213),(1751,2,'JB0551','C00292.MARKETING CREDIT EXECUTIVE KH',11213),(1752,2,'JB0558','MARKETING CREDIT EXECUTIVE',11213),(1753,2,'JB0564','C00188.MARKETING CREDIT EXECUTIVE WF.',11213),(1754,2,'JB0565','C00189.MARKETING CREDIT EXECUTIVE KM.',11213),(1755,2,'JB0566','C00194.MARKETING CREDIT EXECUTIVE KP.',11213),(1756,2,'JB0567','C00206.MARKETING CREDIT EXECUTIVE KT.',11213),(1757,2,'JB0569','C00292.MARKETING CREDIT EXECUTIVE KH.',11213),(1758,2,'JB0617','CREDIT MARKETING OFFICER - NMC',11213),(1759,2,'JB0636','C00326.MARKETING CREDIT EXECUTIVE M',11213),(1760,2,'JB0674','CREDIT MARKETING OFFICER SOBAT',11213),(1761,2,'JB0699','CREDIT MARKETING OFFICER - GRIYA',11213),(1762,2,'JB0761','CREDIT MARKETING OFFICER CONVENTIONAL',11213),(1763,2,'JB0830','C00327.MARKETING CREDIT EXECUTIVE KP M',11213),(1764,2,'JB0848','C00300.MARKETING REPRESENTATIVE CWK',11213),(1765,2,'JB0852','CMO SENIOR',11213),(1766,2,'JB0861','C00018.AWDA CREDIT SPECIALIST CWK',11213),(1767,2,'JB0895','CREDIT MARKETING OFFICER REGULER (EXPRESS)',11213),(1768,2,'JB0941','CREDIT MARKETING OFFICER (MOBIL)',11213),(1769,2,'JB0942','CREDIT MARKETING OFFICER (DANA TUNAI)',11213),(1770,2,'JB0985','CMO MIDDLE',11213),(1771,2,'JB1010','CREDIT MARKETING OFFICER - UMC',11213),(1772,2,'JB1016','CREDIT MARKETING OFFICER OTTO',11213),(1773,2,'JB1058','CREDIT MARKETING OFFICER - SYANA',11213),(1774,2,'JB1128','CAR MARKETING EXECUTIVE',11213),(1775,2,'JB1129','MCE',11213),(1776,2,'JB1130','CMO',11213),(1777,2,'JB1227','CREDIT MARKETING OFFICER - CAR',11213),(1778,2,'JB1871','CREDIT MARKETING OFFICER CAR FINANCING',11213),(1779,2,'JB1981','C00308.MARKETING COMMUNICATION AND CONTROL ',11213),(1780,2,'JB2126','CMO CAR FINANCING',11213),(1781,2,'JB2251','C00021.AWDA MARKETING COMMUNICATION CWK',11213),(1782,2,'JB2512','SENIOR CREDIT MARKETING OFFICER',11213),(1783,2,'JB2655','C00028.AWDA DIGITAL MARKETING ADMIN CWK',11213),(1784,2,'JB2715','MARKETING REFINANCING STAFF',11213),(1785,2,'JB2717','USED CAR MARKETING STAFF',11213),(1786,2,'JB2718','MARKETING COMMERCIAL VEHICLE STAFF',11213),(1787,2,'JB2811','MARKETING ACTIVATION OFFICER',11213),(1788,2,'JB0018','EKSPEDISI',11214),(1789,2,'JB0033','MESSENGER',11214),(1790,2,'JB0053','KURIR',11214),(1791,2,'JB0206','C00174.INVENTORY MESSENGER',11214),(1792,2,'JB0318','DELIVERY MAN',11214),(1793,2,'JB0320','SHIPPER',11214),(1794,2,'JB0329','RIDER',11214),(1795,2,'JB0349','MITRA EKSPEDISI',11214),(1796,2,'JB0357','PORTER',11214),(1797,2,'JB0363','REDELIVERY',11214),(1798,2,'JB0378','KURIR KT',11214),(1799,2,'JB0385','KURIR DAN PETUGAS FOTOKOPI',11214),(1800,2,'JB0520','KURIR (KT)',11214),(1801,2,'JB0547','BIKE (RIDER)',11214),(1802,2,'JB0590','SENIOR KURIR',11214),(1803,2,'JB0597','KURIR FLEET',11214),(1804,2,'JB0601','KURIR PICKUP',11214),(1805,2,'JB0642','KURIR PENGANTARAN',11214),(1806,2,'JB0720','KURIR MESSENGER',11214),(1807,2,'JB0738','RIDER DW',11214),(1808,2,'JB0754','RIDER (CP)',11214),(1809,2,'JB0810','KURIR JD',11214),(1810,2,'JB0838','KURIR PICK UP',11214),(1811,2,'JB0845','BIKE',11214),(1812,2,'JB0860','RIDER SENIOR',11214),(1813,2,'JB0907','MESSENGER DW',11214),(1814,2,'JB0926','KURIR SDS',11214),(1815,2,'JB0927','KURIR SEAFOOD',11214),(1816,2,'JB1163','MESSANGER',11214),(1817,1,'JB1457','MESSENGER',11214),(1818,3,'JB1704','KURIR',11214),(1819,2,'JB1714','KURIR (DW)',11214),(1820,2,'JB1741','Kurir (Kemitraan)',11214),(1821,2,'JB1845','MESSENGER I',11214),(1822,2,'JB1846','MESSENGER II',11214),(1823,2,'JB2023','KURIR LAST MILE',11214),(1824,2,'JB2037','KURIR FIRST MILE',11214),(1825,3,'JB2041','KURIR LAST MILE',11214),(1826,3,'JB2127','KURIR FIRST MILE',11214),(1827,2,'JB2582','C00018.MESSENGER CWK',11214),(1828,2,'JB2643','MESSENGER BSBI',11214),(1829,2,'JB2644','MESSENGER DG',11214),(1830,3,'JB2896','PORTER',11214),(1831,2,'1904','NURSE AID',11215),(1832,2,'JB0052','NURSE',11215),(1833,2,'JB1838','PERAWAT',11215),(1834,2,'JB0009','TASK FORCE',11216),(1835,2,'JB0012','ACCOUNT EXECUTIVE',11216),(1836,2,'JB0031','MERCHANDISER',11216),(1837,2,'JB0034','SALES TASK FORCE',11216),(1838,2,'JB0035','SALES FORCE',11216),(1839,2,'JB0036','SALES DTD',11216),(1840,2,'JB0038','SALES REPRESENTATIVE',11216),(1841,2,'JB0039','SALES OFFICER',11216),(1842,2,'JB0040','SALES EXECUTIVE',11216),(1843,2,'JB0042','COUNTER SALES',11216),(1844,2,'JB0067','C00209.SALES EXECUTIVE KT',11216),(1845,2,'JB0086','FIELD CANVASSER',11216),(1846,2,'JB0109','MARKETING STAFF',11216),(1847,2,'JB0118','C00161.COUNTER SALES UMC JR',11216),(1848,2,'JB0119','C00165.SPEKTRA STORE AGENT',11216),(1849,2,'JB0124','C00180.REGION ACCOUNT MANAGEMENT FIELD SPEKTRA CWK',11216),(1850,2,'JB0149','DIRECT SELLING OFFICER',11216),(1851,2,'JB0174','SALES ADVISOR',11216),(1852,2,'JB0175','SALES COUNTER',11216),(1853,2,'JB0176','SALES EXHIBITION',11216),(1854,2,'JB0177','SALES MOTORIST',11216),(1855,2,'JB0183','SALES CANVASSER',11216),(1856,2,'JB0195','C00200.SALES EXECUTIVE',11216),(1857,2,'JB0202','C00161.COUNTER SALES UMC',11216),(1858,2,'JB0210','C00182.REGION CREDIT PROCESSOR SPEKTRA CWK',11216),(1859,2,'JB0225','C00197.COUNTER SALES MC',11216),(1860,2,'JB0227','C00201.COUNTER SALES SPEKTRA CORNER',11216),(1861,2,'JB0230','C00204.SALES EXECUTIVE KP',11216),(1862,2,'JB0261','SALES',11216),(1863,2,'JB0262','SALES & MARKETING SUPPORT STAFF',11216),(1864,2,'JB0263','SALES ACCOUNT',11216),(1865,2,'JB0266','SALES PROMOTION',11216),(1866,2,'JB0267','SALES RIDERS',11216),(1867,2,'JB0268','SALES MD',11216),(1868,2,'JB0299','C00167.ACCOUNT MANAGEMENT FIELD SPEKTRA CWK',11216),(1869,2,'JB0304','C00183.REGION CREDIT APPLICATION PROCESSOR SPEKTRA CWK',11216),(1870,2,'JB0325','MD',11216),(1871,2,'JB0326','AE',11216),(1872,2,'JB0342','SALES CORPORATE',11216),(1873,2,'JB0343','SALES SM',11216),(1874,2,'JB0346','SALES BULK',11216),(1875,2,'JB0350','MITRA PENJUALAN JUNIOR',11216),(1876,2,'JB0351','MITRA PENJUALAN SENIOR',11216),(1877,2,'JB0352','MITRA PENJUALAN UTAMA',11216),(1878,2,'JB0388','SALES EXECUTIVE (JUNIOR) 1A',11216),(1879,2,'JB0389','SALES EXECUTIVE (JUNIOR) 1B',11216),(1880,2,'JB0390','SALES EXECUTIVE (SENIOR) 3A',11216),(1881,2,'JB0391','SALES EXECUTIVE (SENIOR) 3B',11216),(1882,2,'JB0392','SALES EXECUTIVE (SENIOR) 3C',11216),(1883,2,'JB0406','MARKETING AGENT DIRECT SENIOR',11216),(1884,2,'JB0414','SALES OFFLINE',11216),(1885,2,'JB0416','SALES OFFLINE 2A',11216),(1886,2,'JB0417','SALES OFFLINE 3A',11216),(1887,2,'JB0432','SALES CANVASSING JUNIOR',11216),(1888,2,'JB0433','SALES CANVASSING SENIOR',11216),(1889,2,'JB0435','SALESMAN',11216),(1890,2,'JB0444','SALES MS ANGEL',11216),(1891,2,'JB0476','SALES FIELD ACTIVATION',11216),(1892,2,'JB0492','MARKETING STAFF IDAMANKU',11216),(1893,2,'JB0493','MARKETING AGENT',11216),(1894,2,'JB0495','DIRECT SALES',11216),(1895,2,'JB0503','SALES OFFICER KPR',11216),(1896,2,'JB0523','MERCHANT ACQUISITION',11216),(1897,2,'JB0524','SALES DIGITAL ADVERTISING',11216),(1898,2,'JB0526','MEMBER GET MEMBER',11216),(1899,2,'JB0535','SALES EXECUTIVE 2A',11216),(1900,2,'JB0536','SALES EXECUTIVE 2B',11216),(1901,2,'JB0537','SALES EXECUTIVE 2C',11216),(1902,2,'JB0554','MARKETING AGENT DIRECT JUNIOR',11216),(1903,2,'JB0555','SALES COORDINATOR',11216),(1904,2,'JB0573','MOTORIST',11216),(1905,2,'JB0581','SALES (NESTLE)',11216),(1906,2,'JB0593','MOTORIST KUDO',11216),(1907,2,'JB0616','MARKETING AGENT MULTIGUNA',11216),(1908,2,'JB0648','PROMOTOR',11216),(1909,2,'JB0679','SALES PROMOTOR',11216),(1910,2,'JB0684','AREA SALES & PROMOTION REPRESENTATIVE',11216),(1911,2,'JB0685','TASK FORCE 2',11216),(1912,2,'JB0700','PROMOTOR STAY',11216),(1913,2,'JB0701','PROMOTOR MOBILE',11216),(1914,2,'JB0778','SALESMAN EKSKLUSIF MARKETING',11216),(1915,2,'JB0791','MOTORIST MARS',11216),(1916,2,'JB0794','BRAND PROMOTOR',11216),(1917,2,'JB0797','MARKETING AGENT MIKRO',11216),(1918,2,'JB0799','SALES CANVASSING SENIOR JAKARTA',11216),(1919,2,'JB0829','FIELD SALES AGENT',11216),(1920,2,'JB0841','BLIBLI REP',11216),(1921,2,'JB0850','CUSTOMER REPEAT ORDER (CRO)',11216),(1922,2,'JB0856','SALES CANVASSING JUNIOR JAKARTA',11216),(1923,2,'JB0874','SALES REPRESENTATIVE MOTOR CYCLE TEAM (MCT)',11216),(1924,2,'JB0876','ENGAGEMENT SUPPORT',11216),(1925,2,'JB0899','SALES ADMINISTRATIVE ASSISTANT',11216),(1926,2,'JB0905','SALES SPRIDING',11216),(1927,2,'JB0909','MERCHANDISER (MD)',11216),(1928,2,'JB0920','MARKETING AGENT UMKM',11216),(1929,2,'JB0923','ACCOUNT EXECUTIVE FIELD (ECERAN)',11216),(1930,2,'JB0924','ACCOUNT EXECUTIVE FIELD (SEMI AGENT)',11216),(1931,2,'JB0925','ACCOUNT EXECUTIVE FIELD (AGENT)',11216),(1932,2,'JB0947','AIRPORT FIELD',11216),(1933,2,'JB0955','SALES (MERCK)',11216),(1934,2,'JB0960','TASK FORCE 1',11216),(1935,2,'JB0968','SALES PROMOTOR B2C',11216),(1936,2,'JB0972','FIELD AGRONOMY SUPPORT',11216),(1937,2,'JB0973','SENIOR SALES EXECUTIVE',11216),(1938,2,'JB0975','SALES CANVASSER YUZU',11216),(1939,2,'JB0990','CANVASSING',11216),(1940,2,'JB0998','SALES PROMOTION OFFICER',11216),(1941,2,'JB1017','SALES ASSISTANT',11216),(1942,2,'JB1051','MOTORIST BL',11216),(1943,2,'JB1067','SALES ASSOCIATE',11216),(1944,2,'JB1068','SALES CANVASSING',11216),(1945,2,'JB1089','PLANNER',11216),(1946,2,'JB1101','DISTRICT SALES REPRESENTATIVE',11216),(1947,2,'JB1102','SALES RECOVERY',11216),(1948,2,'JB1124','MARKETING',11216),(1949,2,'JB1126','CANVASER',11216),(1950,2,'JB1147','MARKETING',11216),(1951,2,'JB1149','SALES - DSR PVL',11216),(1952,2,'JB1150','SALES - DSR IL',11216),(1953,2,'JB1151','SALES DSR CVL',11216),(1954,2,'JB1175','FIELD SALES AGENT DW',11216),(1955,2,'JB1194','MARKETING OFFICER',11216),(1956,2,'JB1198','SALES CANVASSING SUPPORT',11216),(1957,2,'JB1201','REPRESENTATIVE OFFICER MOBILE',11216),(1958,2,'JB1213','SELLER ENGAGEMENT',11216),(1959,2,'JB1221','PRODUCT SPESIALIST ABBOCATH',11216),(1960,2,'JB1224','SENIOR BRAND AMBASSADOR',11216),(1961,2,'JB1232','DISTRICT SALES REPRESENTATIVE CORN',11216),(1962,2,'JB1243','BRAND AMBASSADOR',11216),(1963,2,'JB1262','STORE SALES',11216),(1964,1,'JB1350','Marketing & Client Retention Officer',11216),(1965,1,'JB1421','MARKETING & SALES CC DIVISION HEAD',11216),(1966,1,'JB1423','MARKETING & SALES LO DIVISION HEAD',11216),(1967,1,'JB1502','TASK FORCE',11216),(1968,1,'JB1530','SALES & MARKETING',11216),(1969,1,'JB1583','MARKETING & DEVELOPMENT DIVISION HEAD',11216),(1970,1,'JB1607','DIRECT STAFF',11216),(1971,1,'JB1608','MARKETING & DEVELOPMENT DIVISION',11216),(1972,1,'JB1634','AVP MARKETING ACQUISITION',11216),(1973,1,'JB1648','AVP MARKETING & SALES',11216),(1974,2,'JB1732','SALES CANVASSING SUPPORT (DW)',11216),(1975,2,'JB1736','Net1 Sales Officer (NSO)',11216),(1976,2,'JB1737','Net1 Sales Promotor (NSP)',11216),(1977,2,'JB1740','SALES (KEMITRAAN)',11216),(1978,2,'JB1742','Sales & Marketing Officer I',11216),(1979,2,'jb1743','Sales & Marketing Officer II',11216),(1980,2,'JB1763','RIPS CORPORATE PROMOTER',11216),(1981,2,'JB1765','SALES PARTNERSHIP',11216),(1982,2,'JB1780','SALES RETENTION OFFICER',11216),(1983,2,'JB1798','ACCOUNT MARKETING REPRESENTATIVE',11216),(1984,3,'JB1833','SALES MOTORIST',11216),(1985,3,'JB1837','REPRESENTATIVE OFFICER',11216),(1986,2,'JB1840','TASK FORCE SPREADING',11216),(1987,2,'JB1843','STOCKIST',11216),(1988,3,'JB1882','REPRESENTATIVE OFFICER MOBILE',11216),(1989,2,'JB1884','TERRITORY SALES EXECUTIVE',11216),(1990,2,'JB1906','FSR HYBRID',11216),(1991,2,'JB1907','FSR PROJECT',11216),(1992,2,'JB1996','MERCHANDISER GRANITO (MOBIL BOX)',11216),(1993,2,'JB1997','MERCHANDISER GRANITO (MOTOR PRIBADI)',11216),(1994,2,'JB1998','MERCHANDISER NON GRANITO',11216),(1995,2,'JB2027','SALES SUPPORT OFFICER',11216),(1996,2,'JB2040','SALES GEOTAGGER (DW)',11216),(1997,2,'JB2111','RETAIL SALESMAN',11216),(1998,2,'JB2128','BROKER ASSISTANT',11216),(1999,2,'JB2129','FIELD OPERATION',11216),(2000,2,'JB2143','DISTRICT MARKETING REPRESENTATIVE (RICE & CORN)',11216),(2001,2,'JB2144','DISTRICT MARKETING REPRESENTATIVE (FRUIT & VEG)',11216),(2002,2,'JB2145','DISTRICT SALES REPRESENTATIVE & DISTRICT MARKETING REPRESENTATIVE (HYBRID)',11216),(2003,2,'JB2148','RETAIL',11216),(2004,2,'JB2151','SALES EXECUTIVE - FRESHER',11216),(2005,3,'JB2166','SMD (SALES & MERCHANDISER)',11216),(2006,2,'JB2168','SALES DIRECT',11216),(2007,2,'JB2191','WHOLESALE SALESMAN',11216),(2008,2,'JB2192','MARKETING SUPPORT OFFICER',11216),(2009,2,'JB2195','FIELD SALES',11216),(2010,2,'JB2201','MCL',11216),(2011,2,'JB2204','CLS (SOLUTION PROJECT SUPPORT)',11216),(2012,2,'JB2205','JUNIOR SALES PROMOTOR (KEMITRAAN)',11216),(2013,3,'JB2212','JUNIOR SALES PROMOTOR',11216),(2014,2,'JB2252','TERITORRY SALES',11216),(2015,2,'JB2254','FIELD SALES (DW)',11216),(2016,2,'JB2255','SALES EXECUTIVE - FRESHER (DW)',11216),(2017,2,'JB2256','BEAUTY ADVISOR',11216),(2018,2,'JB2277','SALES SUPPORT SPECIALIST',11216),(2019,2,'JB2278','STAFF MARKETING',11216),(2020,2,'JB2283','B2B EXECUTIVE',11216),(2021,3,'JB2314','SALES SPREADING',11216),(2022,2,'JB2325','SELLER INCUBATOR',11216),(2023,2,'JB2386','HUNTER (MARKETING)',11216),(2024,2,'JB2393','SALES TAKING ORDER',11216),(2025,2,'JB2396','STAFF TEMPORER UNIT PENJUALAN DAN PEMASARAN',11216),(2026,2,'JB2468','SALES CONSULTANT',11216),(2027,2,'JB2470','OUTSIDE SALES',11216),(2028,2,'JB2472','INSIDE SALES',11216),(2029,3,'JB2475','OUTSIDE SALES',11216),(2030,3,'JB2476','INSIDE SALES',11216),(2031,2,'JB2496','FIELD ACQUISITION / SALES',11216),(2032,2,'JB2500','RICE MILLING RELATION (ACQUISITION)',11216),(2033,2,'JB2501','ERAKIOS CANVASSER',11216),(2034,2,'JB2502','FARM ACQUISITION',11216),(2035,2,'JB2571','SMD (SALES & MERCHANDISER)',11216),(2036,2,'JB2575','BLIBLI REPRESENTATIVE',11216),(2037,2,'JB2581','SALES PROMOTOR (SPM)',11216),(2038,2,'JB2590','MCL & FBL',11216),(2039,2,'JB2677','AREA SALES EXECUTIVE',11216),(2040,2,'JB2679','FIELD OPS',11216),(2041,2,'JB2682','SALES EXECUTIVE - REGULER',11216),(2042,2,'JB2714','ACCOUNT OFFICER STAFF',11216),(2043,2,'JB2719','ACCOUNT OFFICER MICROFINANCE',11216),(2044,3,'JB2726','SALES CANVASSER MOTORIS',11216),(2045,2,'JB2750','SALES MOTORIST (KEMITRAAN)',11216),(2046,2,'JB2767','SALES CANVASSER MOTORIS (KEMITRAAN)',11216),(2047,2,'JB2783','ACCOUNT RELATIONSHIP OFFICER',11216),(2048,2,'JB2790','SALES EXECUTIVE (PCG)',11216),(2049,2,'JB2791','SALES EXECUTIVE (CPI)',11216),(2050,2,'JB2792','SALES EXECUTIVE (TKI)',11216),(2051,2,'JB2821','ACCOUNT MANAGER I',11216),(2052,2,'JB2823','SALES SUPPORT I',11216),(2053,2,'JB2856','SALES STRATEGIST',11216),(2054,2,'JB2879','SALES ADMINISTRATOR SUPPORT',11216),(2055,2,'JB2882','RETAIL SALES ADMINISTRATOR SUPPORT',11216),(2056,2,'JB2905','PROMOTOR PROJECT ARJA',11216),(2057,2,'JB2983','SALES (KEMITRAAN)',11216),(2058,2,'JB3016','SALESMAN MODERN SPECIAL TRADE (SMST)',11216),(2059,3,'JB3017','SALES FIELD',11216),(2060,2,'JB3028','STAFF, ACCOUNT EXECUTIVE REGIONAL OFFICE BEKASI - ACCOUNT EXECUTIVE I',11216),(2061,2,'JB3034','STAFF, ACCOUNT EXECUTIVE REGIONAL OFFICE SUMBAGUT - ACCOUNT EXECUTIVE I',11216),(2062,2,'JB3036','STAFF, ACCOUNT EXECUTIVE WHOLESALE - ACCOUNT EXECUTIVE I',11216),(2063,2,'JB3041','STAFF, ACCOUNT EXECUTIVE CORPORATE - ACCOUNT EXECUTIVE I',11216),(2064,2,'JB3060','STAFF, ACCOUNT EXECUTIVE REGIONAL OFFICE JAMBI - ACCOUNT EXECUTIVE I',11216),(2065,2,'JB3071','STAFF, ACCOUNT EXECUTIVE REGIONAL OFFICE PALEMBANG - ACCOUNT EXECUTIVE I',11216),(2066,2,'JB3073','STAFF, ACCOUNT EXECUTIVE REGIONAL OFFICE PEKANBARU - ACCOUNT EXECUTIVE I',11216),(2067,2,'JB3074','DISTRICT REPRESENTATIVE (DR)',11216),(2068,2,'JB3090','STAFF, ACCOUNT EXECUTIVE REGIONAL OFFICE JAKARTA - ACCOUNT EXECUTIVE I',11216),(2069,2,'JB3102','STAFF, ACCOUNT EXECUTIVE REGIONAL OFFICE LAMPUNG - ACCOUNT EXECUTIVE I',11216),(2070,2,'JB3106','STAFF, ACCOUNT EXECUTIVE REGIONAL OFFICE BATAM - ACCOUNT EXECUTIVE I',11216),(2071,2,'JB3113','SR. STAFF, ACCOUNT EXECUTIVE REGIONAL OFFICE BATAM - ACCOUNT EXECUTIVE II',11216),(2072,2,'JB3124','SALES ACQUISITION (KEMITRAAN)',11216),(2073,2,'JB3127','SALESMAN P&G',11216),(2074,2,'JB3143','STAFF, ACCOUNT EXECUTIVE WHOLESALE - TECHNICIAN I',11216),(2075,2,'JB3155','SALES SUPPORT CAMPAIGN (KEMITRAAN)',11216),(2076,2,'JB3156','STAFF, ACCOUNT EXECUTIVE REGIONAL OFFICE JABATIM - ACCOUNT EXECUTIVE I',11216),(2077,2,'JB3160','SALES CORPNET',11216),(2078,2,'JB3166','SALESMAN CHB',11216),(2079,2,'JB3202','ACCOUNT OFFICER CWK',11216),(2080,2,'JB3213','STAFF, ACCOUNT EXECUTIVE REGIONAL OFFICE CILEGON - ACCOUNT EXECUTIVE I',11216),(2081,2,'JB3268','FIELD OFFICER',11216),(2082,3,'JB3322','DURABLE SALES AGENT',11216),(2083,3,'JB3323','DURABLE SALES LEADER',11216),(2084,2,'JB3327','DURABLE SALES LEADER',11216),(2085,2,'JB0041','SPG/SPB',11217),(2086,2,'JB0290','SALES PROMOTION GIRL',11217),(2087,2,'JB0291','SALES PROMOTION BOY',11217),(2088,2,'JB0308','SPG FORSA',11217),(2089,2,'JB0312','SPG MOBILE BENGKEL',11217),(2090,2,'JB0702','REPRESENTATIVE OFFICER (RO)',11217),(2091,2,'JB1044','SPG',11217),(2092,2,'JB1045','SPB',11217),(2093,2,'JB1167','SPG / SPB',11217),(2094,2,'JB1250','SPG/SPB REACTIVATION',11217),(2095,2,'JB1271','SPG/SPB HYBIRD',11217),(2096,3,'JB1791','SPG / SPB REGULER',11217),(2097,3,'JB1929','SPG/SPB REGULER - CAR',11217),(2098,2,'JB2011','SPG GRANITO',11217),(2099,3,'JB2315','SPG / SPB GROSIR',11217),(2100,2,'JB0008','FIELD COORDINATOR',11218),(2101,2,'JB0021','BRANCH HEAD',11218),(2102,2,'JB0024','LEADER PACKING',11218),(2103,2,'JB0026','LEADER SHIFT MAINTENANCE',11218),(2104,2,'JB0029','SUPERVISOR',11218),(2105,2,'JB0055','KEPALA GUDANG',11218),(2106,2,'JB0059','TEAM LEADER',11218),(2107,2,'JB0060','ALLIANCE HEAD',11218),(2108,2,'JB0077','AREA MANAGER',11218),(2109,2,'JB0091','GA LEADER',11218),(2110,2,'JB0113','SPV CVL',11218),(2111,2,'JB0122','C00177.REGION CREDIT APPL COORDINATOR SPEKTRA CWK',11218),(2112,2,'JB0123','C00177.REGION CREDIT APPLICATION COORDINATOR CWK',11218),(2113,2,'JB0139','AR HEAD',11218),(2114,2,'JB0151','DRIVER COORDINATOR',11218),(2115,2,'JB0159','KEPALA OUTLET',11218),(2116,2,'JB0160','KORLAP TEKNISI',11218),(2117,2,'JB0172','RISK MANAGEMENT SUPERVISOR',11218),(2118,2,'JB0278','SUPERVISOR SALES',11218),(2119,2,'JB0353','COSTUMER SERVICES AGENT',11218),(2120,2,'JB0369','HEAD OF FINANCE',11218),(2121,2,'JB0386','SUPERVISOR INSTALLER',11218),(2122,2,'JB0395','MARKETING SUPERVISOR',11218),(2123,2,'JB0398','COORDINATOR SURVEYOR',11218),(2124,2,'JB0410','SUPERVISOR COLLECTION',11218),(2125,2,'JB0429','LEADER HUB',11218),(2126,2,'JB0436','SPV SALESMAN',11218),(2127,2,'JB0446','SUPERVISOR TEKNISI',11218),(2128,2,'JB0449','TL COLLECTOR',11218),(2129,2,'JB0451','COORDINATOR DRIVER',11218),(2130,2,'JB0482','AREA RECOVERY COORDINATOR',11218),(2131,2,'JB0500','COLLECTION HEAD',11218),(2132,2,'JB0506','COLLECTION HEAD PROJECT',11218),(2133,2,'JB0578','BES COORDINATOR',11218),(2134,2,'JB0603','ACTING LEADER',11218),(2135,2,'JB0605','TL DESKCOLLECTION MNC INSURANCE',11218),(2136,2,'JB0627','BRANCH COLLECTION SUPERVISOR',11218),(2137,2,'JB0629','KOORDINATOR PENJAGA KANTOR',11218),(2138,2,'JB0631','WAREHOUSE WAKIL TEAM LEADER',11218),(2139,2,'JB0661','TL DESK COLLECTION AKULAKU',11218),(2140,2,'JB0663','TL TELESALES FIFGROUP',11218),(2141,2,'JB0697','TEAM LEADER TELECOLLECTION',11218),(2142,2,'JB0704','KEPALA POS TANJUNG',11218),(2143,2,'JB0705','KEPALA POS BERAU',11218),(2144,2,'JB0717','PIC OCM',11218),(2145,2,'JB0749','ACTING ASSISTANT LEADER',11218),(2146,2,'JB0765','AREA SALES & PROMOTION SUPERVISOR',11218),(2147,2,'JB0768','FIELD SUPPORT TL',11218),(2148,2,'JB0770','LEADER SC',11218),(2149,2,'JB0789','CREDIT MARKETING HEAD',11218),(2150,2,'JB0833','OUTBOUND COORDINATOR',11218),(2151,2,'JB0837','PIC SMD',11218),(2152,2,'JB0858','ASSISTANT LEADER',11218),(2153,2,'JB0862','OPERATIONAL HEAD (PJS)',11218),(2154,2,'JB0864','TL DESK COLLECTION KREDIT PINTAR',11218),(2155,2,'JB0866','TL DESK COLLECTION TRUST IQ',11218),(2156,2,'JB0877','DISPATCHER PREMIUM COORDINATOR',11218),(2157,2,'JB0883','LEADER SORTATION',11218),(2158,2,'JB0884','LOST & PREVENTION COORDINATOR',11218),(2159,2,'JB0890','LHS TEAM LEADER',11218),(2160,2,'JB0898','WAREHOUSE TEAM LEADER',11218),(2161,2,'JB0906','TEAM LEADER SPRIDING',11218),(2162,2,'JB0931','TEAM LEADER AHAS ADMIN SUPPORT',11218),(2163,2,'JB0948','KOORDINATOR DISPATCHER',11218),(2164,2,'JB0951','ATOM COORDINATOR',11218),(2165,2,'JB0970','SUPERVISOR BUSINESS DEVELOPMENT',11218),(2166,2,'JB0974','ACTING BRANCH COLLECTION SUPERVISOR',11218),(2167,2,'JB0989','PIC TEST DRIVE',11218),(2168,2,'JB0996','TL CUSTOMER SERVICE AKULAKU',11218),(2169,2,'JB1001','OPERATIONAL HEAD (PLT)',11218),(2170,2,'JB1003','FIRST MILE TEAM LEADER',11218),(2171,2,'JB1005','FACILITY COORDINATOR',11218),(2172,2,'JB1014','COORDINATOR SERVICE DESK',11218),(2173,2,'JB1019','SALES MOTORIST TEAM LEADER',11218),(2174,2,'JB1030','WAREHOUSE KETUA GRUP',11218),(2175,2,'JB1033','OPS MANAGER',11218),(2176,2,'JB1035','SUPERVISOR FIFGROUP',11218),(2177,2,'JB1036','KEPALA POS PALOPO',11218),(2178,2,'JB1037','KEPALA POS CIMAHI',11218),(2179,2,'JB1057','SPV PPIC',11218),(2180,2,'JB1059','A/R AREA SECTION HEAD',11218),(2181,2,'JB1061','BES / HUB KOORDINATOR',11218),(2182,2,'JB1069','TL TELESALES MTF',11218),(2183,2,'JB1070','COLLECTION KMG PROPERTY SECTION HEAD',11218),(2184,2,'JB1078','TEAM LEADER DESK COLLECTION',11218),(2185,2,'JB1080','TL TELECOLLECTION AKULAKU',11218),(2186,2,'JB1082','COLLECTION HEAD (PJS)',11218),(2187,2,'JB1103','KEPALA POS CILEGON',11218),(2188,2,'JB1105','KELAPA POS BERAU',11218),(2189,2,'JB1112','SUPPORT FUNCTION LEADER',11218),(2190,2,'JB1134','COORDINATOR',11218),(2191,2,'JB1140','SPV',11218),(2192,2,'JB1148','SALES - CVL SPV',11218),(2193,2,'JB1154','REPRESENTATIVE HEAD',11218),(2194,2,'JB1164','WAKIL TEAM LEADER',11218),(2195,2,'JB1168','SPV SALES',11218),(2196,2,'JB1184','KEPALA POS SURABAYA',11218),(2197,2,'JB1205','TEAM LEADER OFFICE BOY',11218),(2198,2,'JB1210','COORDINATOR HUB',11218),(2199,2,'JB1215','TL TEKNISI',11218),(2200,2,'JB1222','TL BRAND AMBASSADOR',11218),(2201,2,'JB1225','TEAM LEADER SURVEYOR KEMITRAAN',11218),(2202,2,'JB1233','KEPALA POS CIKUPA',11218),(2203,2,'JB1238','KOORDINATOR',11218),(2204,2,'JB1244','OPERATION HEAD',11218),(2205,2,'JB1254','TEAM LEADER SECURITY',11218),(2206,2,'JB1256','ACTING ADMINISTRATION HEAD',11218),(2207,2,'JB1261','WAREHOUSE SUPERVISOR',11218),(2208,2,'JB1266','TEAM LEADER GARDENER',11218),(2209,2,'JB1272','DATA ENTRY & COLLECTION SUPPORT COORDINATOR',11218),(2210,2,'JB1273','ENGAGEMENT SUPPORT COORDINATOR',11218),(2211,2,'JB1275','TEAM LEADER CUSTOMER SERVICE',11218),(2212,1,'JB1282','ACCOUNT RECEIVABLE DIVISION HEAD',11218),(2213,1,'JB1287','ACCOUNTING & AP DEPARTMENT HEAD',11218),(2214,1,'JB1291','AREA COORDINATOR 1',11218),(2215,1,'JB1299','BRANCH HEAD',11218),(2216,1,'JB1304','CSM COORDINATOR 1',11218),(2217,1,'JB1313','CORPORATE LEGAL & INDUSTRIAL RELATION DIVISION HEAD',11218),(2218,1,'JB1317','Cost & Budgeting Department Head',11218),(2219,1,'JB1322','FINANCE, ACCOUNTING & TAX DIVISION HEAD',11218),(2220,1,'JB1325','GAWE.ID DIVISION HEAD',11218),(2221,1,'JB1328','GENERAL SERVICE DEPARTMENT HEAD',11218),(2222,1,'JB1329','PROJECT HEAD PEMAGANGAN',11218),(2223,1,'JB1331','HCIT & GENERAL SERVICE DIVISION HEAD',11218),(2224,1,'JB1334','HUMAN CAPITAL DEPARTMENT HEAD',11218),(2225,1,'JB1344','CLEANER COORDINATOR',11218),(2226,1,'JB1345','CLEANER COORDINATOR VIRTUAL',11218),(2227,1,'JB1346','DIC CONTACT CENTER',11218),(2228,1,'JB1347','DIC LABOUR OUTSOURCE',11218),(2229,1,'JB1357','Network Support Policy Coordinator',11218),(2230,1,'JB1371','PDCA Department Head',11218),(2231,1,'JB1378','Product Owner CS Inbound Department Head',11218),(2232,1,'JB1380','PRODUCT SERVICE TELESALES & CS HEAD',11218),(2233,1,'JB1389','GS COORDINATOR',11218),(2234,1,'JB1395','REPRESENTATIVE COORDINATOR 1',11218),(2235,1,'JB1399','Supervisor (Virtual Teeam Leader Coordiantor)',11218),(2236,1,'JB1402','TAD Maintenance Coordinator Virtual',11218),(2237,1,'JB1404','TAX DEPARTMENT HEAD',11218),(2238,1,'JB1406','TEAM LEADER COORDINATOR',11218),(2239,1,'JB1414','Treasury & Budgeting Division Head',11218),(2240,1,'JB1415','Treasury Department Head',11218),(2241,1,'JB1417','VIRTUAL NETWORK DEVELOPMENT COORDINATOR',11218),(2242,1,'JB1418','VIRTUAL CENTER HEAD',11218),(2243,1,'JB1424','VP Marketing & Sales-4',11218),(2244,2,'JB1429','STORE HEAD',11218),(2245,2,'JB1437','ADMINISTRATION SUPPORT COORDINATOR',11218),(2246,2,'JB1441','ACCOUNT SUPPORT COORDINATOR',11218),(2247,2,'JB1442','CREATIVE SUPPORT COORDINATOR',11218),(2248,2,'JB1443','FIELD SUPPORT COORDINATOR',11218),(2249,2,'JB1444','CUSTOMER SERVICE SUPPORT COORDINATOR',11218),(2250,2,'JB1446','SALES SUPPORT COORDINATOR',11218),(2251,2,'JB1450','ACQUISITION SUPPORT COORDINATOR',11218),(2252,2,'JB1451','COMMUNICATION SUPPORT COORDINATOR',11218),(2253,1,'JB1452','MANAGING DIRECTOR SIMGROUP',11218),(2254,1,'JB1453','FINANCE & ACCOUNTING DIRECTOR',11218),(2255,1,'JB1454','MARKETING DIRECTOR',11218),(2256,1,'JB1455','OPERATIONAL DIRECTOR',11218),(2257,1,'JB1459','PROJECT LEADER DESK CALL',11218),(2258,1,'JB1462','PROJECT LEADER FIELD VERIFIER',11218),(2259,1,'JB1463','MANAGER',11218),(2260,1,'JB1465','TEAM LEADER FILD FERIVIER',11218),(2261,1,'JB1466','TEAM LEADER DESK COLL',11218),(2262,1,'JB1467','TEAM LEADER FIELD VERIFIER',11218),(2263,1,'JB1474','TEAM LEADER VERIFICATION',11218),(2264,1,'JB1483','COORDINATOR TEAM LEADER VERIFICATION',11218),(2265,1,'JB1484','OPERATIONAL COORDINATOR',11218),(2266,1,'JB1486','CREDIT ANALYST PROCESS COORDINATOR',11218),(2267,1,'JB1487','REPRESENTATIVE COORDINATOR',11218),(2268,1,'JB1492','CENTER HEAD DESK COLL',11218),(2269,1,'JB1506','CREDIT APLICATION PROCESS COORDINATOR',11218),(2270,1,'JB1526','TEAM LEADER DESK COLLECTION',11218),(2271,1,'JB1542','CENTER HEAD COLLECTION',11218),(2272,1,'JB1545','SOURCING, RECRUITMENT & TRAINING DEPT. HEAD',11218),(2273,1,'JB1550','CENTER OPERATIONAL MANAGEMENT DEPT. HEAD',11218),(2274,1,'JB1551','BRANCH MANAGEMENT ADMINISTRATION STAFF',11218),(2275,1,'JB1555','TEAM LEADER PHONE VERIFICATION',11218),(2276,1,'JB1560','BRANCH HEAD SEMARANG',11218),(2277,1,'JB1562','LEARNING HEAD',11218),(2278,1,'JB1564','TEAM LEADER COLLECTION',11218),(2279,1,'JB1567','MARKETING HEAD',11218),(2280,1,'JB1568','MARKETING DEPT HEAD',11218),(2281,1,'JB1569','BUSINESS DEVELOPMENT & IT DEPT HEAD',11218),(2282,1,'JB1574','MARKETING DEPT. HEAD',11218),(2283,1,'JB1576','TEAM LEADER',11218),(2284,1,'JB1578','AR DEPT HEAD',11218),(2285,1,'JB1580','TELECOLLECTION DEPT HEAD',11218),(2286,1,'JB1581','SUPPORT & INFRASTRUCTURE DEPT. HEAD',11218),(2287,1,'JB1590','SOURCING COORDINATOR',11218),(2288,1,'JB1592','COORDINATOR VERIFIER',11218),(2289,1,'JB1595','MARKETING DEPARTEMEN HEAD',11218),(2290,1,'JB1618','IT DEPT HEAD',11218),(2291,1,'JB1619','TEAM LEADER COORDINATOR (ACTING)',11218),(2292,1,'JB1626','MARKETING STRATEGIC DIVISION HEAD',11218),(2293,1,'JB1632','KOORDINATOR WILAYAH',11218),(2294,1,'JB1640','KOORDINATOR LAPANGAN CABANG JATA',11218),(2295,1,'JB1645','PE SUPERVISOR',11218),(2296,1,'JB1646','COORPORATE LEGAL DEPT HEAD',11218),(2297,1,'JB1647','IR DEPT HEAD',11218),(2298,1,'JB1652','SUPERVISOR CREDIT ANALYST PROCESS COORDINATOR',11218),(2299,1,'JB1674','OPERATIONAL DEPT HEAD',11218),(2300,1,'JB1682','CCE COORDINATOR',11218),(2301,1,'JB1688','KOORDINATOR LAPANGAN CABANG SURABAYA',11218),(2302,2,'JB1739','Team Leader (Kemitraan)',11218),(2303,3,'JB1752','TEAM LEADER SURVEYOR (NON ORGANIC)',11218),(2304,2,'JB1755','TEAM LEADER PRICE SCRAPPING',11218),(2305,2,'JB1773','MOULDER OPERATOR DAN LEADER',11218),(2306,3,'JB1790','TEAM LEADER',11218),(2307,3,'JB1792','DATA ENTRY & COLLECTION SUPPORT COORDINATOR',11218),(2308,3,'JB1811','AREA COORDINATOR',11218),(2309,2,'JB1825','FIELD TESTING AND OPERATION COORDINATOR',11218),(2310,3,'JB1834','TEAM LEADER SALES MOTORIST',11218),(2311,3,'JB1876','SUPERVISOR',11218),(2312,2,'JB1900','6S',11218),(2313,3,'JB1931','COORDINATOR SERVICE DESK',11218),(2314,3,'JB1939','OPERATION MANAGER',11218),(2315,2,'JB1946','General Affairs & Facillities Support Coordinator',11218),(2316,1,'JB1975','AREA COORDINATOR 2',11218),(2317,1,'JB1976','VIRTUAL NETWORK DEVELOPMENT COORDINATOR',11218),(2318,2,'JB1987','TEAM LEAD SALES',11218),(2319,2,'JB2007','LEAD COORDINATOR I',11218),(2320,2,'JB2008','LEAD COORDINATOR II',11218),(2321,1,'JB2019','REPRESENTATIVE COORDINATOR 2',11218),(2322,1,'JB2046','PRODUCT & SERVICE HEAD LABOUR OUTSOURCE',11218),(2323,2,'JB2049','CLAIM RPC COORDINATOR',11218),(2324,2,'JB2053','HUB COORDINATOR',11218),(2325,2,'JB2055','HUB LEADER',11218),(2326,2,'JB2058','L&P COORDINATOR',11218),(2327,2,'JB2059','LHS CONTROL TOWER',11218),(2328,2,'JB2060','LHS COORDINATOR',11218),(2329,2,'JB2061','LHS LEADER',11218),(2330,2,'JB2070','SORT COORDINATOR',11218),(2331,2,'JB2071','SORT LEADER',11218),(2332,2,'JB2074','SORT LEADER ADMIN',11218),(2333,2,'JB2075','DOP TEAM LEADER',11218),(2334,2,'JB2077','ROUTES LEADER',11218),(2335,2,'JB2082','RETURN LEADER',11218),(2336,2,'JB2088','MP LOG TEAM LEADER',11218),(2337,2,'JB2101','MANAGER MP LOG',11218),(2338,2,'JB2120','BUSINESS DEVELOPMENT LEAD',11218),(2339,2,'JB2156','PIC DEDICATED',11218),(2340,2,'JB2157','PIC NON DEDICATED',11218),(2341,2,'JB2161','DOP SUPERVISOR',11218),(2342,3,'JB2179','SUPERVISOR TELEMARKETING NEO',11218),(2343,2,'JB2181','SUPERVISOR TELEMARKETING NEO',11218),(2344,2,'JB2185','KRANI LEADER',11218),(2345,2,'JB2188','ADMIN COORDINATOR',11218),(2346,3,'JB2209','COORDINATOR QUALITY ASSURANCE',11218),(2347,2,'JB2213','COORDINATOR WAREHOUSE',11218),(2348,2,'JB2243','PIC DW',11218),(2349,2,'JB2247','PENGAWAS PROYEK LOGISTIK',11218),(2350,2,'JB2253','SUPERVISOR TERITORRY SALES',11218),(2351,2,'JB2268','KORDINATOR OPERASIONAL',11218),(2352,2,'JB2274','AREA MARKETING SUPERVISOR',11218),(2353,2,'JB2275','TEAM LEADER CLEANING',11218),(2354,2,'JB2276','SUPERVISOR CLEANING',11218),(2355,2,'JB2284','B2B LEAD',11218),(2356,2,'JB2318','CHIEF SECURITY',11218),(2357,2,'JB2332','CONTROLLING',11218),(2358,2,'JB2388','SPV ADMIN',11218),(2359,2,'JB2389','HEAD TELLER',11218),(2360,2,'JB2392','HEAD OF OPERATION',11218),(2361,1,'JB2404','DIC CLEANING',11218),(2362,1,'JB2408','SUPPORT DIRECTOR',11218),(2363,1,'JB2409','PRODUCT & SERVICE HEAD LABOUR OUTSOURCE',11218),(2364,1,'JB2411','PRODUCT & SERVICE HEAD LABOUR OUTSOURCE',11218),(2365,1,'JB2415','SUPPORT MANAGEMENT CC DEPARTMENT HEAD',11218),(2366,1,'JB2420','MARKETING COMMUNICATION & DIGITAL STRATEGIST HEAD',11218),(2367,1,'JB2426','BRANCH HEAD 2',11218),(2368,1,'JB2429','COLLECTION COORDINATOR',11218),(2369,1,'JB2430','CSM COORDINATOR 2',11218),(2370,1,'JB2438','TAD MANAGEMENT COORDINATOR',11218),(2371,2,'JB2447','LEADER LHS',11218),(2372,3,'JB2455','TEAM LEADER SURVEYOR KEMITRAAN',11218),(2373,2,'JB2457','HEAD OF AGENT DEVELOPMENT',11218),(2374,2,'JB2458','ASSOCIATE PRODUCT MANAGER',11218),(2375,2,'JB2464','APPRAISAL MANAGER',11218),(2376,2,'JB2484','BRANCH AUDIT STAFF',11218),(2377,2,'JB2485','BRANCH AUDIT STAFF',11218),(2378,2,'JB2486','INTERNAL AUDIT SECTION HEAD',11218),(2379,2,'JB2492','HEAD OF COLLECTION',11218),(2380,3,'JB2508','PIC (DW)',11218),(2381,2,'JB2518','HEAD OF ALM & FUNDING OPERATIONS',11218),(2382,2,'JB2519','HEAD OF INTERNAL AUDIT',11218),(2383,2,'JB2605','CLAIM COORDINATOR',11218),(2384,2,'JB2616','LO COORDINATOR',11218),(2385,2,'JB2618','LQC COORDINATOR',11218),(2386,2,'JB2622','PARTNERSHIP COORDINATOR',11218),(2387,2,'JB2625','SITE LEADER',11218),(2388,2,'JB2628','SUPERVISOR 1.0',11218),(2389,2,'JB2629','SUPERVISOR 1.1',11218),(2390,2,'JB2630','TEAM LEADER OPERATION SUPPORT',11218),(2391,2,'JB2662','LEADER FSL',11218),(2392,2,'JB2670','SUPERVISOR 1.2',11218),(2393,2,'JB2671','FINANCE COORDINATOR',11218),(2394,2,'JB2673','IT OPERATION COORDINATOR',11218),(2395,2,'JB2674','COLLECTION HEAD JAKARTA PUSAT II',11218),(2396,2,'JB2687','COLLECTION COORDINATOR',11218),(2397,2,'JB2688','CUSTOMER CARE & DESK COLL COORDINATOR',11218),(2398,2,'JB2720','KORDINATOR LAPANGAN',11218),(2399,2,'JB2728','TEAM LEADER OPEX',11218),(2400,2,'JB2731','DISBURSEMENT SPV',11218),(2401,2,'JB2747','HEAD OF PRODUCT AND TECH',11218),(2402,2,'JB2749','TECH LEAD',11218),(2403,2,'JB2751','TEAM LEADER SALES MOTORIST (KEMITRAAN)',11218),(2404,2,'JB2753','SUPERVISOR HOUSEKEEPING',11218),(2405,2,'JB2757','PIC CUSTOMER SERVICE',11218),(2406,2,'JB2763','SR PRODUCT MANAGER',11218),(2407,3,'JB2770','TEAM LEADER DANAMAS',11218),(2408,2,'JB2774','LITIGATION COORDINATOR',11218),(2409,2,'JB2800','AGENT SUPERVISOR',11218),(2410,2,'JB2806','DEV NATIVE LEAD',11218),(2411,2,'JB2807','DEV H5 LEAD',11218),(2412,2,'JB2819','SPV FORECLOSURE',11218),(2413,2,'JB2835','PENGAWAS LAPANGAN (FOREMAN)',11218),(2414,2,'JB2841','TEAM LEADER CONTACT CENTER',11218),(2415,2,'JB2858','KOORDINATOR/SAFETY MAN',11218),(2416,2,'JB2863','PENGAWAS MUAT',11218),(2417,2,'JB2866','PENGAWAS BONGKAR',11218),(2418,2,'JB2873','AREA SALES MANAGER',11218),(2419,2,'JB2878','HEAD OF GROWTH & EXCELLENCE',11218),(2420,3,'JB2898','KOORDINATOR OPERASIONAL',11218),(2421,3,'JB2902','KOORDINATOR LAPANGAN',11218),(2422,2,'JB2973','ASST. SUPERVISOR',11218),(2423,3,'JB2976','PROJECT LEADER (KEMITRAAN)',11218),(2424,2,'JB3011','SPV INTERNAL AUDIT OR MANAGEMENT SYSTEM',11218),(2425,2,'JB3012','SPV PREVENTION MANAGEMENT TRAINING & COUNSELING',11218),(2426,2,'JB3015','AREA SALES SUPERVISOR',11218),(2427,2,'JB3050','SPV BARISTA',11218),(2428,2,'JB3115','MANAGER, REGIONAL OFFICE SUMBAGUT - DEPARTMENT HEAD II',11218),(2429,2,'JB3117','DIVISION HEAD, MARKETING - DIVISION HEAD III',11218),(2430,2,'JB3171','COMMUNITY DEVELOPMENT COORDINATOR',11218),(2431,2,'JB3176','FS COORDINATOR',11218),(2432,2,'JB3199','AGRONOMY SUPERVISOR',11218),(2433,2,'JB3263','SALES MANAGER',11218),(2434,2,'JB3324','KOORDINATOR LAPANGAN',11218),(2435,2,'JB0061','TEKNISI',11219),(2436,2,'JB0111','MEKANIK GARDA SIAGA',11219),(2437,2,'JB0161','MAINTENANCE CREW',11219),(2438,2,'JB0250','OFFICE HELPER MEKANIK PDI',11219),(2439,2,'JB0280','TECHNICAL ASSISTANT',11219),(2440,2,'JB0281','TECHNICIAN',11219),(2441,2,'JB0282','TECHNICIAN ASSET RECOVERY',11219),(2442,2,'JB0283','TECHNICIAN ASSET RETRIVER',11219),(2443,2,'JB0310','MEKANIK & DRIVER MOBILE BENGKEL',11219),(2444,2,'JB0311','MEKANIK MOBILE BENGKEL',11219),(2445,2,'JB0317','STAFF TEKNISI',11219),(2446,2,'JB0331','MEKANIK STAFF',11219),(2447,2,'JB0402','INSTALLER',11219),(2448,2,'JB0480','PART MAN',11219),(2449,2,'JB0501','TEKNISI INSTALLER',11219),(2450,2,'JB0609','TEKNISI CONVEYOR',11219),(2451,2,'JB0713','TEKNIK REFURBISH',11219),(2452,2,'JB1049','LOADER',11219),(2453,2,'JB1135','MECHANICAL',11219),(2454,2,'JB1890','JUNIOR PE TECHNICION',11219),(2455,2,'JB1891','JUNIOR ME TECHNICION',11219),(2456,2,'JB1901','CHECKER PIPA DC',11219),(2457,2,'JB1936','BUILDING TECHNICIAN NON SHIFT',11219),(2458,2,'JB1937','BUILDING TECHNICIAN SHIFT',11219),(2459,2,'JB1953','JURU TIMBANG ADDITIVE (PIPA)',11219),(2460,2,'JB1954','JURU TIMBANG ADDITIVE (FITTING)',11219),(2461,2,'JB1955','MIXING MANUAL SUPPORT (PIPA)',11219),(2462,2,'JB1956','MIXING MANUAL SUPPORT (FITTING)',11219),(2463,2,'JB1957','CRUSHER (PIPA)',11219),(2464,2,'JB1958','CRUSHER (FITTING)',11219),(2465,2,'JB1959','HELPER / FABRICATION - JURU LAS',11219),(2466,2,'JB1960','JURU SUSUN LORRY / BE',11219),(2467,3,'JB1961','JURU SUSUN LORRY / BE',11219),(2468,2,'JB1967','REPAIR PRODUCT',11219),(2469,2,'JB1978','CRUSHER',11219),(2470,2,'JB2029','SERVICE LORRY & HELPER TECHNICIAN 1',11219),(2471,2,'JB2035','TESSEL LOADING UNLOADING',11219),(2472,2,'JB2104','MEKANIK MOULDER',11219),(2473,2,'JB2106','PRESS COVE OPERATOR',11219),(2474,2,'JB2133','MEKANIK DUMP TRUCK',11219),(2475,2,'JB2134','MEKANIK MECHANICAL',11219),(2476,2,'JB2135','MEKANIK CONTAINER (WELDER)',11219),(2477,2,'JB2138','CHECKER CONTAINER',11219),(2478,2,'JB2139','CHECKER ALAT BERAT',11219),(2479,2,'JB2140','MEKANIK SUPPORT',11219),(2480,2,'JB2355','PLANT ENGINEERING',11219),(2481,2,'JB2382','HELPER (ENGINEERING)',11219),(2482,2,'JB2398','MAINTENANCE FIRE SYSTEM',11219),(2483,2,'JB2399','STP OPERATOR',11219),(2484,2,'JB2861','WELDER/MAINTENANCE',11219),(2485,2,'JB2887','MEKANIK FORKLIFT',11219),(2486,2,'JB2913','PAINTING & SUNBLASTING',11219),(2487,2,'JB2914','LAS & KONSTRUKSI',11219),(2488,2,'JB2916','MEKANIK, MESIN DAN PIPA',11219),(2489,2,'JB2917','BAGIAN KAPAL FIBER DAN ALUMUNIUM',11219),(2490,2,'JB2918','LISTRIK SARANA',11219),(2491,2,'JB2988','TEKNISI AC',11219),(2492,2,'JB3022','STAFF, OPERATION AND MAINTENANCE REGIONAL OFFICE BATAM  - TECHNICIAN I',11219),(2493,2,'JB3023','STAFF, OPERATION AND MAINTENANCE REGIONAL OFFICE BATAM  - ENGINEER I',11219),(2494,2,'JB3024','SR. STAFF, OPERATION AND MAINTENANCE REGIONAL OFFICE BEKASI - TECHNICIAN II',11219),(2495,2,'JB3026','STAFF, OPERATION AND MAINTENANCE REGIONAL OFFICE BEKASI - ENGINEER I',11219),(2496,2,'JB3027','STAFF, OPERATION AND MAINTENANCE REGIONAL OFFICE BEKASI - TECHNICIAN I',11219),(2497,2,'JB3029','STAFF, OPERATION AND MAINTENANCE REGIONAL OFFICE CILEGON - TECHNICIAN I',11219),(2498,2,'JB3030','STAFF, OPERATION AND MAINTENANCE REGIONAL OFFICE CILEGON - ENGINEER I',11219),(2499,2,'JB3031','STAFF, IT DEVELOPER - TECHNICIAN I',11219),(2500,2,'JB3032','SR. STAFF, HSSE - TECHNICIAN II',11219),(2501,2,'JB3035','STAFF, IT INFRASTRUCTURE PROJECT MANAGEMENT OFFICE - TECHNICIAN I',11219),(2502,2,'JB3037','SR. STAFF IPNOC - TECHNICIAN II',11219),(2503,2,'JB3038','STAFF, INFRASTRUCTURE MAINTENANCE - TECHNICIAN I',11219),(2504,2,'JB3042','STAFF, ACCOUNT EXECUTIVE CORPORATE - TECHNICIAN I',11219),(2505,2,'JB3043','STAFF, PROVISIONING - TECHNICIAN I',11219),(2506,2,'JB3044','STAFF, TRANSMISSION NOC - TECHNICIAN I',11219),(2507,2,'JB3047','STAFF, NETWORK PLANNING AND ENGINEERING - TECHNICIAN I',11219),(2508,2,'JB3048','SR. STAFF PROVISIONING - TECHNICIAN II',11219),(2509,2,'JB3049','SR. STAFF, INFRASTRUCTURE MAINTENANCE - TECHNICIAN II',11219),(2510,2,'JB3051','STAFF, HSSE REPRESENTATIVE JAKARTA-BEKASI - ENGINEER I',11219),(2511,2,'JB3055','STAFF, ICT INFRASTRUCTURE PLANNING - TECHNICIAN I',11219),(2512,2,'JB3061','STAFF, OPERATION AND MAINTENANCE REGIONAL OFFICE JAMBI - TECHNICIAN I',11219),(2513,2,'JB3062','SR. STAFF, OPERATION AND MAINTENANCE REGIONAL OFFICE JAMBI - TECHNICIAN II',11219),(2514,2,'JB3063','STAFF, OPERATION AND MAINTENANCE REGIONAL OFFICE JAMBI - ENGINEER I',11219),(2515,2,'JB3065','STAFF, OPERATION AND MAINTENANCE REGIONAL OFFICE LAMPUNG - TECHNICIAN I',11219),(2516,2,'JB3066','STAFF, OPERATION AND MAINTENANCE REGIONAL OFFICE LAMPUNG - ENGINEER I',11219),(2517,2,'JB3068','STAFF, OPERATION AND MAINTENANCE REGIONAL OFFICE SUMBAGUT - ENGINEER I',11219),(2518,2,'JB3069','STAFF, OPERATION AND MAINTENANCE REGIONAL OFFICE PALEMBANG - TECHNICIAN I',11219),(2519,2,'JB3070','STAFF, OPERATION AND MAINTENANCE REGIONAL OFFICE PALEMBANG - ENGINEER I',11219),(2520,2,'JB3088','STAFF, HSSE REPRESENTATIVE JABATIM - ENGINEER I',11219),(2521,2,'JB3089','STAFF, OPERATION AND MAINTENANCE REGIONAL OFFICE JABATIM - ENGINEER I',11219),(2522,2,'JB3091','SR. STAFF, OPERATION AND MAINTENANCE REGIONAL OFFICE JAKARTA  - TECHNICIAN II',11219),(2523,2,'JB3092','STAFF, OPERATION AND MAINTENANCE REGIONAL OFFICE JAKARTA  - TECHNICIAN I',11219),(2524,2,'JB3093','STAFF, OPERATION AND MAINTENANCE REGIONAL OFFICE JAKARTA  - ENGINEER I',11219),(2525,2,'JB3094','STAFF, ICT SERVICE MANAGEMENT - TECHNICIAN I',11219),(2526,2,'JB3096','STAFF, HSSE REPRESENTATIVE MEDAN-BATAM - ENGINEER I',11219),(2527,2,'JB3097','STAFF, ICS INFRASTRUCTURE PLANNING - ENGINEER I',11219),(2528,2,'JB3098','SR. STAFF, ICS PROJECT MANAGEMENT OFFICE - ENGINEER II',11219),(2529,2,'JB3100','STAFF, IT INFRASTRUCTURE PLANNING - TECHNICIAN I',11219),(2530,2,'JB3101','STAFF, ICT PROJECT MANAGEMENT OFFICE - ENGINEER I',11219),(2531,2,'JB3103','STAFF, NETWORK PROJECT MANAGEMENT OFFICE - TECHNICIAN I',11219),(2532,2,'JB3104','STAFF, PRODUCT DEVELOPMENT - TECHNICIAN I',11219),(2533,2,'JB3110','SR. STAFF, MARKET RESEARCH AND STRATEGY - ENGINEER I',11219),(2534,2,'JB3119','SR. STAFF, MARKETING CAMPAIGN - TECHNICIAN III',11219),(2535,2,'JB3133','TENAGA AHLI BALON (SARANA GALANGAN)',11219),(2536,2,'JB3134','KELISTRIKAN',11219),(2537,2,'JB3135','OPERATOR ALAT BERAT',11219),(2538,2,'JB3142','STAFF, OPERATION AND MAINTENANCE REGIONAL OFFICE LAMPUNG - CILEGON - ENGINEER I',11219),(2539,2,'JB3147','STAFF, OPERATION AND MAINTENANCE - TECHNICIAN I',11219),(2540,2,'JB3148','STAFF, TRANSMISSION NOC - ENGINEER I',11219),(2541,2,'JB3163','NETWORK ANALYST',11219),(2542,2,'JB3167','ESTIMATOR',11219),(2543,2,'JB3169','OPERATOR CNC',11219),(2544,2,'JB3186','MEKANIK',11219),(2545,2,'JB3195','TEKNISI DOWNSTREAM',11219),(2546,2,'JB3196','TEKNISI UPSTREAM',11219),(2547,2,'JB3208','MAINTENANCE',11219),(2548,2,'JB3269','OPERATION MAINTENANCE ENGINEER',11219),(2549,2,'JB3270','TECHNICIAN MAINTENANCE',11219),(2550,2,'JB3271','OPERATOR MAINTENANCE',11219),(2551,2,'JB0045','TELECOLLECTION',11220),(2552,2,'JB0138','AR CALL OFFICER',11220),(2553,2,'JB0148','DESKCALL',11220),(2554,3,'JB0186','DESK COLLECTION MAGANG',11220),(2555,2,'JB0233','C00011.DESK CALL SPEKTRA CWK',11220),(2556,2,'JB0246','DESK COLLECTION',11220),(2557,2,'JB0295','C00116.DESKCALL',11220),(2558,2,'JB0696','AGENT TELECOLLECTION',11220),(2559,2,'JB0824','SENIOR DESK COLLECTION',11220),(2560,2,'JB1031','DESK COLLECTION KM',11220),(2561,2,'JB1104','AGENT MAGANG',11220),(2562,2,'JB1159','DESK CALL',11220),(2563,2,'JB1195','KEMITRAAN SKIPTRACE',11220),(2564,2,'JB1240','KEMITRAAN TELECOLLECTION',11220),(2565,1,'JB1407','TELECOLLECTION PROJECT & SUCCESS FEE OFFICER',11220),(2566,1,'JB1408','TELECOLLECTION PROJECT & SUCCESS FEE OFFICER',11220),(2567,1,'JB1548','TELECOLLECTION CONSULTANT',11220),(2568,3,'JB1759','DESK COLLECTION',11220),(2569,3,'JB1801','KEMITRAAN TELECOLLECTION',11220),(2570,3,'JB1817','KEMITRAAN SKIPTRACE FIF GROUP',11220),(2571,3,'JB1818','KEMITRAAN SUCCESS FEE FIF GROUP',11220),(2572,3,'JB1819','KEMITRAAN TELECOLLECTION FIF GROUP',11220),(2573,3,'JB1832','AGENT MAGANG',11220),(2574,3,'JB1878','KEMITRAAN SUCCESS FEE MCF',11220),(2575,3,'JB1879','KEMITRAAN SUCCESS FEE MAF',11220),(2576,3,'JB1880','KEMITRAAN SUCCESS FEE FIF PELSUS',11220),(2577,1,'JB2413','TELECOLLECTION REGULAR OFFICER',11220),(2578,3,'JB0046','TELESALES',11221),(2579,2,'JB0047','TELEMARKETING',11221),(2580,2,'JB0105','KPM TELEMARKETING',11221),(2581,2,'JB0265','SALES AGENT',11221),(2582,2,'JB0284','TELEMARKETING MULTIGUNA',11221),(2583,3,'JB0511','TELESALES MAGANG',11221),(2584,2,'JB0528','TELEMARKETING STAFF',11221),(2585,2,'JB0589','TELESALES AGENT',11221),(2586,2,'JB0698','TELEMARKETING SUPERVISOR',11221),(2587,2,'JB1153','TELESALES WINBACK',11221),(2588,2,'JB1176','TELEMARKETING MAGANG',11221),(2589,1,'JB1409','Telesales Project & Success Fee Officer',11221),(2590,1,'JB1523','TELEMARKETING STAFF',11221),(2591,1,'JB1558','TELEVERIFICATION DEPT. HEAD',11221),(2592,1,'JB1660','TELESALES CONSULTANT OFFICER',11221),(2593,2,'JB1861','TELESALES',11221),(2594,2,'JB2022','AGENT HUNTER',11221),(2595,2,'JB2112','JUNIOR TELESALES',11221),(2596,2,'JB2113','TELESALES EXECUTIVE',11221),(2597,3,'JB2178','TELEMARKETING NEO',11221),(2598,2,'JB2180','TELEMARKETING NEO',11221),(2599,2,'JB2208','FBL',11221),(2600,2,'JB2244','TL TELEMARKETING',11221),(2601,2,'JB2402','TELESALES ADMIN',11221),(2602,3,'JB2473','TELEMARKETING',11221),(2603,2,'JB2610','FBL CALLERS',11221),(2604,2,'JB0072','C00158.PHONE VERIFIER CWK',11222),(2605,2,'JB0165','PHONE VERIFIER',11222),(2606,2,'JB0288','VERIFIKATOR',11222),(2607,3,'JB0322','PHONE VERIFIKASI MAGANG',11222),(2608,3,'JB0341','PHONE VERIFIKASI',11222),(2609,2,'JB0508','VERIFICATION CALL',11222),(2610,2,'JB0531','PHONE VERIFICATION',11222),(2611,2,'JB0677','TELEVERIFIKASI MAGANG',11222),(2612,2,'JB0802','TELE SURVEY',11222),(2613,2,'JB0967','REPPOSESOR',11222),(2614,2,'JB1157','TELEVERIFIER',11222),(2615,1,'JB1411','Televerification Project Officer',11222),(2616,1,'JB1522','LOB VERIFICATION',11222),(2617,1,'JB1678','FIF TELEVERIFICATION & TELE AUDIT OFFICER',11222),(2618,2,'JB1807','TELEVERIFICATION',11222),(2619,3,'JB1820','KEMITRAAN TELEVERIFICATION FIF GROUP',11222),(2620,2,'JB0043','SURVEYOR',11223),(2621,2,'JB0054','PRE DELIVERY INSPECTION',11223),(2622,2,'JB0152','FIELD CHECKER',11223),(2623,2,'JB0199','C00008.PHONE VERIFIER SPEKTRA CWK',11223),(2624,2,'JB0200','C00009.FIELD VERIFIER SPEKTRA CWK',11223),(2625,2,'JB0208','C00179.REGION PHONE VERIFIER CWK',11223),(2626,2,'JB0211','C00184.REGION FIELD VERIFIER CWK',11223),(2627,2,'JB0213','C00186.FIELD VERIFIER MARKETING',11223),(2628,2,'JB0214','C00187.FIELD VERIFIER TM (jangan dipakai)',11223),(2629,2,'JB0220','C00129.FIELD VERIFIER CWK',11223),(2630,2,'JB0223','C00193.FIELD VERIFIER C2',11223),(2631,2,'JB0316','TEST',11223),(2632,2,'JB0509','RSA BOLT',11223),(2633,2,'JB0675','SURVEYOR OFFICER',11223),(2634,2,'JB0746','MOBILE CHECKING POINT',11223),(2635,2,'JB0875','FIELD SUPPORT',11223),(2636,2,'JB0940','SURVEYOR INTERNAL SERVICE',11223),(2637,2,'JB0992','MOBILE DISPATCHER',11223),(2638,2,'JB1039','GEOTAGGERS',11223),(2639,2,'JB1047','C00298.SIGNING TAKER',11223),(2640,2,'JB1156','FIELD VERIFIER',11223),(2641,2,'JB1246','SURVEYOR KEMITRAAN',11223),(2642,1,'JB1528','SIM- DP',11223),(2643,3,'JB1750','SURVEYOR ',11223),(2644,2,'JB1800','NEXT JOB',11223),(2645,2,'JB1808','FIELD SUPPORT SPECIALIST',11223),(2646,2,'JB2078','ROUTES DISPATCHER',11223),(2647,2,'JB2083','ROUTES ESCOURT',11223),(2648,2,'JB2084','ROUTES VALIDATOR',11223),(2649,2,'JB2194','SURVEYOR SYANA',11223),(2650,2,'JB2219','FIELD AGENT',11223),(2651,2,'JB2509','SURVEYOR (DW) ',11223),(2652,2,'JB2716','NEW CAR SURVEYOR STAFF',11223),(2653,2,'JB2732','SURVEYOR APPRAISAL',11223),(2654,2,'JB2797','VALIDATION OFFICER',11223),(2655,2,'JB3137','C00199.FIELD VERIFIER TM',11223),(2656,2,'JB3173','FF AGRONOMY',11223),(2657,2,'JB3174','FIELD FACILITATOR COMDEV',11223),(2658,2,'JB3175','FIELD FACILITATOR',11223),(2659,2,'JB3201','FIELD PROJECT OFFICER',11223),(2660,2,'JB3227','FIELD ENGAGEMENT',11223),(2661,2,'JB3228','FIELD VALIDATION',11223),(2662,2,'JB3285','CROWD VERIFICATION',11223),(2663,2,'JB3326','CROWD VERIFICATION (KEMITRAAN)',11223),(2664,2,'TES001','tes',11223),(2665,2,'JB0016','DAILY WORKER',11224),(2666,3,'JB0020','OPERATOR',11224),(2667,2,'JB0023','OPERATOR PACKING',11224),(2668,2,'JB0027','DISPATCHER',11224),(2669,2,'JB0028','WASHER',11224),(2670,2,'JB0056','SORTER',11224),(2671,2,'JB0057','WAREHOUSEMAN',11224),(2672,2,'JB0058','HELPER',11224),(2673,2,'JB0112','OFFICE HELPER',11224),(2674,2,'JB0155','INBOUND SERVICE',11224),(2675,2,'JB0170','REFURBISH',11224),(2676,2,'JB0179','STORE CREW',11224),(2677,2,'JB0248','EXPEDITION STAFF',11224),(2678,2,'JB0252','PDI MAN',11224),(2679,2,'JB0289','WARE HOUSE HELPER',11224),(2680,2,'JB0319','PICKER',11224),(2681,2,'JB0382','FLEET ACCOUNT MAINTENANCE OFFICER',11224),(2682,2,'JB0403','SORTER DW',11224),(2683,2,'JB0404','VALIDATOR',11224),(2684,2,'JB0419','SORTER HUB',11224),(2685,2,'JB0420','SORTER RETURN ROUTES',11224),(2686,2,'JB0421','ESCOURT (IMPLANT)',11224),(2687,2,'JB0434','ASSET & MAINTENANCE ASSOCIATE',11224),(2688,2,'JB0504','CHECKER',11224),(2689,2,'JB0517','ESCOURT',11224),(2690,2,'JB0533','GESEK',11224),(2691,2,'JB0534','REPAIR',11224),(2692,2,'JB0561','SORTER GORO',11224),(2693,2,'JB0562','ESCOURT (CHECKER)',11224),(2694,2,'JB0571','HELPER SERVICE',11224),(2695,2,'JB0575','INBOUND NON - JD',11224),(2696,2,'JB0577','WAREHOUSE OPERATOR PACKER',11224),(2697,2,'JB0591','CHECKER KUDO',11224),(2698,2,'JB0594','WAREHOUSEMAN KUDO',11224),(2699,2,'JB0610','ESCORT CHECKER',11224),(2700,2,'JB0611','SORTER FM',11224),(2701,2,'JB0612','FIRST MILE SORTER RTM',11224),(2702,2,'JB0623','FIRST MILE CHECKER',11224),(2703,2,'JB0640','ESCOURT (DW)',11224),(2704,2,'JB0644','WAREHOUSEMAN BL',11224),(2705,2,'JB0671','SORTER SORTATION',11224),(2706,2,'JB0672','MYSTERY SHOPPER',11224),(2707,2,'JB0682','OPERATOR MHE - CB',11224),(2708,2,'JB0683','OPERATOR MHE - PM',11224),(2709,2,'JB0695','SORTER SC',11224),(2710,2,'JB0706','HELPER DW',11224),(2711,2,'JB0711','HELPER GUDANG',11224),(2712,2,'JB0727','MATERIAL CONTROL',11224),(2713,2,'JB0742','GFB DISPATCHER',11224),(2714,2,'JB0743','CHECKING POINT',11224),(2715,2,'JB0753','SORTER (CP)',11224),(2716,2,'JB0757','HELPER EXISTING',11224),(2717,2,'JB0759','SERVICE ADVISOR',11224),(2718,2,'JB0783','QC PACKER',11224),(2719,2,'JB0786','DISPATCHER HELPDESK',11224),(2720,2,'JB0792','WAREHOUSE OPERATOR',11224),(2721,2,'JB0815','FIRST MILE SORTER MP',11224),(2722,2,'JB0834','OUTBOUND CHECKER',11224),(2723,2,'JB0836','RECEIVER JD',11224),(2724,2,'JB0840','HELPER BES',11224),(2725,2,'JB0846','OPERATOR BES',11224),(2726,2,'JB0859','DISPATCHER BIG ITEM',11224),(2727,2,'JB0863','OPERATOT',11224),(2728,2,'JB0882','FLEET VENDOR MANAGEMENT',11224),(2729,2,'JB0886','FIRST MILE ESCORT',11224),(2730,2,'JB0889','LHS RUNSHEET CREATOR',11224),(2731,2,'JB0892','SORTER FM DW',11224),(2732,2,'JB0893','SORTER RETAIL HUB DW',11224),(2733,2,'JB0904','OPERATOR FORKLIFT',11224),(2734,2,'JB0937','DISPATCHER ROUTES',11224),(2735,2,'JB0938','ESCORT IMPLAT',11224),(2736,2,'JB0943','VALIDATOR DW',11224),(2737,2,'JB0945','SORTER LHS',11224),(2738,2,'JB0950','FIRST MILE VALIDATOR',11224),(2739,2,'JB0957','OPERATOR C.B',11224),(2740,2,'JB0958','OPERATOR P.M',11224),(2741,2,'JB0959','OPERATOR R.T',11224),(2742,2,'JB0962','FIRST MILE DISPATCHER',11224),(2743,2,'JB0966','SORTER SORTATION DW',11224),(2744,2,'JB1011','SORTER LHS DW',11224),(2745,2,'JB1023','DISPATCHER HUB',11224),(2746,2,'JB1024','LHS LOADER',11224),(2747,2,'JB1041','HELPER PROMOTION',11224),(2748,2,'JB1052','CHECKER BL',11224),(2749,2,'JB1053','HELPER BL',11224),(2750,2,'JB1054','PACKER WAREHOUSE',11224),(2751,2,'JB1084','DISPATCHER PREMIUM SERVICE',11224),(2752,2,'JB1086','CHECKER INVENTORY',11224),(2753,2,'JB1087','CHECKER TRANSPORT',11224),(2754,2,'JB1091','LHS OPERATION ASSISTANT',11224),(2755,2,'JB1092','SORTER HUB DW',11224),(2756,2,'JB1096','SORTER HUB DS',11224),(2757,2,'JB1098','PACKER',11224),(2758,2,'JB1100','WAREHOUSE STAFF REWORK',11224),(2759,2,'JB1123','ARCO',11224),(2760,2,'JB1136','AREA WAREHOUSE',11224),(2761,2,'JB1146','WAREHOUSE',11224),(2762,2,'JB1165','STAFF GUDANG',11224),(2763,2,'JB1178','OPERATOR INVENTORY',11224),(2764,2,'JB1185','DOP PARTNERSHIP',11224),(2765,2,'JB1186','WAREHOUSE STAFF',11224),(2766,2,'JB1192','STOCK TACKING',11224),(2767,2,'JB1207','HELPER SETTELMENT',11224),(2768,2,'JB1692','STORE KEEPER',11224),(2769,3,'JB1700','SORTER FM DW',11224),(2770,3,'JB1701','SORTER HUB DW',11224),(2771,3,'JB1702','SORTER LHS DW',11224),(2772,3,'JB1703','SORTER SORTATION DW',11224),(2773,3,'JB1706','SORTER DW',11224),(2774,2,'JB1712','CHECKER (DW)',11224),(2775,2,'JB1715','LOADER (DW)',11224),(2776,2,'JB1716','PICKER (DW)',11224),(2777,2,'JB1717','RECEIVER JD (DW)',11224),(2778,2,'JB1718','Packer (DW)',11224),(2779,2,'JB1729','Operator Inventory (DW)',11224),(2780,2,'JB1731','Inbound Operator (DW)',11224),(2781,2,'JB1734','Operator Warehouse ',11224),(2782,2,'JB1735','Operator Warehouse (DW)',11224),(2783,2,'JB1744','OPERATOR BES (DW)',11224),(2784,2,'JB1745','Sam Helper (DW)',11224),(2785,2,'JB1746','Helper Fleet Management (DW)',11224),(2786,2,'JB1747','Helper Fleet Management',11224),(2787,2,'JB1760','SORTER DW ON CALL',11224),(2788,2,'JB1771','DELIVERY OPERATOR',11224),(2789,2,'JB1772','CUTTING OPERATOR',11224),(2790,2,'JB1785','GA OPERATOR',11224),(2791,2,'JB1786','GA OPERATOR OFFICE',11224),(2792,2,'JB1787','OPERATOR STRIPPING',11224),(2793,2,'JB1788','OPERATOR INTERLEAVE',11224),(2794,2,'JB1789','TESSELATION',11224),(2795,2,'JB1827','OPERATOR PRODUKSI',11224),(2796,2,'JB1847','FORKLIFT FULLFILLMENT',11224),(2797,2,'JB1854','ZONE COORDINATOR',11224),(2798,2,'JB1856','PETUGAS GUDANG',11224),(2799,2,'JB1885','OPERATOR',11224),(2800,2,'JB1887','QUALITY CONTROL LAB',11224),(2801,2,'JB1893','INCOMING QUALITIY CONTROL (IQC)',11224),(2802,2,'JB1894','IN PROCESS QUALITIY CONTROL (IPQC)',11224),(2803,2,'JB1895','GENERAL OPERATOR',11224),(2804,2,'JB1896','FINAL QUALITY CONTROL (FQC)',11224),(2805,2,'JB1898','CHECKING OPERATOR',11224),(2806,2,'JB1908','BONGKAR GENTENG OPERATOR',11224),(2807,2,'JB1909','BONGKAR NOK OPERATOR',11224),(2808,2,'JB1910','CETAK GENTENG OPERATOR',11224),(2809,2,'JB1911','CETAK NOK OPERATOR',11224),(2810,2,'JB1912','STEK OPERATOR',11224),(2811,2,'JB1913','ASSESORIES LOADING OPERATOR',11224),(2812,2,'JB1919','HUB OPERATOR',11224),(2813,2,'JB1947','STOCK KEEPER WH PIPA',11224),(2814,2,'JB1948','STOCK KEEPER WH MATERIAL',11224),(2815,2,'JB1949','STOCK KEEPER WH FITTING',11224),(2816,2,'JB1950','PENERIMAAN FITTING',11224),(2817,2,'JB1951','CHECKER WH FITTING',11224),(2818,2,'JB1952','JURU TARIK PERSIAPAN FITTING',11224),(2819,2,'JB1966','JURU LOKASI',11224),(2820,3,'JB2006','DELIVERY OPERATOR',11224),(2821,2,'JB2015','LOADING & DELIVERY OPERATOR',11224),(2822,2,'JB2024','SORTER FIRSTMILE',11224),(2823,2,'JB2025','CHECKER LINEHAUL',11224),(2824,2,'JB2026','CHECKER SORTATION',11224),(2825,2,'JB2030','SORTIR EXIT POLESH',11224),(2826,2,'JB2031','UNLOADING',11224),(2827,2,'JB2032','AUTOPACKING LOADING',11224),(2828,2,'JB2033','AUTOPACKING PALLETIZING',11224),(2829,2,'JB2034','AUTOPACKING WRAPING',11224),(2830,2,'JB2036','FORKLIFT CERAMIC',11224),(2831,2,'JB2038','SORTER LASTMILE',11224),(2832,3,'JB2042','SORTER FIRSTMILE',11224),(2833,3,'JB2043','CHECKER SORTATION',11224),(2834,2,'JB2047','QAD INPUTAN DAN BARCODE',11224),(2835,2,'JB2054','HUB DISPATCHER',11224),(2836,2,'JB2062','LHS OPERATION',11224),(2837,2,'JB2063','LHS SORTER',11224),(2838,2,'JB2065','MP LOG TEAM',11224),(2839,2,'JB2072','SORT SORTER',11224),(2840,2,'JB2073','MF SORTER',11224),(2841,2,'JB2076','DOP OPS SUPPORT',11224),(2842,2,'JB2080','RETURN SORTER',11224),(2843,2,'JB2090','HUB SORTER',11224),(2844,2,'JB2092','HUB SORTER DW',11224),(2845,2,'JB2093','SORT SORTER DW',11224),(2846,2,'JB2094','MF SORTER DW',11224),(2847,2,'JB2095','RETURNS SORTER DW',11224),(2848,2,'JB2107','LOADING UNLOADING COVE',11224),(2849,2,'JB2130','OPERATION ASSISTANT',11224),(2850,2,'JB2131','STAFF WAREHOUSE',11224),(2851,2,'JB2132','PENGAWAS KETERSEDIAAN FASILITAS DUMP TRUCK',11224),(2852,2,'JB2146','OPERATOR PROJECT DRAFTER',11224),(2853,3,'JB2149','MOULDER OPERATOR',11224),(2854,2,'JB2158','STOCKER',11224),(2855,2,'JB2159','GHP FORKLIFT SHIFT OPERATOR',11224),(2856,3,'JB2184','AUTOPACKING CERAMIC (PEMBORONGAN)',11224),(2857,2,'JB2240','TESSEL LOADING UNLOADING (DW)',11224),(2858,2,'JB2241','PRESS COVE OPERATOR (DW)',11224),(2859,2,'JB2242','LOADING UNLOADING COVE (DW)',11224),(2860,2,'JB2259','OPERATOR PROJECT HANDLING',11224),(2861,2,'JB2269','OPERASIONAL KONTROL',11224),(2862,2,'JB2338','HELPER PRODUKSI',11224),(2863,2,'JB2350','OPERATOR PACKAGING',11224),(2864,2,'JB2351','OPERATOR WASTE OUT',11224),(2865,2,'JB2352','PACKAGING COMPLIANCE',11224),(2866,2,'JB2353','Picker E',11224),(2867,2,'JB2354','Picker F',11224),(2868,2,'JB2375','TOOLING',11224),(2869,2,'JB2383','HELPER (SCM/WAREHOUSEMAN)',11224),(2870,2,'JB2403','WORKSHOP MANAGEMENT ADMIN',11224),(2871,2,'JB2480','WAREHOUSE STAFF (DW)',11224),(2872,2,'JB2493','JURU LOKASI WH FITTING',11224),(2873,2,'JB2606','CONTROL TOWER',11224),(2874,2,'JB2615','INVESTIGATOR',11224),(2875,2,'JB2620','OPERASIONAL',11224),(2876,2,'JB2624','SHIFT LEADER',11224),(2877,2,'JB2626','SORTER MULTIFUNCTION',11224),(2878,2,'JB2631','VALIDATOR GROUND FM RTM',11224),(2879,2,'JB2661','SORTER FSL',11224),(2880,2,'JB2741','STOCK KEEPER EXPORT',11224),(2881,2,'JB2742','STOCK KEEPER PRODUK QUARANTINE',11224),(2882,2,'JB2743','STOCK KEEPER PRODUK QUARANTINE (MU KHUSUS)',11224),(2883,2,'JB2744','STOCK KEEPER PRODUK QUARANTINE (QR HOLD & TRIAL)',11224),(2884,2,'JB2745','HELPER PURCHASING',11224),(2885,2,'JB2820','WORKER/OPERATOR PRODUKSI',11224),(2886,2,'JB2825','KERANI BBM KONTROL',11224),(2887,2,'JB2826','CHEKER OSD TMB',11224),(2888,2,'JB2827','KERANI CHECKER OPEN SIDE DUMP (OSD)/CONTAINER',11224),(2889,2,'JB2828','KERANI DUMP MAN',11224),(2890,2,'JB2829','KERANI CONVEYOR DAN WATER SPRAYER',11224),(2891,2,'JB2830','KERANI KERETA',11224),(2892,2,'JB2831','KERANI SUPPORT/KEBERSIHAN',11224),(2893,2,'JB2832','OPERATOR GANTRY CRANE',11224),(2894,2,'JB2833','OPERATOR MOTOR CONTROL CENTER',11224),(2895,2,'JB2834','OPERATOR TRAVELING HOPPER',11224),(2896,2,'JB2849','OPS CONTROL',11224),(2897,2,'JB2857','KERANI MUAT',11224),(2898,2,'JB2862','PENUNJANG BONGKAR MUAT',11224),(2899,2,'JB2865','KERANI BONGKAR',11224),(2900,2,'JB2874','KRANI (B/M)',11224),(2901,2,'JB2883','UNIT WAREHOUSE CREW',11224),(2902,2,'JB2884','PARTSMAN',11224),(2903,3,'JB2899','CHECKER',11224),(2904,3,'JB2900','KERANI',11224),(2905,2,'JB3018','WORKER/OPERATOR PRODUKSI (FACTORY) DW',11224),(2906,2,'JB3077','HELPER BAHAN BAKAR',11224),(2907,2,'JB3078','HELPER CBM',11224),(2908,2,'JB3079','HELPER INVENTORY',11224),(2909,2,'JB3080','HELPER K4',11224),(2910,2,'JB3081','HELPER KEUANGAN',11224),(2911,2,'JB3082','HELPER LINGKUNGAN',11224),(2912,2,'JB3083','HELPER MANAGEMENT OUTAGE',11224),(2913,2,'JB3084','HELPER PENGADAAN',11224),(2914,2,'JB3085','HELPER RENDAL HAR',11224),(2915,2,'JB3086','HELPER SEKRETARIAT DAN UMUM',11224),(2916,2,'JB3087','HELPER SUMBER DAYA MANUSIA',11224),(2917,2,'JB3131','LOGISTIK',11224),(2918,2,'JB3132','PERGUDANGAN',11224),(2919,2,'JB3136','PRODUKSI (MMP)',11224),(2920,2,'JB3177','HARIAN ED FARM',11224),(2921,2,'JB3178','BAG OFF SHELL',11224),(2922,2,'JB3179','DOWNSTREAM/ PRODUKSI',11224),(2923,2,'JB3183','HELPER/ MTC',11224),(2924,2,'JB3188','REWORK & REPACK',11224),(2925,2,'JB3189','SANITASI FG',11224),(2926,2,'JB3191','SANITASI RAW BA 1-2',11224),(2927,2,'JB3192','SANITASI RAW MENGGER',11224),(2928,2,'JB3194','SUSTAINABILITY',11224),(2929,2,'JB3203','TKBM DUMPING BEANS',11224),(2930,2,'JB3204','TKBM FINISHED GOODS',11224),(2931,2,'JB3205','TKBM RAW BEANS',11224),(2932,2,'JB3261','PARTS WAREHOUSE CREW',11224),(2933,2,'JB3287','OPERATOR FORKLIFT PROJECT 3 SET TUGBOAT & BARGE',11224),(2934,2,'JB3301','WELDER',11224),(2935,2,'JB3316','FUEL & OILMAN',11224);

--
-- Table structure for table `user`
--

CREATE TABLE `user` (
  `id` int NOT NULL AUTO_INCREMENT,
  `username` varchar(50) NOT NULL,
  `password` varchar(100) NOT NULL,
  `password_real` varchar(100) DEFAULT NULL,
  `id_role` int NOT NULL,
  `id_lms` int DEFAULT NULL,
  `id_contact` int NOT NULL,
  `aktif` int DEFAULT '0',
  `token` varchar(255) DEFAULT NULL,
  `ip_address` varchar(255) DEFAULT NULL,
  `device` varchar(255) DEFAULT NULL,
  `platform` varchar(255) DEFAULT NULL,
  `browser` varchar(255) DEFAULT NULL,
  `created_at` datetime DEFAULT CURRENT_TIMESTAMP,
  `updated_at` datetime DEFAULT CURRENT_TIMESTAMP ON UPDATE CURRENT_TIMESTAMP,
  PRIMARY KEY (`id`)
) ENGINE=InnoDB AUTO_INCREMENT=150 DEFAULT CHARSET=latin1;

--
-- Dumping data for table `user`
--

INSERT INTO `user` VALUES (1,'admin','92a2b5c74052cba07a8fc860b5e1f8c9','P@ssw0rd123#',1,2,1,1,'I584AQm5GTFOOHm5CvirXIBpNcuOO4ABBSvy11LAPqPqb0swQwXtnaMOEb60','172.16.10.121','WebKit','Windows','Chrome','2023-05-03 12:28:19','2023-08-30 18:30:20'),(2,'aldotahar','f1ceff166123d830fca7ece505547006','Admin77*',2,6,2,1,'ZoHOOEHYI9a97nvfYyp7fxx8LM3belyFFSCFE3zFFc1SxzffX6lZbOs1oLuC','172.16.10.121','WebKit','Windows','Chrome','2023-05-04 15:39:46','2023-08-31 13:56:53'),(80,'lyandinurannazmi@gmail.com','69978eea81795aa3b50214dd2da0d664','P@sw0rd123#',2,84,79,1,NULL,'172.16.10.121','WebKit','Windows','Chrome','2023-07-11 06:46:59','2023-08-30 15:29:57'),(89,'jagotihc@gmail.com','8f98c4a0489c480d107189ce8be2803f','jagotihc@1',3,93,87,1,NULL,'172.16.10.121','WebKit','Windows','Chrome','2023-07-20 07:25:46','2023-08-11 17:21:18'),(94,'dewiprwt10@gmail.com','c54be15746f5536bbd88bed9131feca8','Jagoti01_',2,98,92,1,NULL,'172.16.10.121','WebKit','Windows','Chrome','2023-07-21 07:41:49','2023-08-23 16:44:17'),(95,'jagoti@gmail.com','03a8aecbc48a71f054048e9db5ba9841','jagoti@1',5,99,93,1,NULL,'172.16.10.121','WebKit','Windows','Chrome','2023-07-21 09:12:42','2023-08-11 17:22:55'),(97,'jagotifinanceadmin@gmail.com','d30863d56f5ab69c03d5bd5d0acd505e','financeadmin@1',6,100,95,1,NULL,'172.16.10.121','WebKit','Windows','Chrome','2023-07-21 09:23:11','2023-08-11 17:23:55'),(107,'hendrich@gmail.com','c54be15746f5536bbd88bed9131feca8','Jagoti01_',2,110,92,1,NULL,NULL,NULL,NULL,NULL,'2023-07-27 08:52:32','2023-07-27 08:52:32'),(108,'dewiprwt10@gmail.com','c54be15746f5536bbd88bed9131feca8','Jagoti01_',2,111,92,1,'KNpAhZaz4YIyc8lV4Rpu7wrg1MMkyza9htBV6wbHynCRoQvlPEiTLFTKmTng','172.16.10.121','WebKit','Windows','Chrome','2023-07-28 08:21:49','2023-08-23 09:13:04'),(111,'adminciptadra','12faef046db484b53b1f5f31f863ef9b','adminciptadra@1',1,115,102,1,'rMtDf24x5jTOc92QVpJQMFwiZwMlF8ixpCuUBdpaTa8JT8uiUh0LEHwPV3AP','172.16.10.121','WebKit','Windows','Chrome','2023-07-31 06:06:15','2023-08-31 10:09:51'),(113,'adminqc','212a00edb2b2ac16df515e1ae06c2bf7','adminqc@1',1,117,104,1,'zhmbgUu0DlKRgGepob5ueq1dyI2WRGFPU3aZcORM6p8mvoooDHqsOrvnIXK1','172.16.10.121','WebKit','Windows','Chrome','2023-08-03 06:46:46','2023-08-30 14:35:59'),(119,'alannas160187@gmail.com','c54be15746f5536bbd88bed9131feca8','Jagoti01_',2,121,110,1,NULL,'192.168.1.253','WebKit','Windows','Chrome','2023-08-07 03:38:55','2023-08-08 07:00:54'),(121,'ary.kantor@gmail.com','c54be15746f5536bbd88bed9131feca8','Jagoti01_',2,123,112,1,NULL,'172.16.10.121','WebKit','Windows','Chrome','2023-08-07 03:39:01','2023-08-30 15:21:24'),(122,'twodrgroup@gmail.com','c54be15746f5536bbd88bed9131feca8','Jagoti01_',2,124,113,1,'d4g4cTrAIwfGlFpnm3y56meFgssa8pxXMZ5DQMF6zIf0ha4W7iacig3VRcjP','192.168.1.253','WebKit','Windows','Chrome','2023-08-07 03:55:46','2023-08-07 03:56:37'),(123,'faizabdullz23@gmail.com','c54be15746f5536bbd88bed9131feca8','Jagoti01_',2,125,111,1,NULL,NULL,NULL,NULL,NULL,'2023-08-07 03:55:56','2023-08-07 03:55:56'),(124,'abdullzgaming23@gmail.com','c54be15746f5536bbd88bed9131feca8','Jagoti01_',2,126,114,1,NULL,'172.16.10.121','WebKit','Windows','Chrome','2023-08-07 04:16:27','2023-08-30 14:36:12'),(125,'lnarnur1826@gmail.com','8e5a5b5209c12555829b72310927592f','P1234#ok',2,NULL,115,1,NULL,NULL,NULL,NULL,NULL,'2023-08-11 15:19:11','2023-08-11 15:19:11'),(126,'aliamailananur88@gmail.com','20bd9ca6c211402757fc2899524f476b','P@sw0rd123!',2,128,116,1,'R7jsYdsh0oqbj8D4J2jk6Fdo5EC3weMvsrI6qZmGwgwMrEjh5F560bwzwJRC','172.16.10.121','0','Windows','Firefox','2023-08-14 03:30:41','2023-08-14 03:31:30'),(127,'faizabdullah2303@gmail.com','c54be15746f5536bbd88bed9131feca8','Jagoti01_',2,130,114,1,NULL,'172.16.10.121','WebKit','Windows','Chrome','2023-08-14 06:53:01','2023-08-30 14:35:48'),(128,'firmantrusmiland@gmail.com','c54be15746f5536bbd88bed9131feca8','Jagoti01_',2,131,117,1,NULL,'172.16.10.121','WebKit','Windows','Chrome','2023-08-14 06:57:41','2023-08-30 14:05:58'),(129,'firman.maulana@sim.co.id','c54be15746f5536bbd88bed9131feca8','Jagoti01_',2,132,117,1,NULL,NULL,NULL,NULL,NULL,'2023-08-14 07:44:58','2023-08-14 07:44:58'),(130,'adminqcciptadra','39ccb5913d707a463dfbe57cf58620e0','adminqcciptadra@1',1,133,118,1,'uwl7pDJx6k6rOCy0IzyjX0lnQstHdGZLFlIE18YDKpNTOGx7H264RQiqWKIN','172.16.10.121','WebKit','Windows','Chrome','2023-08-14 07:48:48','2023-08-31 13:51:15'),(131,'paoelaceng@gmail.com','c54be15746f5536bbd88bed9131feca8','Jagoti01_',2,134,119,1,'13dzbPe4qfC7LR79ihAj8HExQkgtuHZODc5ZhJQYLPTZAvI41IuDqffUFnwm','172.16.10.121','WebKit','Windows','Chrome','2023-08-18 10:34:22','2023-08-23 11:20:29'),(132,'muejason27@gmail.com','3bdd3c2c466a4f8474913335725904f6','samuel_1!',2,136,120,1,'NFAySPoqLyXSrHOuo4NcK0AWYGxl5JdrxZv0JD8KLcQ0vyvISd6Q91tzmF0m','172.16.10.121','WebKit','Windows','Chrome','2023-08-24 14:21:30','2023-08-24 14:22:21'),(133,'lway','69978eea81795aa3b50214dd2da0d664','P@sw0rd123#',2,NULL,121,1,NULL,NULL,NULL,NULL,NULL,'2023-08-24 17:08:50','2023-08-24 17:08:50'),(134,'vanjoelarrazie@gmail.com','ca84d040c26ee55423c0102f78a7d83f','jakarta!23',2,137,122,1,'sNjVicKeCgal2j60dZe57AVIFYIL4W7IEbCGkcPiTKdP62Y1KYugvhV8POIm','192.168.1.253','WebKit','Windows','Chrome','2023-08-25 09:05:54','2023-08-25 11:19:15'),(135,'pesertainput','d277c19a35c96983616f764d8a51694a','input1!',2,NULL,123,1,NULL,NULL,NULL,NULL,NULL,'2023-08-25 10:01:07','2023-08-25 10:01:07'),(136,'pesertainput','d277c19a35c96983616f764d8a51694a','input1!',2,NULL,124,1,NULL,NULL,NULL,NULL,NULL,'2023-08-25 10:04:50','2023-08-25 10:04:50'),(137,'Farisha','69978eea81795aa3b50214dd2da0d664','P@sw0rd123#',2,NULL,125,1,NULL,NULL,NULL,NULL,NULL,'2023-08-25 13:43:49','2023-08-25 13:43:49'),(138,'dini','69978eea81795aa3b50214dd2da0d664','P@sw0rd123#',2,142,126,1,NULL,NULL,NULL,NULL,NULL,'2023-08-25 13:45:54','2023-08-25 13:45:54'),(139,'faiz.abdullah@pkp.co.id','c54be15746f5536bbd88bed9131feca8','Jagoti01_',2,143,127,1,NULL,NULL,NULL,NULL,NULL,'2023-08-25 14:05:28','2023-08-25 14:05:28'),(140,'pesertainput','c54be15746f5536bbd88bed9131feca8','Jagoti01_',2,144,128,1,NULL,NULL,NULL,NULL,NULL,'2023-08-25 15:40:32','2023-08-25 15:40:47'),(141,'Nurulfitrilenia','fb36e1217af5ed60761758855c22617a','P@sw0rd123',2,NULL,129,1,NULL,NULL,NULL,NULL,NULL,'2023-08-28 08:27:03','2023-08-28 08:27:03'),(142,'thebubbleloons@gmail.com','d3acc10b6a83154a1ed456aaecb10075','dewiprwt5#',2,148,130,1,NULL,'172.16.10.121','WebKit','Windows','Chrome','2023-08-28 14:42:14','2023-08-29 15:56:49'),(143,'hadikurniawan12@gmail.com','ac101ece8d39486a679416c0fd7bafdc','hadi12*',2,NULL,131,0,NULL,NULL,NULL,NULL,NULL,'2023-08-28 16:19:23','2023-08-28 16:19:23'),(144,'kurniawanhadi230@gmail.com','261875bf5f9e95473f7476f8a39b5ae1','hadi121213*',2,149,132,1,'We8CHEG9e32rBxehOihqzR7142rTUOk4tsK69C9lGpH9Ogn3FyXnSRKBpSaY','172.16.10.121','WebKit','Windows','Opera','2023-08-28 16:21:14','2023-08-28 16:22:50'),(146,'dinni.dwiyani@gmail.com','c54be15746f5536bbd88bed9131feca8','Jagoti01_',2,150,134,1,NULL,'172.16.10.121','WebKit','Windows','Chrome','2023-08-30 10:20:54','2023-08-30 10:25:01'),(147,'ami','c54be15746f5536bbd88bed9131feca8','Jagoti01_',2,151,135,1,NULL,'172.16.10.121','WebKit','Windows','Chrome','2023-08-30 10:28:58','2023-08-30 10:41:12'),(149,'pesertabaru','c54be15746f5536bbd88bed9131feca8','Jagoti01_',2,153,137,1,NULL,'172.16.10.121','WebKit','Windows','Chrome','2023-08-30 10:51:07','2023-08-30 11:05:00');


