-- Table structure for table `course`
--

CREATE TABLE `course` (
  `id` int NOT NULL AUTO_INCREMENT,
  `id_course` int DEFAULT NULL,
  `duration` int DEFAULT NULL,
  `duration_unit` varchar(50) CHARACTER SET utf8mb4 COLLATE utf8mb4_0900_ai_ci DEFAULT NULL,
  `status_leveling` int DEFAULT NULL,
  PRIMARY KEY (`id`)
) ENGINE=InnoDB AUTO_INCREMENT=51 DEFAULT CHARSET=utf8mb4 COLLATE=utf8mb4_0900_ai_ci;

--
-- Dumping data for table `course`
--

INSERT INTO `course` VALUES (2,52,10,'hari',NULL),(3,54,3,'bulan',1),(4,59,3,'bulan',1),(5,61,2,'bulan',1),(6,66,2,'bulan',1),(7,62,2,'bulan',1),(8,71,2,'bulan',1),(9,72,2,'bulan',1),(10,68,2,'bulan',1),(11,73,2,'bulan',1),(12,74,2,'bulan',1),(13,76,2,'bulan',1),(14,77,2,'bulan',1),(15,78,2,'bulan',1),(16,80,2,'bulan',1),(17,64,2,'bulan',1),(18,96,2,'bulan',1),(19,67,2,'bulan',1),(20,98,2,'bulan',1),(21,69,2,'bulan',1),(22,99,2,'bulan',1),(23,70,2,'bulan',1),(24,100,2,'bulan',1),(25,89,2,'bulan',1),(26,101,2,'bulan',1),(27,65,2,'bulan',1),(28,75,2,'bulan',1),(29,79,2,'bulan',1),(30,81,2,'bulan',1),(31,82,2,'bulan',1),(32,83,2,'bulan',1),(33,86,2,'bulan',1),(34,88,2,'bulan',1),(35,90,2,'bulan',1),(36,92,2,'bulan',1),(37,93,2,'bulan',1),(38,94,2,'bulan',1),(39,95,2,'bulan',1),(40,97,2,'bulan',1),(41,63,2,'bulan',1),(42,84,2,'bulan',1),(43,85,2,'bulan',1),(44,87,2,'bulan',1),(45,91,2,'bulan',1),(46,102,2,'bulan',1),(47,103,2,'bulan',1),(48,104,2,'bulan',1),(49,105,2,'bulan',1),(50,106,2,'bulan',1);

--
-- Table structure for table `course_access`
--

CREATE TABLE `course_access` (
  `id` int NOT NULL AUTO_INCREMENT,
  `course_id` int DEFAULT NULL,
  `user_id` int DEFAULT NULL,
  `lastcourseaccess` varchar(20) DEFAULT NULL,
  `lastcourseaccess_human` datetime DEFAULT NULL,
  `id_log_activity` int DEFAULT NULL,
  PRIMARY KEY (`id`)
) ENGINE=InnoDB AUTO_INCREMENT=763 DEFAULT CHARSET=utf8mb4 COLLATE=utf8mb4_0900_ai_ci;

--
-- Dumping data for table `course_access`
--

INSERT INTO `course_access` VALUES (31,87,946,'1699278262','2023-11-06 20:44:22',1883),(32,76,903,'1699320354','2023-11-07 08:25:54',1889),(33,73,748,'1699321355','2023-11-07 08:42:35',1897),(34,76,911,'1699321822','2023-11-07 08:50:22',1901),(35,73,802,'1699322410','2023-11-07 09:00:10',1903),(36,96,974,'1699322695','2023-11-07 09:04:55',1911),(37,84,937,'1699323389','2023-11-07 09:16:29',1913),(38,74,802,'1699325112','2023-11-07 09:45:12',1914),(39,102,890,'1699327964','2023-11-07 10:32:44',1923),(40,91,890,'1699328370','2023-11-07 10:39:30',1923),(41,86,914,'1699329219','2023-11-07 10:53:39',1926),(42,74,748,'1699330223','2023-11-07 11:10:23',1921),(43,88,914,'1699330699','2023-11-07 11:18:19',1926),(44,63,771,'1699331410','2023-11-07 11:30:10',1928),(45,76,734,'1699337718','2023-11-07 13:15:18',1934),(46,84,771,'1699340558','2023-11-07 14:02:38',1928),(47,63,770,'1699342192','2023-11-07 14:29:52',1937),(48,85,836,'1699342886','2023-11-07 14:41:26',1938),(49,62,848,'1699346856','2023-11-07 15:47:36',1942),(50,62,874,'1699346936','2023-11-07 15:48:56',1941),(51,88,799,'1699407803','2023-11-08 08:43:23',1946),(52,71,738,'1699408856','2023-11-08 09:00:56',1950),(53,86,799,'1699409172','2023-11-08 09:06:12',1946),(54,71,842,'1699409350','2023-11-08 09:09:10',1952),(55,76,911,'1699411255','2023-11-08 09:40:55',1955),(56,72,842,'1699411405','2023-11-08 09:43:25',1952),(57,93,923,'1699411987','2023-11-08 09:53:07',1954),(58,72,738,'1699412563','2023-11-08 10:02:43',1950),(59,87,947,'1699421241','2023-11-08 12:27:21',1978),(60,85,944,'1699422480','2023-11-08 12:48:00',1979),(61,87,944,'1699423481','2023-11-08 13:04:41',1979),(62,64,867,'1699427391','2023-11-08 14:09:51',1987),(63,76,734,'1699427624','2023-11-08 14:13:44',1988),(64,105,882,'1699433432','2023-11-08 15:50:32',1998),(65,84,770,'1699433453','2023-11-08 15:50:53',2000),(66,105,915,'1699433560','2023-11-08 15:52:40',1999),(67,105,791,'1699433636','2023-11-08 15:53:56',2001),(68,106,791,'1699435085','2023-11-08 16:18:05',2001),(69,106,915,'1699435460','2023-11-08 16:24:20',1999),(70,106,882,'1699435978','2023-11-08 16:32:58',1998),(71,62,922,'1699437002','2023-11-08 16:50:02',2007),(72,64,974,'1699452275','2023-11-08 21:04:35',2012),(73,87,959,'1699483465','2023-11-09 05:44:25',2014),(74,64,974,'1699489799','2023-11-09 07:29:59',2016),(75,61,859,'1699494125','2023-11-09 08:42:05',2018),(76,62,887,'1699496383','2023-11-09 09:19:43',2019),(77,66,859,'1699498203','2023-11-09 09:50:03',2018),(78,73,792,'1699502426','2023-11-09 11:00:26',2027),(79,84,937,'1699503698','2023-11-09 11:21:38',2028),(80,76,911,'1699503989','2023-11-09 11:26:29',2029),(81,63,937,'1699504053','2023-11-09 11:27:33',2028),(82,68,887,'1699504145','2023-11-09 11:29:05',2019),(83,85,836,'1699505172','2023-11-09 11:46:12',2035),(84,64,867,'1699506118','2023-11-09 12:01:58',2037),(85,87,836,'1699506428','2023-11-09 12:07:08',2036),(86,88,775,'1699507827','2023-11-09 12:30:27',2038),(87,86,775,'1699507874','2023-11-09 12:31:14',2038),(88,91,785,'1699507990','2023-11-09 12:33:10',2039),(89,85,889,'1699517924','2023-11-09 15:18:44',2044),(90,70,729,'1699519798','2023-11-09 15:49:58',2047),(91,68,922,'1699520272','2023-11-09 15:57:52',2049),(92,102,910,'1699530203','2023-11-09 18:43:23',2052),(93,62,808,'1699533832','2023-11-09 19:43:52',2054),(94,62,922,'1699538683','2023-11-09 21:04:43',2056),(95,68,808,'1699539307','2023-11-09 21:15:07',2055),(96,71,738,'1699541867','2023-11-09 21:57:47',2057),(97,91,785,'1699580311','2023-11-10 08:38:31',2062),(98,85,889,'1699581309','2023-11-10 08:55:09',2064),(99,102,785,'1699581337','2023-11-10 08:55:37',2065),(100,85,928,'1699581627','2023-11-10 09:00:27',2067),(101,76,911,'1699582158','2023-11-10 09:09:18',2068),(102,64,974,'1699585030','2023-11-10 09:57:10',2076),(103,96,974,'1699585062','2023-11-10 09:57:42',2076),(104,87,928,'1699587924','2023-11-10 10:45:24',2075),(105,87,836,'1699588908','2023-11-10 11:01:48',2080),(106,85,836,'1699590337','2023-11-10 11:25:37',2080),(107,73,811,'1699596258','2023-11-10 13:04:18',2081),(108,91,979,'1699599470','2023-11-10 13:57:50',2084),(109,91,871,'1699604207','2023-11-10 15:16:47',2085),(110,102,979,'1699604697','2023-11-10 15:24:57',2084),(111,87,784,'1699605288','2023-11-10 15:34:48',2083),(112,85,784,'1699605439','2023-11-10 15:37:19',2083),(113,67,964,'1699620601','2023-11-10 19:50:01',2090),(114,96,974,'1699661199','2023-11-11 07:06:39',2091),(115,64,974,'1699662417','2023-11-11 07:26:57',2091),(116,73,814,'1699664602','2023-11-11 08:03:22',2093),(117,74,814,'1699666476','2023-11-11 08:34:36',2093),(118,85,889,'1699669314','2023-11-11 09:21:54',2094),(119,73,811,'1699670347','2023-11-11 09:39:07',2095),(120,72,738,'1699670572','2023-11-11 09:42:52',2096),(121,85,731,'1699674439','2023-11-11 10:47:19',2097),(122,73,902,'1699676549','2023-11-11 11:22:29',2100),(123,87,731,'1699676589','2023-11-11 11:23:09',2097),(124,97,726,'1699682283','2023-11-11 12:58:03',2117),(125,74,902,'1699683609','2023-11-11 13:20:09',2100),(126,95,726,'1699686813','2023-11-11 14:13:33',2117),(127,87,946,'1699699041','2023-11-11 17:37:21',2121),(128,85,946,'1699702215','2023-11-11 18:30:15',2121),(129,73,811,'1699750484','2023-11-12 07:54:44',2122),(130,74,811,'1699751109','2023-11-12 08:05:09',2123),(131,96,974,'1699757580','2023-11-12 09:53:00',2124),(132,95,765,'1699766142','2023-11-12 12:15:42',2125),(133,97,765,'1699766872','2023-11-12 12:27:52',2125),(134,67,964,'1699793033','2023-11-12 19:43:53',2133),(135,97,765,'1699839313','2023-11-13 08:35:13',2138),(136,85,779,'1699840060','2023-11-13 08:47:40',2141),(137,87,779,'1699840841','2023-11-13 09:00:41',2141),(138,74,902,'1699842413','2023-11-13 09:26:53',2148),(139,73,902,'1699844079','2023-11-13 09:54:39',2148),(140,87,860,'1699844295','2023-11-13 09:58:15',2149),(141,85,860,'1699844348','2023-11-13 09:59:08',2149),(142,85,784,'1699844708','2023-11-13 10:05:08',2150),(143,73,869,'1699846891','2023-11-13 10:41:31',2151),(144,62,808,'1699847818','2023-11-13 10:56:58',2152),(145,87,731,'1699851110','2023-11-13 11:51:50',2154),(146,67,964,'1699852519','2023-11-13 12:15:19',2155),(147,91,817,'1699853967','2023-11-13 12:39:27',2156),(148,102,979,'1699853996','2023-11-13 12:39:56',2157),(149,96,867,'1699854134','2023-11-13 12:42:14',2158),(150,91,979,'1699854497','2023-11-13 12:48:17',2157),(151,73,844,'1699854662','2023-11-13 12:51:02',2161),(152,102,817,'1699854836','2023-11-13 12:53:56',2156),(153,74,844,'1699857463','2023-11-13 13:37:43',2163),(154,76,911,'1699858246','2023-11-13 13:50:46',2164),(155,77,911,'1699858540','2023-11-13 13:55:40',2164),(156,73,797,'1699859368','2023-11-13 14:09:28',2165),(157,73,966,'1699862179','2023-11-13 14:56:19',2172),(158,68,808,'1699862678','2023-11-13 15:04:38',2175),(159,74,797,'1699863600','2023-11-13 15:20:00',2173),(160,74,869,'1699864536','2023-11-13 15:35:36',2176),(161,73,812,'1699864737','2023-11-13 15:38:57',2177),(162,74,966,'1699865129','2023-11-13 15:45:29',2172),(163,74,812,'1699866271','2023-11-13 16:04:31',2177),(164,73,792,'1699867805','2023-11-13 16:30:05',2178),(165,74,792,'1699868013','2023-11-13 16:33:33',2178),(166,85,747,'1699870185','2023-11-13 17:09:45',2182),(167,106,883,'1699870949','2023-11-13 17:22:29',2183),(168,105,883,'1699870971','2023-11-13 17:22:51',2183),(169,73,762,'1699872212','2023-11-13 17:43:32',2184),(170,73,813,'1699872645','2023-11-13 17:50:45',2185),(171,74,813,'1699873052','2023-11-13 17:57:32',2185),(172,87,747,'1699873093','2023-11-13 17:58:13',2182),(173,74,762,'1699873130','2023-11-13 17:58:50',2184),(174,85,754,'1699918334','2023-11-14 06:32:14',2190),(175,87,754,'1699920934','2023-11-14 07:15:34',2190),(176,67,964,'1699931359','2023-11-14 10:09:19',2194),(177,74,792,'1699935546','2023-11-14 11:19:06',2195),(178,87,943,'1699946599','2023-11-14 14:23:19',2199),(179,85,943,'1699949716','2023-11-14 15:15:16',2199),(180,102,739,'1699949888','2023-11-14 15:18:08',2200),(181,73,794,'1699952189','2023-11-14 15:56:29',2201),(182,97,969,'1699952464','2023-11-14 16:01:04',2204),(183,75,873,'1699957818','2023-11-14 17:30:18',2206),(184,67,964,'1700014660','2023-11-15 09:17:40',2211),(185,85,763,'1700015905','2023-11-15 09:38:25',2210),(186,85,784,'1700017896','2023-11-15 10:11:36',2213),(187,87,763,'1700021406','2023-11-15 11:10:06',2210),(188,88,914,'1700022074','2023-11-15 11:21:14',2214),(189,87,784,'1700022468','2023-11-15 11:27:48',2213),(190,86,914,'1700029487','2023-11-15 13:24:47',2214),(191,98,964,'1700029968','2023-11-15 13:32:48',2211),(192,95,969,'1700031293','2023-11-15 13:54:53',2215),(193,73,902,'1700098167','2023-11-16 08:29:27',2217),(194,85,958,'1700100435','2023-11-16 09:07:15',2218),(195,87,784,'1700105572','2023-11-16 10:32:52',2219),(196,73,794,'1700186749','2023-11-17 09:05:49',2220),(197,85,752,'1700187367','2023-11-17 09:16:07',2221),(198,85,946,'1700190752','2023-11-17 10:12:32',2222),(199,87,752,'1700190790','2023-11-17 10:13:10',2221),(200,85,889,'1700209045','2023-11-17 15:17:25',2225),(201,85,830,'1700273315','2023-11-18 09:08:35',2229),(202,85,805,'1700275001','2023-11-18 09:36:41',2231),(203,85,764,'1700276218','2023-11-18 09:56:58',2232),(204,87,830,'1700277136','2023-11-18 10:12:16',2229),(205,87,764,'1700279223','2023-11-18 10:47:03',2232),(206,85,889,'1700289882','2023-11-18 13:44:42',2235),(207,87,946,'1700290017','2023-11-18 13:46:57',2236),(208,87,889,'1700291260','2023-11-18 14:07:40',2235),(209,85,736,'1700312191','2023-11-18 19:56:31',2237),(210,87,736,'1700315356','2023-11-18 20:49:16',2237),(211,76,911,'1700448566','2023-11-20 09:49:26',2240),(212,69,976,'1700464719','2023-11-20 14:18:39',2247),(213,78,1,'1700466061','2023-11-20 14:41:01',2248),(214,52,1,'1700466198','2023-11-20 14:43:18',2248),(215,99,976,'1700466470','2023-11-20 14:47:50',2247),(216,77,911,'1700617726','2023-11-22 08:48:46',2263),(217,63,770,'1700620348','2023-11-22 09:32:28',2265),(218,84,770,'1700620463','2023-11-22 09:34:23',2265),(219,84,804,'1700623821','2023-11-22 10:30:21',2268),(220,63,804,'1700623881','2023-11-22 10:31:21',2268),(221,68,808,'1700624480','2023-11-22 10:41:20',2269),(222,63,879,'1700626552','2023-11-22 11:15:52',2271),(223,84,879,'1700627470','2023-11-22 11:31:10',2271),(224,87,779,'1700639532','2023-11-22 14:52:12',2275),(225,87,958,'1700639823','2023-11-22 14:57:03',2274),(226,85,958,'1700643518','2023-11-22 15:58:38',2274),(227,99,976,'1700647180','2023-11-22 16:59:40',2276),(228,67,838,'1700710504','2023-11-23 10:35:04',2279),(229,88,775,'1700713978','2023-11-23 11:32:58',2280),(230,85,728,'1700714731','2023-11-23 11:45:31',2282),(231,98,838,'1700714868','2023-11-23 11:47:48',2279),(232,62,963,'1700728111','2023-11-23 15:28:31',2285),(233,68,963,'1700730518','2023-11-23 16:08:38',2285),(234,91,979,'1700733043','2023-11-23 16:50:43',2294),(235,86,914,'1700733053','2023-11-23 16:50:53',2295),(236,88,766,'1700733152','2023-11-23 16:52:32',2293),(237,88,914,'1700733176','2023-11-23 16:52:56',2295),(238,86,816,'1700733297','2023-11-23 16:54:57',2296),(239,87,755,'1700733332','2023-11-23 16:55:32',2297),(240,85,755,'1700733356','2023-11-23 16:55:56',2297),(241,97,765,'1700733492','2023-11-23 16:58:12',2298),(242,91,871,'1700734145','2023-11-23 17:09:05',2299),(243,102,871,'1700734171','2023-11-23 17:09:31',2299),(244,88,816,'1700735117','2023-11-23 17:25:17',2296),(245,86,766,'1700740909','2023-11-23 19:01:49',2300),(246,95,969,'1700744934','2023-11-23 20:08:54',2302),(247,91,894,'1700750982','2023-11-23 21:49:42',2303),(248,87,959,'1700752206','2023-11-23 22:10:06',2304),(249,102,894,'1700752891','2023-11-23 22:21:31',2303),(250,85,959,'1700756071','2023-11-23 23:14:31',2304),(251,87,925,'1700756941','2023-11-23 23:29:01',2305),(252,85,925,'1700756987','2023-11-23 23:29:47',2305),(253,85,925,'1700758962','2023-11-24 00:02:42',2305),(254,87,925,'1700759003','2023-11-24 00:03:23',2305),(255,102,888,'1700788463','2023-11-24 08:14:23',2308),(256,91,888,'1700790151','2023-11-24 08:42:31',2308),(257,97,820,'1700792540','2023-11-24 09:22:20',2310),(258,97,765,'1700793750','2023-11-24 09:42:30',2312),(259,77,911,'1700794308','2023-11-24 09:51:48',2314),(260,76,911,'1700794442','2023-11-24 09:54:02',2314),(261,86,740,'1700796007','2023-11-24 10:20:07',2315),(262,85,755,'1700796469','2023-11-24 10:27:49',2316),(263,88,816,'1700796757','2023-11-24 10:32:37',2317),(264,68,887,'1700797218','2023-11-24 10:40:18',2319),(265,88,740,'1700797640','2023-11-24 10:47:20',2315),(266,62,921,'1700798051','2023-11-24 10:54:11',2321),(267,87,755,'1700798552','2023-11-24 11:02:32',2316),(268,62,977,'1700798859','2023-11-24 11:07:39',2322),(269,62,887,'1700800235','2023-11-24 11:30:35',2319),(270,86,933,'1700800886','2023-11-24 11:41:26',2324),(271,86,905,'1700801111','2023-11-24 11:45:11',2325),(272,88,905,'1700802770','2023-11-24 12:12:50',2325),(273,88,933,'1700804740','2023-11-24 12:45:40',2324),(274,86,970,'1700806312','2023-11-24 13:11:52',2327),(275,88,970,'1700808159','2023-11-24 13:42:39',2327),(276,68,921,'1700810702','2023-11-24 14:25:02',2329),(277,65,873,'1700817116','2023-11-24 16:11:56',2333),(278,98,964,'1700818222','2023-11-24 16:30:22',2334),(279,75,873,'1700818267','2023-11-24 16:31:07',2333),(280,67,798,'1700819249','2023-11-24 16:47:29',2335),(281,98,798,'1700820424','2023-11-24 17:07:04',2335),(282,95,732,'1700822789','2023-11-24 17:46:29',2338),(283,97,732,'1700823483','2023-11-24 17:58:03',2338),(284,90,840,'1700905280','2023-11-25 16:41:20',2340),(285,92,840,'1700906532','2023-11-25 17:02:12',2340),(286,73,777,'1700951328','2023-11-26 05:28:48',2342),(287,74,777,'1700955614','2023-11-26 06:40:14',2342),(288,86,886,'1700979427','2023-11-26 13:17:07',2344),(289,98,964,'1700983280','2023-11-26 14:21:20',2345),(290,88,886,'1700985444','2023-11-26 14:57:24',2344),(291,67,964,'1700987744','2023-11-26 15:35:44',2345),(292,102,891,'1701000429','2023-11-26 19:07:09',2346),(293,91,891,'1701000595','2023-11-26 19:09:55',2346),(294,91,852,'1701003372','2023-11-26 19:56:12',2347),(295,102,852,'1701005460','2023-11-26 20:31:00',2347),(296,102,913,'1701007501','2023-11-26 21:05:01',2348),(297,91,913,'1701007520','2023-11-26 21:05:20',2348),(298,91,910,'1701010764','2023-11-26 21:59:24',2350),(299,85,962,'1701010990','2023-11-26 22:03:10',2351),(300,102,910,'1701011810','2023-11-26 22:16:50',2350),(301,87,763,'1701047570','2023-11-27 08:12:50',2353),(302,62,975,'1701049759','2023-11-27 08:49:19',2357),(303,68,975,'1701050523','2023-11-27 09:02:03',2357),(304,62,741,'1701052147','2023-11-27 09:29:07',2359),(305,85,927,'1701052450','2023-11-27 09:34:10',2358),(306,68,741,'1701053328','2023-11-27 09:48:48',2359),(307,87,927,'1701055376','2023-11-27 10:22:56',2358),(308,85,832,'1701061302','2023-11-27 12:01:42',2362),(309,91,807,'1701061892','2023-11-27 12:11:32',2363),(310,102,807,'1701062603','2023-11-27 12:23:23',2363),(311,67,855,'1701063696','2023-11-27 12:41:36',2364),(312,87,832,'1701066729','2023-11-27 13:32:09',2362),(313,98,855,'1701067064','2023-11-27 13:37:44',2364),(314,85,898,'1701068655','2023-11-27 14:04:15',2365),(315,87,898,'1701069335','2023-11-27 14:15:35',2365),(316,76,734,'1701069809','2023-11-27 14:23:29',2370),(317,87,772,'1701073452','2023-11-27 15:24:12',2372),(318,85,772,'1701075725','2023-11-27 16:02:05',2372),(319,77,734,'1701081174','2023-11-27 17:32:54',2374),(320,64,767,'1701084028','2023-11-27 18:20:28',2375),(321,96,867,'1701084379','2023-11-27 18:26:19',2376),(322,96,974,'1701084552','2023-11-27 18:29:12',2378),(323,64,974,'1701084568','2023-11-27 18:29:28',2378),(324,96,767,'1701084715','2023-11-27 18:31:55',2375),(325,67,725,'1701133594','2023-11-28 08:06:34',2380),(326,62,912,'1701134090','2023-11-28 08:14:50',2381),(327,98,725,'1701134497','2023-11-28 08:21:37',2380),(328,68,912,'1701134722','2023-11-28 08:25:22',2381),(329,67,753,'1701138807','2023-11-28 09:33:27',2382),(330,67,881,'1701143439','2023-11-28 10:50:39',2383),(331,85,847,'1701144183','2023-11-28 11:03:03',2384),(332,87,847,'1701144812','2023-11-28 11:13:32',2384),(333,98,881,'1701147090','2023-11-28 11:51:30',2383),(334,95,969,'1701153481','2023-11-28 13:38:01',2385),(335,97,969,'1701156713','2023-11-28 14:31:53',2385),(336,91,788,'1701161162','2023-11-28 15:46:02',2388),(337,74,794,'1701163755','2023-11-28 16:29:15',2390),(338,102,788,'1701164492','2023-11-28 16:41:32',2388),(339,67,819,'1701166329','2023-11-28 17:12:09',2393),(340,87,962,'1701166789','2023-11-28 17:19:49',2394),(341,98,819,'1701166916','2023-11-28 17:21:56',2393),(342,98,753,'1701176689','2023-11-28 20:04:49',2397),(343,85,776,'1701181154','2023-11-28 21:19:14',2399),(344,87,776,'1701184108','2023-11-28 22:08:28',2399),(345,87,954,'1701187977','2023-11-28 23:12:57',2401),(346,87,953,'1701187977','2023-11-28 23:12:57',2400),(347,85,953,'1701188430','2023-11-28 23:20:30',2400),(348,85,954,'1701188430','2023-11-28 23:20:30',2401),(349,85,957,'1701223210','2023-11-29 09:00:10',2405),(350,85,924,'1701226522','2023-11-29 09:55:22',2406),(351,71,934,'1701226849','2023-11-29 10:00:49',2407),(352,87,957,'1701227058','2023-11-29 10:04:18',2405),(353,87,924,'1701228259','2023-11-29 10:24:19',2406),(354,87,826,'1701229961','2023-11-29 10:52:41',2411),(355,85,743,'1701230026','2023-11-29 10:53:46',2410),(356,87,743,'1701230157','2023-11-29 10:55:57',2410),(357,72,934,'1701232012','2023-11-29 11:26:52',2407),(358,85,949,'1701238948','2023-11-29 13:22:28',2415),(359,87,949,'1701239714','2023-11-29 13:35:14',2415),(360,85,857,'1701243160','2023-11-29 14:32:40',2416),(361,87,857,'1701243917','2023-11-29 14:45:17',2416),(362,87,941,'1701245062','2023-11-29 15:04:22',2420),(363,85,941,'1701245118','2023-11-29 15:05:18',2420),(364,67,964,'1701245169','2023-11-29 15:06:09',2421),(365,87,776,'1701245218','2023-11-29 15:06:58',2422),(366,91,884,'1701245344','2023-11-29 15:09:04',2423),(367,102,768,'1701245535','2023-11-29 15:12:15',2419),(368,91,768,'1701245621','2023-11-29 15:13:41',2419),(369,85,926,'1701245821','2023-11-29 15:17:01',2425),(370,85,796,'1701246240','2023-11-29 15:24:00',2424),(371,85,951,'1701246572','2023-11-29 15:29:32',2427),(372,102,884,'1701246640','2023-11-29 15:30:40',2423),(373,87,926,'1701246653','2023-11-29 15:30:53',2425),(374,102,871,'1701247143','2023-11-29 15:39:03',2428),(375,87,951,'1701247330','2023-11-29 15:42:10',2427),(376,102,739,'1701247332','2023-11-29 15:42:12',2429),(377,91,739,'1701247345','2023-11-29 15:42:25',2429),(378,87,796,'1701247446','2023-11-29 15:44:06',2424),(379,69,976,'1701247985','2023-11-29 15:53:05',2431),(380,99,976,'1701248022','2023-11-29 15:53:42',2431),(381,91,880,'1701248218','2023-11-29 15:56:58',2430),(382,102,880,'1701249055','2023-11-29 16:10:55',2430),(383,106,938,'1701249225','2023-11-29 16:13:45',2432),(384,91,971,'1701249349','2023-11-29 16:15:49',2434),(385,102,971,'1701250519','2023-11-29 16:35:19',2435),(386,69,940,'1701252538','2023-11-29 17:08:58',2438),(387,99,940,'1701253406','2023-11-29 17:23:26',2438),(388,89,846,'1701254035','2023-11-29 17:33:55',2440),(389,69,837,'1701254041','2023-11-29 17:34:01',2439),(390,69,918,'1701254083','2023-11-29 17:34:43',2441),(391,105,938,'1701254318','2023-11-29 17:38:38',2432),(392,103,916,'1701254363','2023-11-29 17:39:23',2442),(393,99,837,'1701254517','2023-11-29 17:41:57',2439),(394,105,795,'1701254816','2023-11-29 17:46:56',2446),(395,101,846,'1701254982','2023-11-29 17:49:42',2440),(396,99,918,'1701254983','2023-11-29 17:49:43',2443),(397,101,917,'1701255749','2023-11-29 18:02:29',2437),(398,89,866,'1701255762','2023-11-29 18:02:42',2447),(399,106,795,'1701255778','2023-11-29 18:02:58',2446),(400,101,866,'1701255976','2023-11-29 18:06:16',2447),(401,102,932,'1701260807','2023-11-29 19:26:47',2449),(402,91,932,'1701264239','2023-11-29 20:23:59',2449),(403,102,876,'1701264562','2023-11-29 20:29:22',2450),(404,91,829,'1701266261','2023-11-29 20:57:41',2452),(405,91,876,'1701266315','2023-11-29 20:58:35',2450),(406,85,945,'1701266723','2023-11-29 21:05:23',2453),(407,102,829,'1701267847','2023-11-29 21:24:07',2452),(408,85,889,'1701270839','2023-11-29 22:13:59',2454),(409,87,769,'1701272015','2023-11-29 22:33:35',2457),(410,67,904,'1701272810','2023-11-29 22:46:50',2459),(411,85,769,'1701272886','2023-11-29 22:48:06',2457),(412,85,861,'1701273386','2023-11-29 22:56:26',2456),(413,98,904,'1701274330','2023-11-29 23:12:10',2459),(414,87,861,'1701275430','2023-11-29 23:30:30',2456),(415,98,855,'1701279505','2023-11-30 00:38:25',2462),(416,88,878,'1701304610','2023-11-30 07:36:50',2463),(417,86,878,'1701304953','2023-11-30 07:42:33',2463),(418,63,801,'1701306210','2023-11-30 08:03:30',2464),(419,63,935,'1701306358','2023-11-30 08:05:58',2465),(420,84,935,'1701306767','2023-11-30 08:12:47',2465),(421,70,729,'1701306780','2023-11-30 08:13:00',2466),(422,84,801,'1701307111','2023-11-30 08:18:31',2464),(423,73,853,'1701307130','2023-11-30 08:18:50',2467),(424,89,849,'1701307278','2023-11-30 08:21:18',2468),(425,61,942,'1701307724','2023-11-30 08:28:44',2473),(426,61,722,'1701307775','2023-11-30 08:29:35',2475),(427,74,853,'1701307883','2023-11-30 08:31:23',2467),(428,87,743,'1701307905','2023-11-30 08:31:45',2474),(429,101,849,'1701308232','2023-11-30 08:37:12',2468),(430,87,941,'1701308313','2023-11-30 08:38:33',2477),(431,85,945,'1701308441','2023-11-30 08:40:41',2478),(432,100,729,'1701308971','2023-11-30 08:49:31',2466),(433,105,906,'1701309369','2023-11-30 08:56:09',2479),(434,66,722,'1701309785','2023-11-30 09:03:05',2475),(435,85,896,'1701309894','2023-11-30 09:04:54',2480),(436,87,896,'1701310910','2023-11-30 09:21:50',2480),(437,66,942,'1701311196','2023-11-30 09:26:36',2473),(438,106,906,'1701311233','2023-11-30 09:27:13',2479),(439,85,737,'1701311492','2023-11-30 09:31:32',2481),(440,70,909,'1701311709','2023-11-30 09:35:09',2482),(441,52,111,'1701311783','2023-11-30 09:36:23',2484),(442,87,737,'1701312371','2023-11-30 09:46:11',2481),(443,86,800,'1701312434','2023-11-30 09:47:14',2483),(444,88,775,'1701312530','2023-11-30 09:48:50',2485),(445,85,957,'1701313767','2023-11-30 10:09:27',2487),(446,87,957,'1701313836','2023-11-30 10:10:36',2487),(447,100,909,'1701314008','2023-11-30 10:13:28',2482),(448,91,785,'1701314207','2023-11-30 10:16:47',2490),(449,102,785,'1701314644','2023-11-30 10:24:04',2490),(450,85,947,'1701314666','2023-11-30 10:24:26',2491),(451,85,805,'1701314700','2023-11-30 10:25:00',2492),(452,87,947,'1701315359','2023-11-30 10:35:59',2491),(453,102,931,'1701316590','2023-11-30 10:56:30',2493),(454,91,931,'1701317436','2023-11-30 11:10:36',2493),(455,85,967,'1701317681','2023-11-30 11:14:41',2494),(456,87,967,'1701318346','2023-11-30 11:25:46',2494),(457,88,800,'1701318682','2023-11-30 11:31:22',2483),(458,85,728,'1701321084','2023-11-30 12:11:24',2495),(459,86,919,'1701323425','2023-11-30 12:50:25',2496),(460,62,848,'1701326449','2023-11-30 13:40:49',2499),(461,91,735,'1701326851','2023-11-30 13:47:31',2502),(462,88,919,'1701326905','2023-11-30 13:48:25',2496),(463,105,815,'1701327084','2023-11-30 13:51:24',2504),(464,71,899,'1701327172','2023-11-30 13:52:52',2503),(465,72,899,'1701327968','2023-11-30 14:06:08',2503),(466,91,783,'1701328180','2023-11-30 14:09:40',2505),(467,106,815,'1701328188','2023-11-30 14:09:48',2504),(468,68,848,'1701328574','2023-11-30 14:16:14',2499),(469,102,735,'1701329269','2023-11-30 14:27:49',2502),(470,102,783,'1701329350','2023-11-30 14:29:10',2505),(471,103,916,'1701330216','2023-11-30 14:43:36',2506),(472,87,728,'1701330413','2023-11-30 14:46:53',2495),(473,104,916,'1701330463','2023-11-30 14:47:43',2506),(474,103,870,'1701330769','2023-11-30 14:52:49',2507),(475,87,776,'1701331079','2023-11-30 14:57:59',2511),(476,103,875,'1701331259','2023-11-30 15:00:59',2512),(477,104,858,'1701331999','2023-11-30 15:13:19',2513),(478,104,870,'1701332355','2023-11-30 15:19:15',2507),(479,82,973,'1701333059','2023-11-30 15:30:59',2514),(480,104,863,'1701333525','2023-11-30 15:38:45',2515),(481,83,973,'1701334262','2023-11-30 15:51:02',2514),(482,103,858,'1701334342','2023-11-30 15:52:22',2513),(483,103,863,'1701334370','2023-11-30 15:52:50',2515),(484,91,828,'1701335549','2023-11-30 16:12:29',2517),(485,104,875,'1701335605','2023-11-30 16:13:25',2512),(486,91,890,'1701335645','2023-11-30 16:14:05',2516),(487,102,890,'1701336075','2023-11-30 16:21:15',2516),(488,102,828,'1701336498','2023-11-30 16:28:18',2517),(489,77,734,'1701337480','2023-11-30 16:44:40',2519),(490,61,824,'1701337809','2023-11-30 16:50:09',2523),(491,76,903,'1701337892','2023-11-30 16:51:32',2524),(492,86,816,'1701337969','2023-11-30 16:52:49',2525),(493,77,903,'1701337984','2023-11-30 16:53:04',2524),(494,88,740,'1701338042','2023-11-30 16:54:02',2526),(495,66,824,'1701338367','2023-11-30 16:59:27',2523),(496,61,833,'1701338888','2023-11-30 17:08:08',2534),(497,66,833,'1701339552','2023-11-30 17:19:12',2534),(498,73,823,'1701339683','2023-11-30 17:21:23',2542),(499,61,892,'1701339901','2023-11-30 17:25:01',2544),(500,93,865,'1701339937','2023-11-30 17:25:37',2545),(501,90,872,'1701340040','2023-11-30 17:27:20',2547),(502,74,823,'1701340046','2023-11-30 17:27:26',2542),(503,94,865,'1701340214','2023-11-30 17:30:14',2545),(504,102,789,'1701340272','2023-11-30 17:31:12',2549),(505,66,892,'1701340443','2023-11-30 17:34:03',2544),(506,76,862,'1701340614','2023-11-30 17:36:54',2553),(507,92,742,'1701340852','2023-11-30 17:40:52',2543),(508,90,742,'1701340915','2023-11-30 17:41:55',2543),(509,92,872,'1701341362','2023-11-30 17:49:22',2547),(510,77,862,'1701341465','2023-11-30 17:51:05',2553),(511,77,911,'1701341965','2023-11-30 17:59:25',2564),(512,61,929,'1701342008','2023-11-30 18:00:08',2565),(513,85,746,'1701342170','2023-11-30 18:02:50',2563),(514,66,929,'1701342210','2023-11-30 18:03:30',2565),(515,87,756,'1701342368','2023-11-30 18:06:08',2569),(516,65,809,'1701342515','2023-11-30 18:08:35',2541),(517,87,781,'1701342552','2023-11-30 18:09:12',2568),(518,85,781,'1701342661','2023-11-30 18:11:01',2568),(519,75,809,'1701343274','2023-11-30 18:21:14',2541),(520,87,746,'1701343484','2023-11-30 18:24:44',2563),(521,85,756,'1701343892','2023-11-30 18:31:32',2571),(522,64,724,'1701344313','2023-11-30 18:38:33',2572),(523,85,744,'1701344788','2023-11-30 18:46:28',2573),(524,65,873,'1701346038','2023-11-30 19:07:18',2577),(525,87,747,'1701346053','2023-11-30 19:07:33',2576),(526,75,873,'1701346082','2023-11-30 19:08:02',2577),(527,63,818,'1701346486','2023-11-30 19:14:46',2578),(528,84,818,'1701347066','2023-11-30 19:24:26',2578),(529,85,897,'1701347547','2023-11-30 19:32:27',2579),(530,61,972,'1701348784','2023-11-30 19:53:04',2582),(531,85,851,'1701348851','2023-11-30 19:54:11',2581),(532,61,895,'1701348875','2023-11-30 19:54:35',2584),(533,61,965,'1701348880','2023-11-30 19:54:40',2583),(534,78,834,'1701348909','2023-11-30 19:55:09',2580),(535,66,972,'1701349587','2023-11-30 20:06:27',2582),(536,66,965,'1701349724','2023-11-30 20:08:44',2583),(537,66,895,'1701349743','2023-11-30 20:09:03',2584),(538,87,782,'1701349774','2023-11-30 20:09:34',2586),(539,85,782,'1701349792','2023-11-30 20:09:52',2586),(540,80,834,'1701350177','2023-11-30 20:16:17',2580),(541,85,761,'1701350269','2023-11-30 20:17:49',2587),(542,87,761,'1701350741','2023-11-30 20:25:41',2587),(543,85,920,'1701351119','2023-11-30 20:31:59',2588),(544,85,864,'1701352057','2023-11-30 20:47:37',2590),(545,87,920,'1701352126','2023-11-30 20:48:46',2588),(546,87,956,'1701352957','2023-11-30 21:02:37',2596),(547,87,769,'1701353204','2023-11-30 21:06:44',2600),(548,85,780,'1701353620','2023-11-30 21:13:40',2602),(549,105,854,'1701353804','2023-11-30 21:16:44',2604),(550,106,854,'1701354063','2023-11-30 21:21:03',2604),(551,85,774,'1701354146','2023-11-30 21:22:26',2605),(552,87,780,'1701354600','2023-11-30 21:30:00',2602),(553,87,774,'1701355205','2023-11-30 21:40:05',2605),(554,62,874,'1701372419','2023-12-01 02:26:59',2614),(555,87,945,'1701382048','2023-12-01 05:07:28',2617),(556,76,911,'1701398892','2023-12-01 09:48:12',2624),(557,76,111,'1701401479','2023-12-01 10:31:19',2626),(558,77,911,'1701403259','2023-12-01 11:00:59',2632),(559,88,822,'1701404721','2023-12-01 11:25:21',2638),(560,77,734,'1701415312','2023-12-01 14:21:52',2649),(561,86,822,'1701416171','2023-12-01 14:36:11',2654),(562,94,923,'1701417614','2023-12-01 15:00:14',2657),(563,93,923,'1701418759','2023-12-01 15:19:19',2657),(564,67,999,'1701661712','2023-12-04 10:48:32',2696),(565,67,1002,'1701661718','2023-12-04 10:48:38',2702),(566,67,976,'1701661722','2023-12-04 10:48:42',2703),(567,67,994,'1701661760','2023-12-04 10:49:20',2705),(568,67,992,'1701661762','2023-12-04 10:49:22',2706),(569,67,798,'1701661763','2023-12-04 10:49:23',2693),(570,67,995,'1701661764','2023-12-04 10:49:24',2701),(571,67,1000,'1701661765','2023-12-04 10:49:25',2697),(572,67,993,'1701661765','2023-12-04 10:49:25',2698),(573,67,998,'1701661771','2023-12-04 10:49:31',2695),(574,67,1001,'1701661772','2023-12-04 10:49:32',2699),(575,67,997,'1701661774','2023-12-04 10:49:34',2704),(576,67,996,'1701661784','2023-12-04 10:49:44',2700),(577,63,879,'1701771526','2023-12-05 17:18:46',2714),(578,63,804,'1701772592','2023-12-05 17:36:32',2716),(579,84,879,'1701772728','2023-12-05 17:38:48',2714),(580,63,801,'1701772757','2023-12-05 17:39:17',2717),(581,63,771,'1701772902','2023-12-05 17:41:42',2718),(582,73,813,'1701777390','2023-12-05 18:56:30',2720),(583,73,893,'1701777487','2023-12-05 18:58:07',2719),(584,106,806,'1701778183','2023-12-05 19:09:43',2721),(585,105,806,'1701778329','2023-12-05 19:12:09',2721),(586,74,893,'1701778522','2023-12-05 19:15:22',2719),(587,76,786,'1701783490','2023-12-05 20:38:10',2723),(588,77,786,'1701784832','2023-12-05 21:00:32',2723),(589,73,760,'1701785047','2023-12-05 21:04:07',2725),(590,74,760,'1701786508','2023-12-05 21:28:28',2727),(591,62,874,'1701788720','2023-12-05 22:05:20',2728),(592,87,950,'1701795926','2023-12-06 00:05:26',2729),(593,85,950,'1701796697','2023-12-06 00:18:17',2729),(594,68,874,'1701806929','2023-12-06 03:08:49',2730),(595,68,977,'1701824610','2023-12-06 08:03:30',2732),(596,74,760,'1701849046','2023-12-06 14:50:46',2739),(597,95,723,'1701850437','2023-12-06 15:13:57',2741),(598,97,723,'1701851492','2023-12-06 15:31:32',2741),(599,70,968,'1701851965','2023-12-06 15:39:25',2742),(600,100,968,'1701852814','2023-12-06 15:53:34',2742),(601,106,911,'1702268087','2023-12-11 11:14:47',2748),(602,77,911,'1702295787','2023-12-11 18:56:27',2752),(603,106,911,'1702344860','2023-12-12 08:34:20',2754),(604,77,911,'1702345144','2023-12-12 08:39:04',2755),(605,52,111,'1702346543','2023-12-12 09:02:23',2757),(606,76,911,'1702348140','2023-12-12 09:29:00',2764),(607,76,111,'1702351312','2023-12-12 10:21:52',2767),(608,77,734,'1702960117','2023-12-19 11:28:37',2785),(609,76,734,'1702960131','2023-12-19 11:28:51',2785),(610,62,1004,'1703062355','2023-12-20 15:52:35',2796),(611,62,1005,'1703062358','2023-12-20 15:52:38',2793),(612,68,1005,'1703063947','2023-12-20 16:19:07',2793),(613,68,1004,'1703064411','2023-12-20 16:26:51',2796),(614,90,1003,'1704164228','2024-01-02 09:57:08',2805),(615,92,1003,'1704164686','2024-01-02 10:04:46',2805),(616,87,1009,'1704182984','2024-01-02 15:09:44',2808),(617,85,1009,'1704183054','2024-01-02 15:10:54',2808),(618,85,1010,'1704299222','2024-01-03 23:27:02',2813),(619,82,1012,'1704349214','2024-01-04 13:20:14',2816),(620,83,1012,'1704351884','2024-01-04 14:04:44',2818),(621,62,1011,'1704365324','2024-01-04 17:48:44',2820),(622,68,1011,'1704370200','2024-01-04 19:10:00',2820),(623,87,1010,'1704415619','2024-01-05 07:46:59',2822),(624,76,734,'1704437864','2024-01-05 13:57:44',2823),(625,85,1010,'1704609326','2024-01-07 13:35:26',2827),(626,76,911,'1704681225','2024-01-08 09:33:45',2831),(627,76,911,'1704766892','2024-01-09 09:21:32',2839),(628,71,899,'1705032297','2024-01-12 11:04:57',2860),(629,63,1006,'1705294185','2024-01-15 11:49:45',2862),(630,84,1006,'1705302198','2024-01-15 14:03:18',2862),(631,52,111,'1705311828','2024-01-15 16:43:48',2865),(632,67,964,'1705379243','2024-01-16 11:27:23',2867),(633,71,1017,'1705388039','2024-01-16 13:53:59',2869),(634,72,1017,'1705390237','2024-01-16 14:30:37',2869),(635,76,911,'1705477342','2024-01-17 14:42:22',2880),(636,106,911,'1705479581','2024-01-17 15:19:41',2882),(637,52,111,'1705483834','2024-01-17 16:30:34',2887),(638,76,734,'1705542578','2024-01-18 08:49:38',2889),(639,77,734,'1705542834','2024-01-18 08:53:54',2889),(640,76,911,'1705544264','2024-01-18 09:17:44',2890),(641,52,111,'1705560114','2024-01-18 13:41:54',2894),(642,73,1014,'1705570683','2024-01-18 16:38:03',2898),(643,74,1014,'1705572470','2024-01-18 17:07:50',2898),(644,102,1020,'1705895342','2024-01-22 10:49:02',2902),(645,63,1021,'1705895349','2024-01-22 10:49:09',2903),(646,91,1019,'1705895386','2024-01-22 10:49:46',2901),(647,91,1020,'1705895443','2024-01-22 10:50:43',2902),(648,102,1019,'1705896785','2024-01-22 11:13:05',2901),(649,84,1021,'1705897714','2024-01-22 11:28:34',2903),(650,76,911,'1705901157','2024-01-22 12:25:57',2904),(651,106,911,'1706068018','2024-01-24 10:46:58',2911),(652,77,911,'1706068523','2024-01-24 10:55:23',2911),(653,76,911,'1706071932','2024-01-24 11:52:12',2915),(654,63,1006,'1706143594','2024-01-25 07:46:34',2916),(655,100,729,'1706257937','2024-01-26 15:32:17',2923),(656,76,911,'1706257980','2024-01-26 15:33:00',2924),(657,62,808,'1706258254','2024-01-26 15:37:34',2926),(658,107,1025,'1706711252','2024-01-31 21:27:32',2942),(659,76,911,'1706711338','2024-01-31 21:28:58',2943),(660,97,1023,'1706761124','2024-02-01 11:18:44',2952),(661,102,1026,'1706761125','2024-02-01 11:18:45',2953),(662,107,1025,'1706762516','2024-02-01 11:41:56',2954),(663,95,1023,'1706763197','2024-02-01 11:53:17',2952),(664,107,1029,'1706763770','2024-02-01 12:02:50',2956),(665,91,1026,'1706765746','2024-02-01 12:35:46',2953),(666,107,1029,'1707050862','2024-02-04 19:47:42',2964),(667,107,1025,'1707052676','2024-02-04 20:17:56',2967),(668,107,1031,'1707099895','2024-02-05 09:24:55',2970),(669,89,1018,'1707104767','2024-02-05 10:46:07',2973),(670,108,1034,'1707104995','2024-02-05 10:49:55',2974),(671,61,1013,'1707106992','2024-02-05 11:23:12',2979),(672,66,1013,'1707113134','2024-02-05 13:05:34',2979),(673,101,1018,'1707113301','2024-02-05 13:08:21',2973),(674,123,1209,'1707287187','2024-02-07 13:26:27',2987),(675,123,1112,'1707287763','2024-02-07 13:36:03',2993),(676,108,1152,'1707288169','2024-02-07 13:42:49',2994),(677,108,1107,'1707289057','2024-02-07 13:57:37',2990),(678,108,1067,'1707292964','2024-02-07 15:02:44',3001),(679,108,1097,'1707295147','2024-02-07 15:39:07',3002),(680,122,1167,'1707295800','2024-02-07 15:50:00',3004),(681,124,1050,'1707296158','2024-02-07 15:55:58',3005),(682,108,1141,'1707299293','2024-02-07 16:48:13',3006),(683,126,1172,'1707299738','2024-02-07 16:55:38',3007),(684,108,1131,'1707300825','2024-02-07 17:13:45',3009),(685,117,1096,'1707303179','2024-02-07 17:52:59',3012),(686,117,1043,'1707304017','2024-02-07 18:06:57',3015),(687,108,1061,'1707308197','2024-02-07 19:16:37',3017),(688,120,1072,'1707310816','2024-02-07 20:00:16',3018),(689,122,1073,'1707317494','2024-02-07 21:51:34',3021),(690,126,1172,'1707331169','2024-02-08 01:39:29',3025),(691,112,1082,'1707346842','2024-02-08 06:00:42',3026),(692,112,1121,'1707348608','2024-02-08 06:30:08',3028),(693,108,1132,'1707358514','2024-02-08 09:15:14',3034),(694,117,1044,'1707361641','2024-02-08 10:07:21',3035),(695,114,1162,'1707367904','2024-02-08 11:51:44',3040),(696,120,1090,'1707369780','2024-02-08 12:23:00',3042),(697,108,1067,'1707372642','2024-02-08 13:10:42',3043),(698,126,1172,'1707441784','2024-02-09 08:23:04',3049),(699,112,1082,'1707443818','2024-02-09 08:56:58',3050),(700,108,1132,'1707445916','2024-02-09 09:31:56',3052),(701,108,1157,'1707452842','2024-02-09 11:27:22',3054),(702,108,1067,'1707453540','2024-02-09 11:39:00',3055),(703,123,1112,'1707484771','2024-02-09 20:19:31',3061),(704,114,1133,'1707492793','2024-02-09 22:33:13',3062),(705,112,1053,'1707534348','2024-02-10 10:05:48',3063),(706,108,1067,'1707571530','2024-02-10 20:25:30',3064),(707,112,1053,'1707651603','2024-02-11 18:40:03',3065),(708,124,1083,'1707652917','2024-02-11 19:01:57',3067),(709,124,1050,'1707706601','2024-02-12 09:56:41',3070),(710,112,1053,'1707714454','2024-02-12 12:07:34',3075),(711,122,1073,'1707986805','2024-02-15 15:46:45',3093),(712,123,1210,'1707986972','2024-02-15 15:49:32',3097),(713,114,1383,'1707989955','2024-02-15 16:39:15',3107),(714,123,1282,'1707991253','2024-02-15 17:00:53',3112),(715,108,1107,'1708000347','2024-02-15 19:32:27',3126),(716,123,1112,'1708002916','2024-02-15 20:15:16',3127),(717,117,1096,'1708012755','2024-02-15 22:59:15',3131),(718,114,1162,'1708044979','2024-02-16 07:56:19',3133),(719,123,1523,'1708057290','2024-02-16 11:21:30',3135),(720,117,1040,'1708063383','2024-02-16 13:03:03',3138),(721,112,1053,'1708075735','2024-02-16 16:28:55',3139),(722,128,1039,'1708086359','2024-02-16 19:25:59',3144),(723,114,1297,'1708311874','2024-02-19 10:04:34',3149),(724,126,1172,'1708319372','2024-02-19 12:09:32',3153),(725,120,1072,'1708966940','2024-02-27 00:02:20',3170),(726,123,1783,'1709004937','2024-02-27 10:35:37',3178),(727,129,1651,'1709005754','2024-02-27 10:49:14',3194),(728,117,1610,'1709006225','2024-02-27 10:57:05',3200),(729,108,2056,'1709006305','2024-02-27 10:58:25',3195),(730,110,1863,'1709006530','2024-02-27 11:02:10',3205),(731,122,1628,'1709007430','2024-02-27 11:17:10',3213),(732,112,1961,'1709007470','2024-02-27 11:17:50',3198),(733,108,2500,'1709008537','2024-02-27 11:35:37',3225),(734,114,2218,'1709009380','2024-02-27 11:49:40',3214),(735,114,2007,'1709009776','2024-02-27 11:56:16',3231),(736,123,1877,'1709010031','2024-02-27 12:00:31',3189),(737,128,2560,'1709010153','2024-02-27 12:02:33',3221),(738,128,1983,'1709012637','2024-02-27 12:43:57',3238),(739,112,2155,'1709013073','2024-02-27 12:51:13',3239),(740,124,1647,'1709013107','2024-02-27 12:51:47',3240),(741,123,1615,'1709015708','2024-02-27 13:35:08',3244),(742,117,1735,'1709016657','2024-02-27 13:50:57',3248),(743,108,2188,'1709017019','2024-02-27 13:56:59',3252),(744,114,2090,'1709017618','2024-02-27 14:06:58',3251),(745,108,1635,'1709018583','2024-02-27 14:23:03',3256),(746,110,2210,'1709018862','2024-02-27 14:27:42',3258),(747,108,2259,'1709019805','2024-02-27 14:43:25',3260),(748,122,1892,'1709037682','2024-02-27 19:41:22',3283),(749,108,2464,'1709039044','2024-02-27 20:04:04',3284),(750,123,1756,'1709083241','2024-02-28 08:20:41',3299),(751,108,1635,'1709091260','2024-02-28 10:34:20',3302),(752,108,2464,'1709102565','2024-02-28 13:42:45',3305),(753,127,1760,'1709105502','2024-02-28 14:31:42',3307),(754,110,2210,'1709121985','2024-02-28 19:06:25',3313),(755,114,2090,'1709128808','2024-02-28 21:00:08',3314),(756,114,2600,'1709131641','2024-02-28 21:47:21',3316),(757,120,1858,'1709134296','2024-02-28 22:31:36',3317),(758,113,2326,'1709139707','2024-02-29 00:01:47',3318),(759,123,1875,'1709151381','2024-02-29 03:16:21',3320),(760,117,1735,'1709177144','2024-02-29 10:25:44',3322),(761,82,1258,'1709181120','2024-02-29 11:32:00',3324),(762,112,2508,'1709185685','2024-02-29 12:48:05',3326);

--
-- Table structure for table `course_enroll`
--

CREATE TABLE `course_enroll` (
  `id` int NOT NULL AUTO_INCREMENT,
  `id_course` int DEFAULT NULL,
  `id_user_lms` int DEFAULT NULL,
  `created_at` datetime DEFAULT CURRENT_TIMESTAMP,
  PRIMARY KEY (`id`)
) ENGINE=InnoDB AUTO_INCREMENT=85 DEFAULT CHARSET=utf8mb4 COLLATE=utf8mb4_0900_ai_ci;

--
-- Dumping data for table `course_enroll`
--

INSERT INTO `course_enroll` VALUES (1,70,732,'2023-11-06 15:55:23'),(2,73,905,'2023-11-07 08:29:09'),(3,86,917,'2023-11-07 10:52:29'),(4,85,962,'2023-11-08 08:44:14'),(5,85,962,'2023-11-08 08:45:03'),(6,78,842,'2023-11-09 16:17:28'),(7,80,842,'2023-11-09 16:17:31'),(8,78,842,'2023-11-09 16:17:43'),(9,78,842,'2023-11-09 16:18:37'),(10,78,842,'2023-11-09 16:18:39'),(11,73,905,'2023-11-11 11:18:56'),(12,73,905,'2023-11-11 11:19:36'),(13,73,905,'2023-11-11 11:20:25'),(14,73,905,'2023-11-11 11:21:39'),(15,85,834,'2023-11-11 12:44:10'),(16,85,834,'2023-11-11 12:45:09'),(17,95,768,'2023-11-12 11:34:26'),(18,95,768,'2023-11-12 11:35:03'),(19,97,768,'2023-11-12 11:35:27'),(20,95,768,'2023-11-12 11:36:23'),(21,95,768,'2023-11-12 11:36:56'),(22,95,768,'2023-11-12 11:38:35'),(23,95,768,'2023-11-12 11:38:56'),(24,85,790,'2023-11-18 12:05:50'),(25,85,790,'2023-11-18 12:06:38'),(26,85,790,'2023-11-18 12:07:39'),(27,85,790,'2023-11-18 12:11:02'),(28,85,790,'2023-11-18 12:19:39'),(29,85,790,'2023-11-18 13:23:14'),(30,69,979,'2023-11-21 10:39:19'),(31,62,978,'2023-11-27 08:48:17'),(32,85,930,'2023-11-27 09:32:27'),(33,85,930,'2023-11-27 09:32:48'),(34,70,912,'2023-11-30 09:33:41'),(35,70,912,'2023-11-30 09:34:09'),(36,70,912,'2023-11-30 09:34:33'),(37,86,922,'2023-11-30 12:49:15'),(38,86,922,'2023-11-30 12:49:45'),(39,69,979,'2023-11-30 13:39:20'),(40,69,979,'2023-11-30 13:39:21'),(41,69,979,'2023-11-30 13:39:21'),(42,65,812,'2023-11-30 17:23:04'),(43,65,812,'2023-11-30 17:23:46'),(44,65,812,'2023-11-30 17:24:03'),(45,65,812,'2023-11-30 17:24:19'),(46,65,812,'2023-11-30 17:41:11'),(47,77,914,'2023-12-12 09:20:59'),(48,77,914,'2023-12-12 09:21:22'),(49,77,914,'2023-12-12 09:23:05'),(50,76,914,'2023-12-12 09:30:07'),(51,77,914,'2023-12-12 09:34:26'),(52,76,914,'2023-12-12 09:39:58'),(53,62,1005,'2023-12-20 15:47:43'),(54,62,1005,'2023-12-20 15:48:02'),(55,62,1005,'2023-12-20 15:48:17'),(56,62,1004,'2023-12-20 15:48:44'),(57,62,1004,'2023-12-20 15:50:54'),(58,128,1093,'2024-02-07 23:39:05'),(59,117,1044,'2024-02-08 10:04:26'),(60,117,1044,'2024-02-08 10:05:13'),(61,114,1296,'2024-02-19 10:02:15'),(62,126,1172,'2024-02-19 13:16:22'),(63,127,1672,'2024-02-27 11:27:31'),(64,127,1672,'2024-02-27 11:28:54'),(65,127,1672,'2024-02-27 11:30:09'),(66,124,1647,'2024-02-27 12:40:53'),(67,124,1647,'2024-02-27 12:42:49'),(68,124,1647,'2024-02-27 12:45:02'),(69,108,1635,'2024-02-27 14:07:22'),(70,108,1635,'2024-02-27 14:07:58'),(71,108,1635,'2024-02-27 14:09:40'),(72,108,1635,'2024-02-27 14:12:08'),(73,108,1635,'2024-02-27 14:13:17'),(74,108,1635,'2024-02-27 14:13:19'),(75,108,1635,'2024-02-27 14:17:30'),(76,108,1635,'2024-02-27 14:19:33'),(77,122,1993,'2024-02-27 16:06:16'),(78,122,1993,'2024-02-27 16:07:04'),(79,122,1993,'2024-02-27 16:08:49'),(80,123,1877,'2024-02-27 21:22:22'),(81,123,1877,'2024-02-27 21:23:07'),(82,122,1882,'2024-02-27 22:19:53'),(83,122,1882,'2024-02-27 22:22:17'),(84,112,2509,'2024-02-29 12:46:36');

--
-- Table structure for table `course_level`
--

CREATE TABLE `course_level` (
  `id` int NOT NULL AUTO_INCREMENT,
  `id_course` int NOT NULL,
  `id_job` int DEFAULT NULL,
  `level` int NOT NULL,
  `created_at` datetime DEFAULT CURRENT_TIMESTAMP,
  `updated_at` datetime DEFAULT CURRENT_TIMESTAMP ON UPDATE CURRENT_TIMESTAMP,
  PRIMARY KEY (`id`)
) ENGINE=InnoDB AUTO_INCREMENT=35 DEFAULT CHARSET=utf8mb4 COLLATE=utf8mb4_0900_ai_ci;

--
-- Dumping data for table `course_level`
--

INSERT INTO `course_level` VALUES (4,56,11238,1,'2023-10-09 23:35:37','2023-10-09 23:58:39'),(5,53,11238,2,'2023-10-09 23:35:37','2023-10-09 23:58:39'),(6,54,11236,1,'2023-10-09 23:58:45','2023-10-09 23:58:45'),(7,57,11236,2,'2023-10-09 23:58:45','2023-10-09 23:58:45'),(8,52,11237,1,'2023-10-30 09:32:21','2023-10-30 10:02:56'),(9,58,11237,2,'2023-10-30 09:32:21','2023-10-30 10:02:56'),(10,59,11236,2,'2023-11-02 17:09:41','2023-11-02 17:09:41'),(11,61,11282,1,'2023-11-06 16:35:30','2023-11-06 16:35:30'),(12,66,11282,2,'2023-11-06 16:35:30','2023-11-06 16:35:30'),(13,62,11300,1,'2023-11-06 16:41:30','2023-11-06 16:41:30'),(14,68,11300,2,'2023-11-06 16:41:30','2023-11-06 16:41:30'),(15,71,11301,1,'2023-11-06 16:42:00','2023-11-06 16:42:00'),(16,72,11301,2,'2023-11-06 16:42:01','2023-11-06 16:42:01'),(17,73,11302,1,'2023-11-06 16:42:08','2023-11-06 16:42:08'),(18,74,11302,2,'2023-11-06 16:42:08','2023-11-06 16:42:08'),(19,76,11303,1,'2023-11-06 16:42:13','2023-11-06 16:42:13'),(20,77,11303,2,'2023-11-06 16:42:13','2023-11-06 16:42:13'),(21,78,11304,1,'2023-11-06 16:42:19','2023-11-06 16:42:19'),(22,80,11304,2,'2023-11-06 16:42:19','2023-11-06 16:42:19'),(23,67,11291,1,'2023-11-06 19:04:30','2023-11-06 19:04:30'),(24,98,11291,2,'2023-11-06 19:04:30','2023-11-06 19:04:30'),(25,69,11292,1,'2023-11-06 19:04:37','2023-11-06 19:04:37'),(26,99,11292,2,'2023-11-06 19:04:37','2023-11-06 19:04:37'),(27,89,11294,1,'2023-11-06 19:04:46','2023-11-06 19:04:46'),(28,101,11294,2,'2023-11-06 19:04:46','2023-11-06 19:04:46'),(29,70,11293,1,'2023-11-06 19:05:14','2023-11-06 19:05:14'),(30,100,11293,2,'2023-11-06 19:05:14','2023-11-06 19:05:14'),(31,79,11284,1,'2023-11-06 20:12:17','2023-11-06 20:12:17'),(32,81,11284,2,'2023-11-06 20:12:17','2023-11-06 20:12:17'),(33,103,11298,1,'2023-12-01 15:27:24','2023-12-01 15:27:24'),(34,104,11298,2,'2023-12-01 15:27:24','2023-12-01 15:27:24');

--
-- Table structure for table `course_offline`
--

CREATE TABLE `course_offline` (
  `id_course_offline` int NOT NULL AUTO_INCREMENT,
  `id_lms` int NOT NULL,
  `nama` varchar(255) NOT NULL,
  `nilai` int DEFAULT NULL,
  `tanggal_selesai` datetime NOT NULL,
  `ttd` varchar(255) DEFAULT NULL,
  `nama_ttd` varchar(255) DEFAULT NULL,
  `jabatan_ttd` varchar(255) DEFAULT NULL,
  `created_at` datetime DEFAULT CURRENT_TIMESTAMP,
  `updated_at` datetime DEFAULT CURRENT_TIMESTAMP ON UPDATE CURRENT_TIMESTAMP,
  PRIMARY KEY (`id_course_offline`)
) ENGINE=InnoDB AUTO_INCREMENT=10 DEFAULT CHARSET=utf8mb4 COLLATE=utf8mb4_0900_ai_ci;

--
-- Dumping data for table `course_offline`
--

INSERT INTO `course_offline` VALUES (3,84,'Supervisor',90,'2023-08-22 00:00:00','230822035450_ttd.png','ershad','ceo','2023-08-22 15:54:50','2023-08-22 15:54:50'),(4,84,'Supervisor',88,'2023-08-23 00:00:00','230823092351_ttd.png','ershad','ceo','2023-08-23 09:23:51','2023-08-23 09:23:51'),(5,111,'Induction Werehouse',90,'2023-08-23 00:00:00','230823093226_ttd.png','Ridho','Manager','2023-08-23 09:32:26','2023-08-23 09:32:26'),(6,84,'Contact Center',100,'2023-08-24 00:00:00','230824052037_ttd.png','ershad','ceo','2023-08-24 17:20:37','2023-08-24 17:21:09'),(9,914,'Certified Trainer Level 4 BNSP',100,'2024-02-01 00:00:00','240204073534_ttd.png','Firman Maulana','BNSP','2024-02-04 19:35:34','2024-02-04 19:35:34');

--
-- Table structure for table `job`
--

CREATE TABLE `job` (
  `id_job` int NOT NULL AUTO_INCREMENT,
  `id_kategori_job` int DEFAULT NULL,
  `kd_job` varchar(7) DEFAULT NULL,
  `job` varchar(255) CHARACTER SET latin1 COLLATE latin1_swedish_ci NOT NULL,
  `kd_job_parent` varchar(8) DEFAULT NULL,
  PRIMARY KEY (`id_job`)
) ENGINE=InnoDB AUTO_INCREMENT=100047 DEFAULT CHARSET=latin1;

--
-- Dumping data for table `job`
--

INSERT INTO `job` VALUES (11236,NULL,'JP0007','CUSTOMER SERVICE',NULL),(11237,NULL,'JP0015','SALES',NULL),(11238,NULL,'JP0017','SPG/SPB REFI',NULL),(11248,NULL,'JK0001','KANDIDAT ACCOUNTING',NULL),(11249,NULL,'JK0003','KANDIDAT ANALIS',NULL),(11250,NULL,'JK0004','KANDIDAT BEAUTICIAN',NULL),(11251,NULL,'JK0005','KANDIDAT CLEANING SERVICE',NULL),(11252,NULL,'JK0006','KANDIDAT CS INBOUND',NULL),(11253,NULL,'JK0007','KANDIDAT CUSTOMER SERVICE',NULL),(11254,NULL,'JK0008','KANDIDAT DRIVER',NULL),(11255,NULL,'JK0009','KANDIDAT FIELD COLLECTION',NULL),(11256,NULL,'JK0010','KANDIDAT IT/WEB DEVELOPER',NULL),(11257,NULL,'JK0011','KANDIDAT MARKETING CREDIT',NULL),(11258,NULL,'JK0012','KANDIDAT MESSENGER',NULL),(11259,NULL,'JK0013','KANDIDAT OPERATOR ALAT BERAT',NULL),(11260,NULL,'JK0014','KANDIDAT OPERATOR PRODUKSI',NULL),(11261,NULL,'JK0015','KANDIDAT SALES',NULL),(11262,NULL,'JK0016','KANDIDAT SPG/SPB',NULL),(11263,NULL,'JK0017','KANDIDAT SPG/SPB REFI',NULL),(11264,NULL,'JK0018','KANDIDAT TEKNISI (MAINTENANCE)',NULL),(11265,NULL,'JK0019','KANDIDAT TELECOLLECTION',NULL),(11266,NULL,'JK0020','KANDIDAT TELEMARKETING',NULL),(11267,NULL,'JK0021','KANDIDAT TELEVERIFIER',NULL),(11268,NULL,'JK0022','KANDIDAT VERIFIER',NULL),(11269,NULL,'JK0023','KANDIDAT WAREHOUSE',NULL),(11270,NULL,'JK0002','KANDIDAT ADMINISTRATION',NULL),(11282,NULL,'JS0001','ACCOUNT RECEIVABLE',NULL),(11283,NULL,'JS0002','ARZETTI LAWFIRM',NULL),(11284,NULL,'JS0003','BOD',NULL),(11285,NULL,'JS0004','BPO SALES',NULL),(11286,NULL,'JS0005','BUSINESS OPERATIONAL MANAGEMENT',NULL),(11287,NULL,'JS0006','CORPORATE LEGAL & INDUSTRIAL RELATION',NULL),(11288,NULL,'JS0007','DIC',NULL),(11289,NULL,'JS0008','FINANCE, ACCOUNTING & TAX',NULL),(11290,NULL,'JS0009','GENERAL SERVICE',NULL),(11291,NULL,'JS0010','HUMAN CAPITAL & IT',NULL),(11292,NULL,'JS0011','MARKETING CLEANING',NULL),(11293,NULL,'JS0012','MARKETING COMMUNICATION & SUPPORT',NULL),(11294,NULL,'JS0013','MARKETING CONTACT CENTER',NULL),(11295,NULL,'JS0014','MARKETING LABOUR OUTSOURCE',NULL),(11296,NULL,'JS0015','NETWORK MANAGEMENT',NULL),(11297,NULL,'JS0016','OPERATIONAL SUPPORT MANAGEMENT',NULL),(11298,NULL,'JS0017','PRODUCT & SERVICE CLEANING',NULL),(11299,NULL,'JS0018','PRODUCT & SERVICE CONTACT CENTER',NULL),(11300,NULL,'JS0019','PRODUCT & SERVICE LABOUR OUTSOURCE',NULL),(11301,NULL,'JS0020','QUALITY MANAGEMENT & ORGANIZATION DEVELOPMENT',NULL),(11302,NULL,'JS0021','SITE AREA MANAGEMENT CONTACT CENTER',NULL),(11303,NULL,'JS0022','WORKSKILL DEVELOPMENT',NULL),(11304,NULL,'JS0023','KISS',NULL),(11305,NULL,'JK0024','KANDIDAT TEAM LEADER',NULL);

--
-- Table structure for table `job_category`
--

CREATE TABLE `job_category` (
  `id_kategori_job` int NOT NULL AUTO_INCREMENT,
  `kategori` varchar(50) NOT NULL,
  PRIMARY KEY (`id_kategori_job`)
) ENGINE=InnoDB AUTO_INCREMENT=4 DEFAULT CHARSET=latin1;

--
-- Dumping data for table `job_category`
--

INSERT INTO `job_category` VALUES (1,'Organik'),(2,'Non Organik PE'),(3,'Non Organik BPO');

--
-- Table structure for table `lob`
--

CREATE TABLE `lob` (
  `id_lob` int NOT NULL AUTO_INCREMENT,
  `kd_lob` varchar(10) DEFAULT NULL,
  `lob` varchar(50) DEFAULT NULL,
  PRIMARY KEY (`id_lob`)
) ENGINE=InnoDB AUTO_INCREMENT=7 DEFAULT CHARSET=latin1;

--
-- Dumping data for table `lob`
--

INSERT INTO `lob` VALUES (1,'LO','LOB-LO'),(2,'CC','LOB-CC'),(3,'CL','LOB-CL'),(4,'SL','LOB-SL'),(5,'NA','NON-LOB'),(6,'WD','LOB-WD');

--
-- Table structure for table `log_activity`
--

CREATE TABLE `log_activity` (
  `id` int NOT NULL AUTO_INCREMENT,
  `id_user` int NOT NULL,
  `id_user_lms` int NOT NULL,
  `waktu_login` timestamp NOT NULL DEFAULT CURRENT_TIMESTAMP,
  PRIMARY KEY (`id`)
) ENGINE=InnoDB AUTO_INCREMENT=3329 DEFAULT CHARSET=utf8mb4 COLLATE=utf8mb4_0900_ai_ci;

--
-- Dumping data for table `log_activity`
--

INSERT INTO `log_activity` VALUES (1840,157,162,'2023-11-06 00:51:13'),(1841,911,914,'2023-11-06 00:54:30'),(1842,157,162,'2023-11-06 01:37:11'),(1843,731,734,'2023-11-06 02:16:40'),(1844,160,165,'2023-11-06 02:38:59'),(1845,159,164,'2023-11-06 02:40:00'),(1846,736,739,'2023-11-06 02:43:01'),(1847,732,735,'2023-11-06 02:49:40'),(1848,160,165,'2023-11-06 02:55:07'),(1849,728,731,'2023-11-06 02:58:35'),(1850,771,774,'2023-11-06 03:08:08'),(1851,158,163,'2023-11-06 03:38:22'),(1852,753,756,'2023-11-06 03:38:34'),(1853,157,162,'2023-11-06 03:43:09'),(1854,160,165,'2023-11-06 03:44:00'),(1855,1,2,'2023-11-06 05:07:57'),(1856,157,162,'2023-11-06 05:17:00'),(1857,160,165,'2023-11-06 06:26:50'),(1858,111,115,'2023-11-06 06:42:15'),(1859,113,117,'2023-11-06 06:42:30'),(1860,113,117,'2023-11-06 06:43:44'),(1861,158,163,'2023-11-06 06:51:23'),(1862,1,2,'2023-11-06 07:55:04'),(1863,159,164,'2023-11-06 08:01:37'),(1864,729,732,'2023-11-06 08:50:28'),(1865,111,115,'2023-11-06 09:15:08'),(1866,158,163,'2023-11-06 09:46:00'),(1867,722,725,'2023-11-06 10:30:37'),(1868,938,941,'2023-11-06 10:36:19'),(1869,753,756,'2023-11-06 10:39:14'),(1870,758,761,'2023-11-06 10:42:13'),(1871,1,2,'2023-11-06 10:52:24'),(1872,911,914,'2023-11-06 10:57:38'),(1873,911,914,'2023-11-06 10:57:40'),(1874,854,857,'2023-11-06 10:57:46'),(1875,880,883,'2023-11-06 11:48:21'),(1876,945,948,'2023-11-06 12:08:09'),(1877,159,164,'2023-11-06 12:15:18'),(1878,157,162,'2023-11-06 12:18:58'),(1879,157,162,'2023-11-06 12:21:18'),(1880,911,914,'2023-11-06 12:21:30'),(1881,157,162,'2023-11-06 12:48:49'),(1882,157,162,'2023-11-06 13:12:50'),(1883,946,949,'2023-11-06 13:42:56'),(1884,947,950,'2023-11-06 14:43:41'),(1885,903,906,'2023-11-06 15:35:08'),(1886,157,162,'2023-11-06 22:34:49'),(1887,911,914,'2023-11-06 23:11:52'),(1888,911,914,'2023-11-07 01:12:49'),(1889,903,906,'2023-11-07 01:13:14'),(1890,937,940,'2023-11-07 01:13:41'),(1891,902,905,'2023-11-07 01:25:26'),(1892,814,817,'2023-11-07 01:28:05'),(1893,159,164,'2023-11-07 01:30:34'),(1894,837,840,'2023-11-07 01:32:33'),(1895,956,959,'2023-11-07 01:39:11'),(1896,956,959,'2023-11-07 01:39:13'),(1897,748,751,'2023-11-07 01:40:04'),(1898,879,882,'2023-11-07 01:43:26'),(1899,158,163,'2023-11-07 01:44:03'),(1900,971,974,'2023-11-07 01:47:41'),(1901,911,914,'2023-11-07 01:49:19'),(1902,791,794,'2023-11-07 01:49:34'),(1903,802,805,'2023-11-07 01:49:39'),(1904,771,774,'2023-11-07 01:50:22'),(1905,964,967,'2023-11-07 01:50:26'),(1906,956,959,'2023-11-07 01:50:29'),(1907,938,941,'2023-11-07 01:51:00'),(1908,732,735,'2023-11-07 01:51:05'),(1909,935,938,'2023-11-07 01:52:31'),(1910,765,768,'2023-11-07 01:56:46'),(1911,974,977,'2023-11-07 02:03:58'),(1912,157,162,'2023-11-07 02:14:19'),(1913,937,940,'2023-11-07 02:16:04'),(1914,802,805,'2023-11-07 02:35:59'),(1915,802,805,'2023-11-07 02:36:00'),(1916,887,890,'2023-11-07 02:40:03'),(1917,889,892,'2023-11-07 02:56:44'),(1918,802,805,'2023-11-07 02:59:12'),(1919,159,164,'2023-11-07 03:06:03'),(1920,726,729,'2023-11-07 03:07:40'),(1921,748,751,'2023-11-07 03:08:53'),(1922,832,835,'2023-11-07 03:28:45'),(1923,890,893,'2023-11-07 03:31:11'),(1924,722,725,'2023-11-07 03:35:14'),(1925,159,164,'2023-11-07 03:44:05'),(1926,914,917,'2023-11-07 03:51:39'),(1927,744,747,'2023-11-07 04:28:13'),(1928,771,774,'2023-11-07 04:30:01'),(1929,826,829,'2023-11-07 04:44:57'),(1930,157,162,'2023-11-07 05:08:36'),(1931,739,742,'2023-11-07 05:19:54'),(1932,831,834,'2023-11-07 05:42:54'),(1933,159,164,'2023-11-07 06:07:24'),(1934,734,737,'2023-11-07 06:14:30'),(1935,974,977,'2023-11-07 06:24:26'),(1936,937,940,'2023-11-07 07:08:53'),(1937,770,773,'2023-11-07 07:14:09'),(1938,836,839,'2023-11-07 07:34:46'),(1939,816,819,'2023-11-07 07:37:28'),(1940,810,813,'2023-11-07 08:06:08'),(1941,874,877,'2023-11-07 08:45:47'),(1942,848,851,'2023-11-07 08:46:33'),(1943,734,737,'2023-11-07 08:47:37'),(1944,960,963,'2023-11-07 10:55:42'),(1945,730,733,'2023-11-07 12:03:11'),(1946,799,802,'2023-11-08 01:34:27'),(1947,959,962,'2023-11-08 01:41:48'),(1948,911,914,'2023-11-08 01:57:05'),(1949,738,741,'2023-11-08 01:57:11'),(1950,738,741,'2023-11-08 01:58:52'),(1951,157,162,'2023-11-08 01:58:55'),(1952,842,845,'2023-11-08 02:08:51'),(1953,779,782,'2023-11-08 02:24:41'),(1954,923,926,'2023-11-08 02:26:55'),(1955,911,914,'2023-11-08 02:40:39'),(1956,157,162,'2023-11-08 02:41:13'),(1957,159,164,'2023-11-08 02:44:18'),(1958,161,166,'2023-11-08 02:54:53'),(1959,162,167,'2023-11-08 02:55:22'),(1960,163,168,'2023-11-08 02:55:46'),(1961,904,907,'2023-11-08 03:14:08'),(1962,160,165,'2023-11-08 03:17:12'),(1963,911,914,'2023-11-08 04:05:21'),(1964,157,162,'2023-11-08 04:09:10'),(1965,911,914,'2023-11-08 04:29:46'),(1966,157,162,'2023-11-08 04:32:33'),(1967,157,162,'2023-11-08 04:39:08'),(1968,911,914,'2023-11-08 04:39:14'),(1969,157,162,'2023-11-08 04:39:16'),(1970,911,914,'2023-11-08 04:39:32'),(1971,835,838,'2023-11-08 04:42:57'),(1972,911,914,'2023-11-08 04:43:36'),(1973,911,914,'2023-11-08 04:43:36'),(1974,157,162,'2023-11-08 04:50:15'),(1975,911,914,'2023-11-08 04:51:30'),(1976,113,117,'2023-11-08 04:51:39'),(1977,113,117,'2023-11-08 04:56:10'),(1978,947,950,'2023-11-08 05:20:59'),(1979,944,947,'2023-11-08 05:46:07'),(1980,113,117,'2023-11-08 06:08:29'),(1981,911,914,'2023-11-08 06:16:36'),(1982,113,117,'2023-11-08 06:21:38'),(1983,911,914,'2023-11-08 06:23:54'),(1984,113,117,'2023-11-08 06:32:49'),(1985,911,914,'2023-11-08 06:36:59'),(1986,113,117,'2023-11-08 06:44:53'),(1987,867,870,'2023-11-08 07:08:06'),(1988,734,737,'2023-11-08 07:13:25'),(1989,157,162,'2023-11-08 07:30:39'),(1990,738,741,'2023-11-08 07:36:22'),(1991,159,164,'2023-11-08 07:36:30'),(1992,158,163,'2023-11-08 07:38:16'),(1993,159,164,'2023-11-08 07:43:19'),(1994,911,914,'2023-11-08 08:31:46'),(1995,157,162,'2023-11-08 08:32:51'),(1996,157,162,'2023-11-08 08:33:12'),(1997,911,914,'2023-11-08 08:34:27'),(1998,882,885,'2023-11-08 08:45:54'),(1999,915,918,'2023-11-08 08:49:56'),(2000,770,773,'2023-11-08 08:50:34'),(2001,791,794,'2023-11-08 08:53:39'),(2002,934,937,'2023-11-08 08:55:22'),(2003,159,164,'2023-11-08 08:58:38'),(2004,785,788,'2023-11-08 09:12:24'),(2005,1,2,'2023-11-08 09:20:03'),(2006,811,814,'2023-11-08 09:27:56'),(2007,922,925,'2023-11-08 09:35:32'),(2008,738,741,'2023-11-08 09:42:42'),(2009,792,795,'2023-11-08 09:44:40'),(2010,812,815,'2023-11-08 09:55:43'),(2011,982,985,'2023-11-08 10:15:31'),(2012,974,977,'2023-11-08 14:04:16'),(2013,974,977,'2023-11-08 14:48:08'),(2014,959,962,'2023-11-08 22:44:07'),(2015,157,162,'2023-11-08 23:46:34'),(2016,974,977,'2023-11-09 00:27:40'),(2017,974,977,'2023-11-09 00:27:49'),(2018,859,862,'2023-11-09 01:16:07'),(2019,887,890,'2023-11-09 02:18:51'),(2020,113,117,'2023-11-09 02:19:51'),(2021,113,117,'2023-11-09 02:24:06'),(2022,111,115,'2023-11-09 02:24:40'),(2023,111,115,'2023-11-09 02:25:35'),(2024,859,862,'2023-11-09 03:21:50'),(2025,1,2,'2023-11-09 03:43:48'),(2026,964,967,'2023-11-09 03:50:11'),(2027,792,795,'2023-11-09 04:00:08'),(2028,937,940,'2023-11-09 04:21:19'),(2029,911,914,'2023-11-09 04:26:21'),(2030,157,162,'2023-11-09 04:26:55'),(2031,159,164,'2023-11-09 04:26:58'),(2032,911,914,'2023-11-09 04:30:01'),(2033,911,914,'2023-11-09 04:34:04'),(2034,836,839,'2023-11-09 04:45:04'),(2035,836,839,'2023-11-09 04:46:00'),(2036,836,839,'2023-11-09 04:50:10'),(2037,867,870,'2023-11-09 05:00:46'),(2038,775,778,'2023-11-09 05:29:58'),(2039,785,788,'2023-11-09 05:31:04'),(2040,974,977,'2023-11-09 05:35:40'),(2041,974,977,'2023-11-09 05:35:41'),(2042,159,164,'2023-11-09 07:53:45'),(2043,889,892,'2023-11-09 08:04:02'),(2044,889,892,'2023-11-09 08:17:38'),(2045,839,842,'2023-11-09 08:17:57'),(2046,887,890,'2023-11-09 08:20:13'),(2047,729,732,'2023-11-09 08:39:01'),(2048,160,165,'2023-11-09 08:42:27'),(2049,922,925,'2023-11-09 08:57:21'),(2050,849,852,'2023-11-09 10:20:23'),(2051,158,163,'2023-11-09 11:39:15'),(2052,910,913,'2023-11-09 11:43:06'),(2053,910,913,'2023-11-09 11:44:10'),(2054,808,811,'2023-11-09 12:43:27'),(2055,808,811,'2023-11-09 13:16:55'),(2056,922,925,'2023-11-09 13:55:38'),(2057,738,741,'2023-11-09 14:48:33'),(2058,903,906,'2023-11-09 15:05:43'),(2059,911,914,'2023-11-09 15:42:31'),(2060,911,914,'2023-11-09 15:43:45'),(2061,158,163,'2023-11-09 22:14:06'),(2062,785,788,'2023-11-10 01:37:29'),(2063,734,737,'2023-11-10 01:39:12'),(2064,889,892,'2023-11-10 01:54:34'),(2065,785,788,'2023-11-10 01:55:04'),(2066,836,839,'2023-11-10 01:55:23'),(2067,928,931,'2023-11-10 01:56:33'),(2068,911,914,'2023-11-10 02:09:03'),(2069,800,803,'2023-11-10 02:12:05'),(2070,877,880,'2023-11-10 02:26:46'),(2071,157,162,'2023-11-10 02:36:22'),(2072,1,2,'2023-11-10 02:40:22'),(2073,157,162,'2023-11-10 02:42:36'),(2074,973,976,'2023-11-10 02:55:54'),(2075,928,931,'2023-11-10 02:55:57'),(2076,974,977,'2023-11-10 02:56:54'),(2077,911,914,'2023-11-10 03:36:32'),(2078,734,737,'2023-11-10 03:42:02'),(2079,1,2,'2023-11-10 03:49:29'),(2080,836,839,'2023-11-10 03:59:01'),(2081,811,814,'2023-11-10 06:02:51'),(2082,111,115,'2023-11-10 06:55:40'),(2083,784,787,'2023-11-10 06:56:09'),(2084,979,982,'2023-11-10 06:56:27'),(2085,871,874,'2023-11-10 07:55:29'),(2086,943,946,'2023-11-10 08:23:49'),(2087,928,931,'2023-11-10 09:03:27'),(2088,911,914,'2023-11-10 11:10:21'),(2089,928,931,'2023-11-10 11:32:46'),(2090,964,967,'2023-11-10 12:44:45'),(2091,974,977,'2023-11-11 00:06:21'),(2092,974,977,'2023-11-11 00:06:22'),(2093,814,817,'2023-11-11 01:01:48'),(2094,889,892,'2023-11-11 02:20:25'),(2095,811,814,'2023-11-11 02:37:22'),(2096,738,741,'2023-11-11 02:42:28'),(2097,731,734,'2023-11-11 03:42:44'),(2098,974,977,'2023-11-11 04:14:33'),(2099,902,905,'2023-11-11 04:17:19'),(2100,902,905,'2023-11-11 04:21:10'),(2101,738,741,'2023-11-11 04:27:16'),(2102,738,741,'2023-11-11 04:27:18'),(2103,738,741,'2023-11-11 04:27:53'),(2104,930,933,'2023-11-11 04:58:30'),(2105,900,903,'2023-11-11 04:58:45'),(2106,810,813,'2023-11-11 04:59:27'),(2107,825,828,'2023-11-11 04:59:42'),(2108,960,963,'2023-11-11 05:00:11'),(2109,948,951,'2023-11-11 05:29:36'),(2110,157,162,'2023-11-11 05:32:18'),(2111,731,734,'2023-11-11 05:34:21'),(2112,157,162,'2023-11-11 05:36:31'),(2113,731,734,'2023-11-11 05:37:53'),(2114,157,162,'2023-11-11 05:41:54'),(2115,831,834,'2023-11-11 05:42:44'),(2116,731,734,'2023-11-11 05:47:41'),(2117,726,729,'2023-11-11 05:56:00'),(2118,911,914,'2023-11-11 06:22:30'),(2119,113,117,'2023-11-11 06:29:19'),(2120,811,814,'2023-11-11 07:07:52'),(2121,946,949,'2023-11-11 10:36:25'),(2122,811,814,'2023-11-12 00:54:34'),(2123,811,814,'2023-11-12 01:04:08'),(2124,974,977,'2023-11-12 02:52:40'),(2125,765,768,'2023-11-12 04:30:20'),(2126,765,768,'2023-11-12 04:30:21'),(2127,811,814,'2023-11-12 06:43:12'),(2128,811,814,'2023-11-12 10:34:34'),(2129,811,814,'2023-11-12 10:41:26'),(2130,811,814,'2023-11-12 10:41:56'),(2131,765,768,'2023-11-12 11:45:17'),(2132,765,768,'2023-11-12 12:39:01'),(2133,964,967,'2023-11-12 12:43:33'),(2134,964,967,'2023-11-12 13:25:59'),(2135,974,977,'2023-11-13 01:25:24'),(2136,157,162,'2023-11-13 01:31:06'),(2137,157,162,'2023-11-13 01:33:28'),(2138,765,768,'2023-11-13 01:34:59'),(2139,765,768,'2023-11-13 01:35:00'),(2140,157,162,'2023-11-13 01:37:55'),(2141,779,782,'2023-11-13 01:46:57'),(2142,1,2,'2023-11-13 02:03:11'),(2143,1,2,'2023-11-13 02:05:10'),(2144,159,164,'2023-11-13 02:07:06'),(2145,159,164,'2023-11-13 02:07:52'),(2146,779,782,'2023-11-13 02:12:37'),(2147,1,2,'2023-11-13 02:20:22'),(2148,902,905,'2023-11-13 02:26:43'),(2149,860,863,'2023-11-13 02:56:51'),(2150,784,787,'2023-11-13 03:04:28'),(2151,869,872,'2023-11-13 03:39:54'),(2152,808,811,'2023-11-13 03:56:23'),(2153,731,734,'2023-11-13 04:44:51'),(2154,731,734,'2023-11-13 04:51:37'),(2155,964,967,'2023-11-13 05:14:48'),(2156,817,820,'2023-11-13 05:37:20'),(2157,979,982,'2023-11-13 05:37:59'),(2158,867,870,'2023-11-13 05:41:45'),(2159,867,870,'2023-11-13 05:41:45'),(2160,869,872,'2023-11-13 05:45:42'),(2161,844,847,'2023-11-13 05:50:45'),(2162,869,872,'2023-11-13 06:23:24'),(2163,844,847,'2023-11-13 06:36:32'),(2164,911,914,'2023-11-13 06:49:43'),(2165,797,800,'2023-11-13 07:00:19'),(2166,159,164,'2023-11-13 07:07:36'),(2167,765,768,'2023-11-13 07:11:43'),(2168,784,787,'2023-11-13 07:16:59'),(2169,157,162,'2023-11-13 07:25:18'),(2170,911,914,'2023-11-13 07:34:02'),(2171,911,914,'2023-11-13 07:34:16'),(2172,966,969,'2023-11-13 07:47:44'),(2173,797,800,'2023-11-13 07:55:29'),(2174,820,823,'2023-11-13 07:55:41'),(2175,808,811,'2023-11-13 08:04:25'),(2176,869,872,'2023-11-13 08:32:43'),(2177,812,815,'2023-11-13 08:37:30'),(2178,792,795,'2023-11-13 09:19:57'),(2179,812,815,'2023-11-13 09:20:23'),(2180,902,905,'2023-11-13 09:32:27'),(2181,969,972,'2023-11-13 09:57:24'),(2182,747,750,'2023-11-13 10:05:45'),(2183,883,886,'2023-11-13 10:17:06'),(2184,762,765,'2023-11-13 10:31:12'),(2185,813,816,'2023-11-13 10:50:22'),(2186,867,870,'2023-11-13 12:21:10'),(2187,867,870,'2023-11-13 12:21:10'),(2188,808,811,'2023-11-13 12:26:31'),(2189,111,115,'2023-11-13 12:48:36'),(2190,754,757,'2023-11-13 23:29:37'),(2191,941,944,'2023-11-14 01:45:58'),(2192,820,823,'2023-11-14 01:53:01'),(2193,982,985,'2023-11-14 02:49:49'),(2194,964,967,'2023-11-14 03:09:07'),(2195,792,795,'2023-11-14 04:18:52'),(2196,157,162,'2023-11-14 05:09:13'),(2197,885,888,'2023-11-14 06:24:06'),(2198,943,946,'2023-11-14 07:13:47'),(2199,943,946,'2023-11-14 07:16:24'),(2200,739,742,'2023-11-14 08:12:44'),(2201,794,797,'2023-11-14 08:49:03'),(2202,969,972,'2023-11-14 08:57:17'),(2203,969,972,'2023-11-14 08:57:17'),(2204,969,972,'2023-11-14 09:00:30'),(2205,969,972,'2023-11-14 09:00:30'),(2206,873,876,'2023-11-14 10:28:27'),(2207,866,869,'2023-11-14 12:45:35'),(2208,974,977,'2023-11-14 14:22:30'),(2209,974,977,'2023-11-14 14:22:30'),(2210,763,766,'2023-11-15 01:19:47'),(2211,964,967,'2023-11-15 02:09:08'),(2212,157,162,'2023-11-15 02:48:29'),(2213,784,787,'2023-11-15 03:08:06'),(2214,914,917,'2023-11-15 04:20:32'),(2215,969,972,'2023-11-15 06:50:49'),(2216,964,967,'2023-11-15 07:12:11'),(2217,902,905,'2023-11-16 01:28:52'),(2218,958,961,'2023-11-16 02:04:20'),(2219,784,787,'2023-11-16 03:32:18'),(2220,794,797,'2023-11-17 01:52:24'),(2221,752,755,'2023-11-17 02:09:01'),(2222,946,949,'2023-11-17 03:11:14'),(2223,842,845,'2023-11-17 07:05:00'),(2224,158,163,'2023-11-17 07:06:14'),(2225,889,892,'2023-11-17 08:16:57'),(2226,889,892,'2023-11-17 08:30:06'),(2227,901,904,'2023-11-17 10:58:09'),(2228,749,752,'2023-11-18 00:11:18'),(2229,830,833,'2023-11-18 01:46:24'),(2230,749,752,'2023-11-18 02:23:42'),(2231,805,808,'2023-11-18 02:30:01'),(2232,764,767,'2023-11-18 02:51:05'),(2233,787,790,'2023-11-18 04:54:14'),(2234,830,833,'2023-11-18 06:17:03'),(2235,889,892,'2023-11-18 06:43:02'),(2236,946,949,'2023-11-18 06:46:18'),(2237,736,739,'2023-11-18 12:54:53'),(2238,111,115,'2023-11-20 02:41:53'),(2239,157,162,'2023-11-20 02:46:59'),(2240,911,914,'2023-11-20 02:49:12'),(2241,778,781,'2023-11-20 04:21:51'),(2242,1,2,'2023-11-20 04:37:58'),(2243,111,115,'2023-11-20 06:23:17'),(2244,983,986,'2023-11-20 06:33:37'),(2245,983,986,'2023-11-20 06:44:39'),(2246,983,986,'2023-11-20 06:45:04'),(2247,976,979,'2023-11-20 07:03:18'),(2248,1,2,'2023-11-20 07:40:31'),(2249,911,914,'2023-11-20 08:28:26'),(2250,130,133,'2023-11-20 08:50:21'),(2251,758,761,'2023-11-20 09:39:44'),(2252,976,979,'2023-11-21 01:26:30'),(2253,976,979,'2023-11-21 01:26:32'),(2254,983,986,'2023-11-21 02:40:01'),(2255,911,914,'2023-11-21 02:41:22'),(2256,130,133,'2023-11-21 03:16:32'),(2257,111,115,'2023-11-21 03:36:53'),(2258,111,115,'2023-11-21 04:42:52'),(2259,89,93,'2023-11-21 04:44:32'),(2260,157,162,'2023-11-21 07:28:53'),(2261,130,133,'2023-11-21 09:21:54'),(2262,983,986,'2023-11-22 01:45:23'),(2263,911,914,'2023-11-22 01:47:32'),(2264,911,914,'2023-11-22 02:31:40'),(2265,770,773,'2023-11-22 02:31:55'),(2266,957,960,'2023-11-22 02:42:48'),(2267,957,960,'2023-11-22 02:42:49'),(2268,804,807,'2023-11-22 03:29:58'),(2269,808,811,'2023-11-22 03:29:59'),(2270,922,925,'2023-11-22 03:31:04'),(2271,879,882,'2023-11-22 04:15:22'),(2272,782,785,'2023-11-22 04:42:15'),(2273,945,948,'2023-11-22 04:43:54'),(2274,958,961,'2023-11-22 07:46:12'),(2275,779,782,'2023-11-22 07:51:37'),(2276,976,979,'2023-11-22 09:56:18'),(2277,879,882,'2023-11-22 10:29:16'),(2278,158,163,'2023-11-23 02:33:12'),(2279,838,841,'2023-11-23 03:33:48'),(2280,775,778,'2023-11-23 04:31:50'),(2281,728,731,'2023-11-23 04:42:31'),(2282,728,731,'2023-11-23 04:43:32'),(2283,851,854,'2023-11-23 04:55:20'),(2284,976,979,'2023-11-23 07:05:28'),(2285,963,966,'2023-11-23 07:48:40'),(2286,741,744,'2023-11-23 08:45:10'),(2287,838,841,'2023-11-23 08:50:26'),(2288,835,838,'2023-11-23 09:36:22'),(2289,820,823,'2023-11-23 09:37:57'),(2290,843,846,'2023-11-23 09:40:34'),(2291,981,984,'2023-11-23 09:41:29'),(2292,934,937,'2023-11-23 09:43:47'),(2293,766,769,'2023-11-23 09:49:14'),(2294,979,982,'2023-11-23 09:49:55'),(2295,914,917,'2023-11-23 09:50:25'),(2296,816,819,'2023-11-23 09:51:43'),(2297,755,758,'2023-11-23 09:52:34'),(2298,765,768,'2023-11-23 09:57:47'),(2299,871,874,'2023-11-23 10:08:50'),(2300,766,769,'2023-11-23 12:01:22'),(2301,845,848,'2023-11-23 12:23:52'),(2302,969,972,'2023-11-23 13:06:12'),(2303,894,897,'2023-11-23 14:47:13'),(2304,959,962,'2023-11-23 15:05:31'),(2305,925,928,'2023-11-23 15:11:14'),(2306,905,908,'2023-11-24 01:02:02'),(2307,955,958,'2023-11-24 01:12:07'),(2308,888,891,'2023-11-24 01:12:35'),(2309,925,928,'2023-11-24 01:13:24'),(2310,820,823,'2023-11-24 02:21:56'),(2311,778,781,'2023-11-24 02:31:12'),(2312,765,768,'2023-11-24 02:42:10'),(2313,778,781,'2023-11-24 02:45:06'),(2314,911,914,'2023-11-24 02:51:37'),(2315,740,743,'2023-11-24 03:02:21'),(2316,755,758,'2023-11-24 03:22:48'),(2317,816,819,'2023-11-24 03:32:21'),(2318,816,819,'2023-11-24 03:32:23'),(2319,887,890,'2023-11-24 03:39:26'),(2320,157,162,'2023-11-24 03:46:54'),(2321,921,924,'2023-11-24 03:53:02'),(2322,977,980,'2023-11-24 04:04:04'),(2323,843,846,'2023-11-24 04:26:26'),(2324,933,936,'2023-11-24 04:37:58'),(2325,905,908,'2023-11-24 04:44:31'),(2326,730,733,'2023-11-24 05:41:36'),(2327,970,973,'2023-11-24 06:09:55'),(2328,970,973,'2023-11-24 06:09:58'),(2329,921,924,'2023-11-24 07:18:22'),(2330,816,819,'2023-11-24 07:55:40'),(2331,977,980,'2023-11-24 08:23:03'),(2332,157,162,'2023-11-24 08:26:06'),(2333,873,876,'2023-11-24 09:10:30'),(2334,964,967,'2023-11-24 09:21:08'),(2335,798,801,'2023-11-24 09:46:21'),(2336,840,843,'2023-11-24 10:27:17'),(2337,733,736,'2023-11-24 10:32:31'),(2338,732,735,'2023-11-24 10:45:11'),(2339,765,768,'2023-11-24 11:11:42'),(2340,840,843,'2023-11-25 09:38:45'),(2341,955,958,'2023-11-25 15:21:00'),(2342,777,780,'2023-11-25 22:22:57'),(2343,777,780,'2023-11-25 22:27:53'),(2344,886,889,'2023-11-26 06:14:36'),(2345,964,967,'2023-11-26 07:20:29'),(2346,891,894,'2023-11-26 12:05:09'),(2347,852,855,'2023-11-26 12:49:07'),(2348,913,916,'2023-11-26 14:04:28'),(2349,981,984,'2023-11-26 14:38:34'),(2350,910,913,'2023-11-26 14:58:43'),(2351,962,965,'2023-11-26 14:59:19'),(2352,931,934,'2023-11-26 15:19:20'),(2353,763,766,'2023-11-27 00:55:59'),(2354,853,856,'2023-11-27 01:39:15'),(2355,911,914,'2023-11-27 01:40:14'),(2356,157,162,'2023-11-27 01:40:40'),(2357,975,978,'2023-11-27 01:46:05'),(2358,927,930,'2023-11-27 02:19:36'),(2359,741,744,'2023-11-27 02:28:44'),(2360,842,845,'2023-11-27 02:34:31'),(2361,763,766,'2023-11-27 04:11:17'),(2362,832,835,'2023-11-27 05:01:06'),(2363,807,810,'2023-11-27 05:10:37'),(2364,855,858,'2023-11-27 05:28:20'),(2365,898,901,'2023-11-27 07:01:00'),(2366,758,761,'2023-11-27 07:01:13'),(2367,750,753,'2023-11-27 07:02:53'),(2368,816,819,'2023-11-27 07:15:08'),(2369,758,761,'2023-11-27 07:18:20'),(2370,734,737,'2023-11-27 07:19:27'),(2371,758,761,'2023-11-27 07:44:36'),(2372,772,775,'2023-11-27 08:22:36'),(2373,912,915,'2023-11-27 10:01:32'),(2374,734,737,'2023-11-27 10:23:40'),(2375,767,770,'2023-11-27 11:20:07'),(2376,867,870,'2023-11-27 11:25:44'),(2377,867,870,'2023-11-27 11:25:45'),(2378,974,977,'2023-11-27 11:28:36'),(2379,974,977,'2023-11-27 11:28:36'),(2380,725,728,'2023-11-28 01:05:14'),(2381,912,915,'2023-11-28 01:14:38'),(2382,753,756,'2023-11-28 02:32:00'),(2383,881,884,'2023-11-28 02:38:15'),(2384,847,850,'2023-11-28 03:53:12'),(2385,969,972,'2023-11-28 06:37:30'),(2386,881,884,'2023-11-28 07:12:45'),(2387,730,733,'2023-11-28 07:27:35'),(2388,788,791,'2023-11-28 08:41:00'),(2389,982,985,'2023-11-28 09:21:44'),(2390,794,797,'2023-11-28 09:26:23'),(2391,934,937,'2023-11-28 09:31:04'),(2392,841,844,'2023-11-28 09:51:11'),(2393,819,822,'2023-11-28 10:11:52'),(2394,962,965,'2023-11-28 10:19:16'),(2395,794,797,'2023-11-28 10:26:28'),(2396,794,797,'2023-11-28 10:26:41'),(2397,753,756,'2023-11-28 11:44:47'),(2398,912,915,'2023-11-28 13:16:09'),(2399,776,779,'2023-11-28 13:51:17'),(2400,953,956,'2023-11-28 16:08:27'),(2401,954,957,'2023-11-28 16:08:48'),(2402,743,746,'2023-11-28 22:22:50'),(2403,743,746,'2023-11-28 22:23:10'),(2404,743,746,'2023-11-28 22:36:50'),(2405,957,960,'2023-11-29 01:59:56'),(2406,924,927,'2023-11-29 02:54:37'),(2407,934,937,'2023-11-29 03:00:32'),(2408,952,955,'2023-11-29 03:10:07'),(2409,941,944,'2023-11-29 03:13:08'),(2410,743,746,'2023-11-29 03:32:16'),(2411,826,829,'2023-11-29 03:33:20'),(2412,750,753,'2023-11-29 04:42:22'),(2413,831,834,'2023-11-29 04:49:23'),(2414,790,793,'2023-11-29 04:54:09'),(2415,949,952,'2023-11-29 06:16:20'),(2416,857,860,'2023-11-29 07:32:10'),(2417,730,733,'2023-11-29 07:42:07'),(2418,846,849,'2023-11-29 07:51:16'),(2419,768,771,'2023-11-29 07:52:06'),(2420,941,944,'2023-11-29 07:53:40'),(2421,964,967,'2023-11-29 08:03:31'),(2422,776,779,'2023-11-29 08:03:48'),(2423,884,887,'2023-11-29 08:07:53'),(2424,796,799,'2023-11-29 08:12:42'),(2425,926,929,'2023-11-29 08:12:59'),(2426,898,901,'2023-11-29 08:19:52'),(2427,951,954,'2023-11-29 08:24:05'),(2428,871,874,'2023-11-29 08:38:06'),(2429,739,742,'2023-11-29 08:40:40'),(2430,880,883,'2023-11-29 08:41:21'),(2431,976,979,'2023-11-29 08:52:48'),(2432,938,941,'2023-11-29 09:11:39'),(2433,931,934,'2023-11-29 09:13:41'),(2434,971,974,'2023-11-29 09:14:01'),(2435,971,974,'2023-11-29 09:35:05'),(2436,876,879,'2023-11-29 09:56:43'),(2437,917,920,'2023-11-29 10:01:03'),(2438,940,943,'2023-11-29 10:08:10'),(2439,837,840,'2023-11-29 10:28:07'),(2440,846,849,'2023-11-29 10:33:33'),(2441,918,921,'2023-11-29 10:34:20'),(2442,916,919,'2023-11-29 10:38:35'),(2443,918,921,'2023-11-29 10:42:18'),(2444,795,798,'2023-11-29 10:44:51'),(2445,795,798,'2023-11-29 10:44:53'),(2446,795,798,'2023-11-29 10:46:43'),(2447,866,869,'2023-11-29 11:02:05'),(2448,880,883,'2023-11-29 11:29:30'),(2449,932,935,'2023-11-29 12:23:48'),(2450,876,879,'2023-11-29 13:17:39'),(2451,911,914,'2023-11-29 13:46:59'),(2452,829,832,'2023-11-29 13:51:11'),(2453,945,948,'2023-11-29 13:51:12'),(2454,889,892,'2023-11-29 14:02:19'),(2455,935,938,'2023-11-29 14:58:57'),(2456,861,864,'2023-11-29 15:04:21'),(2457,769,772,'2023-11-29 15:31:02'),(2458,904,907,'2023-11-29 15:31:14'),(2459,904,907,'2023-11-29 15:46:10'),(2460,904,907,'2023-11-29 15:46:11'),(2461,904,907,'2023-11-29 16:31:28'),(2462,855,858,'2023-11-29 17:38:12'),(2463,878,881,'2023-11-30 00:35:35'),(2464,801,804,'2023-11-30 01:00:00'),(2465,935,938,'2023-11-30 01:04:22'),(2466,729,732,'2023-11-30 01:11:53'),(2467,853,856,'2023-11-30 01:16:44'),(2468,849,852,'2023-11-30 01:20:38'),(2469,987,987,'2023-11-30 01:23:06'),(2470,743,746,'2023-11-30 01:23:41'),(2471,743,746,'2023-11-30 01:23:42'),(2472,917,920,'2023-11-30 01:26:37'),(2473,942,945,'2023-11-30 01:28:12'),(2474,743,746,'2023-11-30 01:28:39'),(2475,722,725,'2023-11-30 01:29:04'),(2476,974,977,'2023-11-30 01:30:01'),(2477,941,944,'2023-11-30 01:37:42'),(2478,945,948,'2023-11-30 01:40:15'),(2479,906,909,'2023-11-30 01:55:06'),(2480,896,899,'2023-11-30 02:02:21'),(2481,737,740,'2023-11-30 02:29:09'),(2482,909,912,'2023-11-30 02:31:01'),(2483,800,803,'2023-11-30 02:31:38'),(2484,111,115,'2023-11-30 02:36:04'),(2485,775,778,'2023-11-30 02:48:31'),(2486,728,731,'2023-11-30 02:50:21'),(2487,957,960,'2023-11-30 03:09:12'),(2488,111,115,'2023-11-30 03:12:37'),(2489,976,979,'2023-11-30 03:15:45'),(2490,785,788,'2023-11-30 03:16:26'),(2491,947,950,'2023-11-30 03:19:57'),(2492,805,808,'2023-11-30 03:21:25'),(2493,931,934,'2023-11-30 03:55:18'),(2494,967,970,'2023-11-30 04:09:56'),(2495,728,731,'2023-11-30 05:08:19'),(2496,919,922,'2023-11-30 05:39:22'),(2497,158,163,'2023-11-30 06:16:27'),(2498,976,979,'2023-11-30 06:35:33'),(2499,848,851,'2023-11-30 06:39:38'),(2500,735,738,'2023-11-30 06:41:12'),(2501,787,790,'2023-11-30 06:43:51'),(2502,735,738,'2023-11-30 06:46:54'),(2503,899,902,'2023-11-30 06:50:06'),(2504,815,818,'2023-11-30 06:50:26'),(2505,783,786,'2023-11-30 07:09:06'),(2506,916,919,'2023-11-30 07:42:18'),(2507,870,873,'2023-11-30 07:48:23'),(2508,870,873,'2023-11-30 07:48:23'),(2509,909,912,'2023-11-30 07:55:41'),(2510,819,822,'2023-11-30 07:56:14'),(2511,776,779,'2023-11-30 07:56:32'),(2512,875,878,'2023-11-30 08:00:15'),(2513,858,861,'2023-11-30 08:12:21'),(2514,973,976,'2023-11-30 08:27:20'),(2515,863,866,'2023-11-30 08:28:27'),(2516,890,893,'2023-11-30 09:05:49'),(2517,828,831,'2023-11-30 09:11:13'),(2518,896,899,'2023-11-30 09:25:25'),(2519,734,737,'2023-11-30 09:44:07'),(2520,734,737,'2023-11-30 09:44:09'),(2521,911,914,'2023-11-30 09:45:17'),(2522,158,163,'2023-11-30 09:45:28'),(2523,824,827,'2023-11-30 09:48:58'),(2524,903,906,'2023-11-30 09:51:00'),(2525,816,819,'2023-11-30 09:51:18'),(2526,740,743,'2023-11-30 09:52:35'),(2527,816,819,'2023-11-30 09:54:53'),(2528,822,825,'2023-11-30 09:59:50'),(2529,976,979,'2023-11-30 10:03:10'),(2530,823,826,'2023-11-30 10:03:52'),(2531,822,825,'2023-11-30 10:05:28'),(2532,822,825,'2023-11-30 10:05:48'),(2533,766,769,'2023-11-30 10:07:17'),(2534,833,836,'2023-11-30 10:07:24'),(2535,822,825,'2023-11-30 10:08:25'),(2536,822,825,'2023-11-30 10:11:27'),(2537,799,802,'2023-11-30 10:12:22'),(2538,775,778,'2023-11-30 10:13:13'),(2539,876,879,'2023-11-30 10:15:48'),(2540,822,825,'2023-11-30 10:15:52'),(2541,809,812,'2023-11-30 10:19:58'),(2542,823,826,'2023-11-30 10:20:58'),(2543,742,745,'2023-11-30 10:22:51'),(2544,892,895,'2023-11-30 10:23:58'),(2545,865,868,'2023-11-30 10:25:05'),(2546,855,858,'2023-11-30 10:25:41'),(2547,872,875,'2023-11-30 10:26:38'),(2548,855,858,'2023-11-30 10:26:57'),(2549,789,792,'2023-11-30 10:29:32'),(2550,822,825,'2023-11-30 10:32:15'),(2551,978,981,'2023-11-30 10:32:27'),(2552,815,818,'2023-11-30 10:36:23'),(2553,862,865,'2023-11-30 10:36:37'),(2554,911,914,'2023-11-30 10:40:07'),(2555,911,914,'2023-11-30 10:40:08'),(2556,822,825,'2023-11-30 10:41:02'),(2557,157,162,'2023-11-30 10:45:22'),(2558,822,825,'2023-11-30 10:46:12'),(2559,983,986,'2023-11-30 10:47:53'),(2560,157,162,'2023-11-30 10:54:16'),(2561,848,851,'2023-11-30 10:56:44'),(2562,848,851,'2023-11-30 10:56:45'),(2563,746,749,'2023-11-30 10:58:22'),(2564,911,914,'2023-11-30 10:59:12'),(2565,929,932,'2023-11-30 10:59:43'),(2566,774,777,'2023-11-30 11:02:37'),(2567,790,793,'2023-11-30 11:03:04'),(2568,781,784,'2023-11-30 11:04:29'),(2569,756,759,'2023-11-30 11:05:03'),(2570,911,914,'2023-11-30 11:11:42'),(2571,756,759,'2023-11-30 11:17:04'),(2572,724,727,'2023-11-30 11:38:18'),(2573,744,747,'2023-11-30 11:41:16'),(2574,858,861,'2023-11-30 11:47:39'),(2575,858,861,'2023-11-30 11:47:40'),(2576,747,750,'2023-11-30 12:05:13'),(2577,873,876,'2023-11-30 12:06:44'),(2578,818,821,'2023-11-30 12:13:35'),(2579,897,900,'2023-11-30 12:26:53'),(2580,834,837,'2023-11-30 12:52:08'),(2581,851,854,'2023-11-30 12:52:12'),(2582,972,975,'2023-11-30 12:52:37'),(2583,965,968,'2023-11-30 12:53:47'),(2584,895,898,'2023-11-30 12:54:18'),(2585,782,785,'2023-11-30 13:05:31'),(2586,782,785,'2023-11-30 13:09:11'),(2587,761,764,'2023-11-30 13:16:06'),(2588,920,923,'2023-11-30 13:29:22'),(2589,822,825,'2023-11-30 13:44:41'),(2590,864,867,'2023-11-30 13:46:14'),(2591,822,825,'2023-11-30 13:47:30'),(2592,822,825,'2023-11-30 13:50:05'),(2593,822,825,'2023-11-30 13:52:22'),(2594,822,825,'2023-11-30 13:54:22'),(2595,822,825,'2023-11-30 14:01:02'),(2596,956,959,'2023-11-30 14:01:31'),(2597,956,959,'2023-11-30 14:01:31'),(2598,854,857,'2023-11-30 14:01:36'),(2599,822,825,'2023-11-30 14:06:23'),(2600,769,772,'2023-11-30 14:06:24'),(2601,769,772,'2023-11-30 14:06:25'),(2602,780,783,'2023-11-30 14:07:13'),(2603,822,825,'2023-11-30 14:07:20'),(2604,854,857,'2023-11-30 14:16:26'),(2605,774,777,'2023-11-30 14:22:11'),(2606,897,900,'2023-11-30 14:50:59'),(2607,897,900,'2023-11-30 14:51:02'),(2608,761,764,'2023-11-30 16:26:35'),(2609,822,825,'2023-11-30 16:49:39'),(2610,157,162,'2023-11-30 16:51:15'),(2611,157,162,'2023-11-30 16:53:07'),(2612,822,825,'2023-11-30 16:55:38'),(2613,822,825,'2023-11-30 16:56:03'),(2614,874,877,'2023-11-30 19:26:11'),(2615,874,877,'2023-11-30 19:26:11'),(2616,874,877,'2023-11-30 19:26:30'),(2617,945,948,'2023-11-30 22:07:12'),(2618,157,162,'2023-12-01 01:26:15'),(2619,911,914,'2023-12-01 02:26:51'),(2620,157,162,'2023-12-01 02:37:48'),(2621,1,2,'2023-12-01 02:39:09'),(2622,157,162,'2023-12-01 02:42:52'),(2623,111,115,'2023-12-01 02:44:12'),(2624,911,914,'2023-12-01 02:47:57'),(2625,157,162,'2023-12-01 02:48:35'),(2626,111,115,'2023-12-01 03:31:04'),(2627,822,825,'2023-12-01 03:34:44'),(2628,911,914,'2023-12-01 03:42:12'),(2629,157,162,'2023-12-01 03:44:34'),(2630,911,914,'2023-12-01 03:48:07'),(2631,157,162,'2023-12-01 03:51:37'),(2632,911,914,'2023-12-01 03:56:19'),(2633,911,914,'2023-12-01 03:56:19'),(2634,911,914,'2023-12-01 04:02:56'),(2635,157,162,'2023-12-01 04:03:27'),(2636,911,914,'2023-12-01 04:04:30'),(2637,157,162,'2023-12-01 04:07:22'),(2638,822,825,'2023-12-01 04:08:06'),(2639,911,914,'2023-12-01 04:09:24'),(2640,157,162,'2023-12-01 04:12:39'),(2641,157,162,'2023-12-01 04:22:08'),(2642,822,825,'2023-12-01 06:46:56'),(2643,157,162,'2023-12-01 06:53:04'),(2644,158,163,'2023-12-01 07:06:42'),(2645,911,914,'2023-12-01 07:13:25'),(2646,111,115,'2023-12-01 07:14:34'),(2647,157,162,'2023-12-01 07:14:53'),(2648,111,115,'2023-12-01 07:19:32'),(2649,734,737,'2023-12-01 07:20:49'),(2650,111,115,'2023-12-01 07:21:27'),(2651,988,988,'2023-12-01 07:27:52'),(2652,989,989,'2023-12-01 07:30:10'),(2653,988,988,'2023-12-01 07:31:41'),(2654,822,825,'2023-12-01 07:35:57'),(2655,983,986,'2023-12-01 07:43:11'),(2656,988,988,'2023-12-01 07:47:45'),(2657,923,926,'2023-12-01 07:51:43'),(2658,988,988,'2023-12-01 07:52:25'),(2659,157,162,'2023-12-01 07:53:28'),(2660,988,988,'2023-12-01 07:54:59'),(2661,988,988,'2023-12-01 08:01:03'),(2662,989,989,'2023-12-01 08:01:31'),(2663,988,988,'2023-12-01 08:02:13'),(2664,159,164,'2023-12-01 08:04:30'),(2665,1,2,'2023-12-01 08:06:35'),(2666,111,115,'2023-12-01 08:07:24'),(2667,988,988,'2023-12-01 08:08:24'),(2668,160,165,'2023-12-01 08:10:54'),(2669,988,988,'2023-12-01 08:11:44'),(2670,111,115,'2023-12-01 08:12:39'),(2671,988,988,'2023-12-01 08:14:19'),(2672,113,117,'2023-12-01 08:15:51'),(2673,988,988,'2023-12-01 08:21:59'),(2674,988,988,'2023-12-01 08:22:44'),(2675,988,988,'2023-12-01 08:25:47'),(2676,111,115,'2023-12-01 08:27:01'),(2677,988,988,'2023-12-01 08:31:09'),(2678,988,988,'2023-12-01 08:32:09'),(2679,822,825,'2023-12-01 08:32:20'),(2680,988,988,'2023-12-01 08:36:18'),(2681,988,988,'2023-12-01 08:37:57'),(2682,988,988,'2023-12-01 08:39:24'),(2683,822,825,'2023-12-01 09:02:10'),(2684,111,115,'2023-12-01 09:04:00'),(2685,990,990,'2023-12-01 09:18:29'),(2686,990,990,'2023-12-01 09:19:39'),(2687,990,990,'2023-12-01 09:26:04'),(2688,990,990,'2023-12-01 09:27:30'),(2689,111,115,'2023-12-01 09:32:06'),(2690,991,991,'2023-12-01 09:49:22'),(2691,991,991,'2023-12-01 09:50:58'),(2692,991,991,'2023-12-01 09:51:55'),(2693,798,801,'2023-12-04 02:42:28'),(2694,157,162,'2023-12-04 03:00:40'),(2695,998,998,'2023-12-04 03:37:48'),(2696,999,999,'2023-12-04 03:38:39'),(2697,1000,1000,'2023-12-04 03:38:52'),(2698,993,993,'2023-12-04 03:38:56'),(2699,1001,1001,'2023-12-04 03:39:33'),(2700,996,996,'2023-12-04 03:41:04'),(2701,995,995,'2023-12-04 03:43:51'),(2702,1002,1002,'2023-12-04 03:43:59'),(2703,976,979,'2023-12-04 03:44:26'),(2704,997,997,'2023-12-04 03:44:32'),(2705,994,994,'2023-12-04 03:44:41'),(2706,992,992,'2023-12-04 03:47:49'),(2707,934,937,'2023-12-04 04:56:45'),(2708,997,997,'2023-12-04 06:15:15'),(2709,911,914,'2023-12-04 09:21:18'),(2710,1000,1000,'2023-12-04 09:38:35'),(2711,911,914,'2023-12-05 08:01:05'),(2712,158,163,'2023-12-05 08:42:53'),(2713,874,877,'2023-12-05 10:18:11'),(2714,879,882,'2023-12-05 10:18:22'),(2715,157,162,'2023-12-05 10:18:50'),(2716,804,807,'2023-12-05 10:35:51'),(2717,801,804,'2023-12-05 10:38:28'),(2718,771,774,'2023-12-05 10:40:41'),(2719,893,896,'2023-12-05 11:06:49'),(2720,813,816,'2023-12-05 11:55:51'),(2721,806,809,'2023-12-05 11:56:00'),(2722,815,818,'2023-12-05 12:07:37'),(2723,786,789,'2023-12-05 13:37:12'),(2724,157,162,'2023-12-05 13:52:19'),(2725,760,763,'2023-12-05 14:02:53'),(2726,777,780,'2023-12-05 14:06:16'),(2727,760,763,'2023-12-05 14:20:19'),(2728,874,877,'2023-12-05 15:04:45'),(2729,950,953,'2023-12-05 17:04:51'),(2730,874,877,'2023-12-05 20:08:04'),(2731,874,877,'2023-12-05 20:08:05'),(2732,977,980,'2023-12-06 01:03:08'),(2733,723,726,'2023-12-06 04:25:44'),(2734,158,163,'2023-12-06 07:21:47'),(2735,1,2,'2023-12-06 07:35:34'),(2736,111,115,'2023-12-06 07:36:30'),(2737,727,730,'2023-12-06 07:46:01'),(2738,1,2,'2023-12-06 07:49:01'),(2739,760,763,'2023-12-06 07:50:27'),(2740,1,2,'2023-12-06 07:53:14'),(2741,723,726,'2023-12-06 08:13:43'),(2742,968,971,'2023-12-06 08:38:46'),(2743,157,162,'2023-12-07 01:45:02'),(2744,911,914,'2023-12-07 04:13:40'),(2745,983,986,'2023-12-11 04:09:02'),(2746,911,914,'2023-12-11 04:10:17'),(2747,983,986,'2023-12-11 04:11:55'),(2748,911,914,'2023-12-11 04:12:11'),(2749,130,133,'2023-12-11 04:35:10'),(2750,911,914,'2023-12-11 04:55:29'),(2751,983,986,'2023-12-11 06:37:04'),(2752,911,914,'2023-12-11 11:55:46'),(2753,911,914,'2023-12-12 01:30:35'),(2754,911,914,'2023-12-12 01:33:49'),(2755,911,914,'2023-12-12 01:38:43'),(2756,983,986,'2023-12-12 01:42:58'),(2757,111,115,'2023-12-12 01:55:17'),(2758,911,914,'2023-12-12 01:57:14'),(2759,983,986,'2023-12-12 01:59:01'),(2760,911,914,'2023-12-12 02:00:12'),(2761,911,914,'2023-12-12 02:12:48'),(2762,111,115,'2023-12-12 02:14:16'),(2763,911,914,'2023-12-12 02:19:16'),(2764,911,914,'2023-12-12 02:28:43'),(2765,911,914,'2023-12-12 02:39:00'),(2766,911,914,'2023-12-12 02:41:41'),(2767,111,115,'2023-12-12 03:05:40'),(2768,911,914,'2023-12-12 03:14:52'),(2769,911,914,'2023-12-12 04:37:04'),(2770,130,133,'2023-12-12 04:41:42'),(2771,911,914,'2023-12-12 06:16:46'),(2772,157,162,'2023-12-12 08:02:15'),(2773,911,914,'2023-12-12 08:13:11'),(2774,157,162,'2023-12-12 08:14:11'),(2775,911,914,'2023-12-12 08:15:55'),(2776,911,914,'2023-12-12 08:16:33'),(2777,158,163,'2023-12-13 09:35:28'),(2778,974,977,'2023-12-14 06:20:53'),(2779,983,986,'2023-12-18 02:09:12'),(2780,979,982,'2023-12-18 03:33:50'),(2781,983,986,'2023-12-19 01:50:04'),(2782,983,986,'2023-12-19 01:53:52'),(2783,808,811,'2023-12-19 04:07:30'),(2784,734,737,'2023-12-19 04:23:59'),(2785,734,737,'2023-12-19 04:26:26'),(2786,734,737,'2023-12-19 04:30:21'),(2787,734,737,'2023-12-19 04:30:23'),(2788,734,737,'2023-12-19 04:32:06'),(2789,734,737,'2023-12-19 04:33:37'),(2790,157,162,'2023-12-19 04:35:27'),(2791,964,967,'2023-12-20 02:17:43'),(2792,983,986,'2023-12-20 08:09:56'),(2793,1005,1005,'2023-12-20 08:35:41'),(2794,1005,1005,'2023-12-20 08:40:54'),(2795,964,967,'2023-12-20 08:43:21'),(2796,1004,1004,'2023-12-20 08:46:05'),(2797,979,982,'2023-12-26 09:28:53'),(2798,983,986,'2023-12-26 09:30:03'),(2799,979,982,'2023-12-26 13:29:58'),(2800,979,982,'2023-12-26 14:23:41'),(2801,983,986,'2023-12-27 03:01:10'),(2802,983,986,'2023-12-28 04:33:44'),(2803,157,162,'2023-12-29 09:53:00'),(2804,964,967,'2024-01-02 02:41:03'),(2805,1003,1003,'2024-01-02 02:41:44'),(2806,983,986,'2024-01-02 03:19:23'),(2807,983,986,'2024-01-02 07:45:21'),(2808,1009,1008,'2024-01-02 08:07:45'),(2809,964,967,'2024-01-03 02:19:38'),(2810,983,986,'2024-01-03 04:45:37'),(2811,1011,1010,'2024-01-03 05:08:47'),(2812,983,986,'2024-01-03 07:57:39'),(2813,1010,1009,'2024-01-03 16:25:45'),(2814,983,986,'2024-01-04 01:50:52'),(2815,964,967,'2024-01-04 04:49:19'),(2816,1012,1011,'2024-01-04 06:19:10'),(2817,983,986,'2024-01-04 06:42:32'),(2818,1012,1011,'2024-01-04 06:49:38'),(2819,1012,1011,'2024-01-04 06:49:40'),(2820,1011,1010,'2024-01-04 10:48:32'),(2821,983,986,'2024-01-04 11:47:52'),(2822,1010,1009,'2024-01-05 00:46:31'),(2823,734,737,'2024-01-05 06:56:47'),(2824,983,986,'2024-01-05 18:38:51'),(2825,911,914,'2024-01-06 01:09:39'),(2826,157,162,'2024-01-06 01:10:16'),(2827,1010,1009,'2024-01-07 06:35:01'),(2828,911,914,'2024-01-08 02:12:16'),(2829,911,914,'2024-01-08 02:13:43'),(2830,157,162,'2024-01-08 02:17:57'),(2831,911,914,'2024-01-08 02:33:37'),(2832,911,914,'2024-01-08 03:30:21'),(2833,130,133,'2024-01-08 03:43:33'),(2834,983,986,'2024-01-08 03:47:11'),(2835,983,986,'2024-01-08 03:47:56'),(2836,964,967,'2024-01-08 04:31:09'),(2837,983,986,'2024-01-08 06:53:04'),(2838,157,162,'2024-01-08 07:27:09'),(2839,911,914,'2024-01-09 02:21:12'),(2840,983,986,'2024-01-09 02:55:41'),(2841,911,914,'2024-01-09 03:29:02'),(2842,911,914,'2024-01-09 03:30:18'),(2843,911,914,'2024-01-09 03:31:03'),(2844,911,914,'2024-01-09 03:31:36'),(2845,983,986,'2024-01-09 08:30:54'),(2846,157,162,'2024-01-09 08:31:10'),(2847,911,914,'2024-01-09 09:22:28'),(2848,911,914,'2024-01-09 09:22:29'),(2849,911,914,'2024-01-09 09:27:01'),(2850,983,986,'2024-01-09 09:58:56'),(2851,157,162,'2024-01-10 01:55:56'),(2852,983,986,'2024-01-10 01:59:23'),(2853,111,115,'2024-01-10 02:29:48'),(2854,111,115,'2024-01-10 04:23:22'),(2855,111,115,'2024-01-10 04:52:36'),(2856,964,967,'2024-01-10 04:55:54'),(2857,157,162,'2024-01-10 07:06:42'),(2858,111,115,'2024-01-10 09:30:15'),(2859,157,162,'2024-01-11 01:41:19'),(2860,899,902,'2024-01-12 04:04:46'),(2861,964,967,'2024-01-15 03:11:48'),(2862,1006,1006,'2024-01-15 04:43:50'),(2863,983,986,'2024-01-15 07:54:51'),(2864,911,914,'2024-01-15 07:55:38'),(2865,111,115,'2024-01-15 09:43:08'),(2866,157,162,'2024-01-15 10:48:50'),(2867,964,967,'2024-01-16 04:27:01'),(2868,983,986,'2024-01-16 06:50:50'),(2869,1017,1016,'2024-01-16 06:53:37'),(2870,964,967,'2024-01-16 07:41:52'),(2871,911,914,'2024-01-16 08:31:41'),(2872,983,986,'2024-01-16 08:32:25'),(2873,734,737,'2024-01-16 08:37:29'),(2874,734,737,'2024-01-16 08:46:17'),(2875,157,162,'2024-01-16 09:58:08'),(2876,1016,1015,'2024-01-17 01:16:59'),(2877,1015,1014,'2024-01-17 01:47:08'),(2878,164,169,'2024-01-17 07:01:22'),(2879,983,986,'2024-01-17 07:37:02'),(2880,911,914,'2024-01-17 07:42:03'),(2881,911,914,'2024-01-17 07:42:04'),(2882,911,914,'2024-01-17 08:15:50'),(2883,911,914,'2024-01-17 08:45:49'),(2884,911,914,'2024-01-17 08:45:49'),(2885,157,162,'2024-01-17 09:01:24'),(2886,130,133,'2024-01-17 09:02:23'),(2887,111,115,'2024-01-17 09:30:21'),(2888,753,756,'2024-01-17 13:23:08'),(2889,734,737,'2024-01-18 01:45:51'),(2890,911,914,'2024-01-18 02:17:34'),(2891,734,737,'2024-01-18 03:14:16'),(2892,157,162,'2024-01-18 03:16:14'),(2893,734,737,'2024-01-18 03:36:51'),(2894,111,115,'2024-01-18 06:41:19'),(2895,111,115,'2024-01-18 07:31:28'),(2896,111,115,'2024-01-18 07:44:30'),(2897,1014,1013,'2024-01-18 08:03:28'),(2898,1014,1013,'2024-01-18 09:37:37'),(2899,983,986,'2024-01-22 02:05:19'),(2900,964,967,'2024-01-22 02:27:10'),(2901,1019,1018,'2024-01-22 03:44:38'),(2902,1020,1019,'2024-01-22 03:45:23'),(2903,1021,1020,'2024-01-22 03:48:34'),(2904,911,914,'2024-01-22 05:25:46'),(2905,911,914,'2024-01-22 05:25:47'),(2906,911,914,'2024-01-22 06:59:34'),(2907,911,914,'2024-01-24 03:13:20'),(2908,157,162,'2024-01-24 03:17:47'),(2909,983,986,'2024-01-24 03:18:39'),(2910,111,115,'2024-01-24 03:34:55'),(2911,911,914,'2024-01-24 03:46:48'),(2912,983,986,'2024-01-24 04:21:43'),(2913,911,914,'2024-01-24 04:23:20'),(2914,911,914,'2024-01-24 04:27:55'),(2915,911,914,'2024-01-24 04:51:42'),(2916,1006,1006,'2024-01-25 00:45:26'),(2917,911,914,'2024-01-25 02:06:53'),(2918,983,986,'2024-01-25 02:07:06'),(2919,983,986,'2024-01-25 02:07:51'),(2920,911,914,'2024-01-25 02:28:44'),(2921,911,914,'2024-01-25 02:32:58'),(2922,911,914,'2024-01-25 02:33:23'),(2923,729,732,'2024-01-26 08:30:24'),(2924,911,914,'2024-01-26 08:32:50'),(2925,729,732,'2024-01-26 08:34:40'),(2926,808,811,'2024-01-26 08:37:22'),(2927,911,914,'2024-01-26 08:48:58'),(2928,983,986,'2024-01-29 06:49:36'),(2929,983,986,'2024-01-29 08:16:35'),(2930,983,986,'2024-01-29 08:17:47'),(2931,983,986,'2024-01-29 08:19:18'),(2932,983,986,'2024-01-29 08:55:10'),(2933,983,986,'2024-01-31 04:48:06'),(2934,157,162,'2024-01-31 06:24:58'),(2935,111,115,'2024-01-31 06:47:00'),(2936,111,115,'2024-01-31 07:00:11'),(2937,983,986,'2024-01-31 07:01:23'),(2938,983,986,'2024-01-31 07:25:08'),(2939,983,986,'2024-01-31 09:49:56'),(2940,157,162,'2024-01-31 13:38:42'),(2941,157,162,'2024-01-31 14:18:32'),(2942,1025,1025,'2024-01-31 14:26:32'),(2943,911,914,'2024-01-31 14:28:50'),(2944,157,162,'2024-01-31 14:29:31'),(2945,157,162,'2024-01-31 14:32:25'),(2946,1025,1025,'2024-01-31 14:35:14'),(2947,157,162,'2024-01-31 15:03:31'),(2948,1025,1025,'2024-01-31 15:10:45'),(2949,983,986,'2024-02-01 01:55:39'),(2950,983,986,'2024-02-01 02:46:43'),(2951,964,967,'2024-02-01 04:12:51'),(2952,1023,1023,'2024-02-01 04:18:14'),(2953,1026,1026,'2024-02-01 04:18:21'),(2954,1025,1025,'2024-02-01 04:41:16'),(2955,157,162,'2024-02-01 04:46:51'),(2956,1029,1029,'2024-02-01 04:56:12'),(2957,983,986,'2024-02-01 06:59:59'),(2958,157,162,'2024-02-02 01:25:58'),(2959,157,162,'2024-02-04 12:27:57'),(2960,1029,1029,'2024-02-04 12:29:21'),(2961,157,162,'2024-02-04 12:30:32'),(2962,911,914,'2024-02-04 12:35:57'),(2963,157,162,'2024-02-04 12:39:31'),(2964,1029,1029,'2024-02-04 12:47:32'),(2965,1029,1029,'2024-02-04 12:50:04'),(2966,157,162,'2024-02-04 13:12:56'),(2967,1025,1025,'2024-02-04 13:17:43'),(2968,1025,1025,'2024-02-04 13:20:38'),(2969,1031,1031,'2024-02-05 02:08:10'),(2970,1031,1031,'2024-02-05 02:23:57'),(2971,1031,1031,'2024-02-05 02:35:53'),(2972,157,162,'2024-02-05 03:29:38'),(2973,1018,1017,'2024-02-05 03:41:37'),(2974,1034,1034,'2024-02-05 03:49:46'),(2975,159,164,'2024-02-05 04:00:28'),(2976,964,967,'2024-02-05 04:08:20'),(2977,157,162,'2024-02-05 04:10:32'),(2978,983,986,'2024-02-05 04:10:59'),(2979,1013,1012,'2024-02-05 04:22:50'),(2980,983,986,'2024-02-05 06:55:55'),(2981,1029,1029,'2024-02-05 08:06:28'),(2982,1029,1029,'2024-02-05 08:10:43'),(2983,911,914,'2024-02-05 08:12:19'),(2984,157,162,'2024-02-05 08:29:17'),(2985,983,986,'2024-02-06 09:48:06'),(2986,983,986,'2024-02-07 06:20:21'),(2987,1209,1209,'2024-02-07 06:25:50'),(2988,1092,1092,'2024-02-07 06:26:11'),(2989,1039,1039,'2024-02-07 06:27:12'),(2990,1107,1107,'2024-02-07 06:27:50'),(2991,1131,1131,'2024-02-07 06:27:58'),(2992,1170,1170,'2024-02-07 06:28:27'),(2993,1112,1112,'2024-02-07 06:34:37'),(2994,1152,1152,'2024-02-07 06:34:43'),(2995,1050,1050,'2024-02-07 06:35:53'),(2996,1079,1079,'2024-02-07 06:37:12'),(2997,1080,1080,'2024-02-07 06:38:24'),(2998,1100,1100,'2024-02-07 06:52:51'),(2999,1162,1162,'2024-02-07 07:06:19'),(3000,1250,1250,'2024-02-07 07:21:02'),(3001,1067,1067,'2024-02-07 08:01:57'),(3002,1097,1097,'2024-02-07 08:22:15'),(3003,1067,1067,'2024-02-07 08:48:42'),(3004,1167,1167,'2024-02-07 08:49:10'),(3005,1050,1050,'2024-02-07 08:54:57'),(3006,1141,1141,'2024-02-07 08:59:23'),(3007,1172,1172,'2024-02-07 09:54:25'),(3008,1172,1172,'2024-02-07 09:54:26'),(3009,1131,1131,'2024-02-07 10:05:40'),(3010,1131,1131,'2024-02-07 10:05:42'),(3011,1189,1189,'2024-02-07 10:43:12'),(3012,1096,1096,'2024-02-07 10:49:18'),(3013,1121,1121,'2024-02-07 10:57:40'),(3014,1121,1121,'2024-02-07 10:57:41'),(3015,1043,1043,'2024-02-07 11:06:15'),(3016,1043,1043,'2024-02-07 11:39:37'),(3017,1061,1061,'2024-02-07 12:15:26'),(3018,1072,1072,'2024-02-07 12:58:46'),(3019,1253,1253,'2024-02-07 13:10:10'),(3020,1177,1177,'2024-02-07 13:33:39'),(3021,1073,1073,'2024-02-07 14:03:50'),(3022,1072,1072,'2024-02-07 14:27:11'),(3023,1093,1093,'2024-02-07 16:35:47'),(3024,1107,1107,'2024-02-07 16:46:07'),(3025,1172,1172,'2024-02-07 18:39:01'),(3026,1082,1082,'2024-02-07 22:57:55'),(3027,1124,1124,'2024-02-07 23:22:11'),(3028,1121,1121,'2024-02-07 23:29:47'),(3029,1121,1121,'2024-02-07 23:29:49'),(3030,1082,1082,'2024-02-07 23:31:34'),(3031,1121,1121,'2024-02-08 00:07:53'),(3032,1072,1072,'2024-02-08 00:10:04'),(3033,1072,1072,'2024-02-08 00:10:05'),(3034,1132,1132,'2024-02-08 02:14:12'),(3035,1044,1044,'2024-02-08 03:02:30'),(3036,1055,1055,'2024-02-08 03:58:51'),(3037,1055,1055,'2024-02-08 04:03:57'),(3038,1132,1132,'2024-02-08 04:19:58'),(3039,1082,1082,'2024-02-08 04:21:44'),(3040,1162,1162,'2024-02-08 04:51:12'),(3041,1162,1162,'2024-02-08 05:09:39'),(3042,1090,1090,'2024-02-08 05:22:17'),(3043,1067,1067,'2024-02-08 06:10:24'),(3044,1090,1090,'2024-02-08 06:14:57'),(3045,1132,1132,'2024-02-08 12:34:31'),(3046,1132,1132,'2024-02-08 12:35:46'),(3047,1104,1104,'2024-02-08 14:14:29'),(3048,1104,1104,'2024-02-08 14:14:31'),(3049,1172,1172,'2024-02-09 01:22:38'),(3050,1082,1082,'2024-02-09 01:56:43'),(3051,1082,1082,'2024-02-09 01:56:46'),(3052,1132,1132,'2024-02-09 02:31:41'),(3053,1121,1121,'2024-02-09 03:59:55'),(3054,1157,1157,'2024-02-09 04:26:12'),(3055,1067,1067,'2024-02-09 04:38:34'),(3056,983,986,'2024-02-09 07:52:42'),(3057,838,841,'2024-02-09 09:39:01'),(3058,983,986,'2024-02-09 09:39:37'),(3059,983,986,'2024-02-09 09:46:44'),(3060,1107,1107,'2024-02-09 10:58:52'),(3061,1112,1112,'2024-02-09 13:19:02'),(3062,1133,1133,'2024-02-09 15:31:00'),(3063,1053,1053,'2024-02-10 02:48:34'),(3064,1067,1067,'2024-02-10 13:25:09'),(3065,1053,1053,'2024-02-11 11:39:42'),(3066,1053,1053,'2024-02-11 11:39:44'),(3067,1083,1083,'2024-02-11 11:47:13'),(3068,1071,1071,'2024-02-11 12:23:41'),(3069,111,115,'2024-02-12 02:30:25'),(3070,1050,1050,'2024-02-12 02:55:52'),(3071,1090,1090,'2024-02-12 03:40:09'),(3072,1053,1053,'2024-02-12 05:04:03'),(3073,1053,1053,'2024-02-12 05:04:04'),(3074,1053,1053,'2024-02-12 05:04:09'),(3075,1053,1053,'2024-02-12 05:07:07'),(3076,1053,1053,'2024-02-12 05:07:12'),(3077,1053,1053,'2024-02-12 05:07:13'),(3078,157,162,'2024-02-13 07:19:44'),(3079,911,914,'2024-02-13 07:29:14'),(3080,157,162,'2024-02-13 07:37:26'),(3081,983,986,'2024-02-14 15:08:06'),(3082,1067,1067,'2024-02-14 16:44:06'),(3083,157,162,'2024-02-15 00:48:22'),(3084,157,162,'2024-02-15 00:50:14'),(3085,157,162,'2024-02-15 03:18:40'),(3086,983,986,'2024-02-15 03:26:05'),(3087,983,986,'2024-02-15 03:28:34'),(3088,157,162,'2024-02-15 03:39:35'),(3089,157,162,'2024-02-15 07:46:44'),(3090,157,162,'2024-02-15 07:54:10'),(3091,111,115,'2024-02-15 08:24:37'),(3092,157,162,'2024-02-15 08:43:29'),(3093,1073,1073,'2024-02-15 08:46:22'),(3094,1097,1097,'2024-02-15 08:46:30'),(3095,1131,1131,'2024-02-15 08:46:53'),(3096,1067,1067,'2024-02-15 08:46:56'),(3097,1210,1210,'2024-02-15 08:48:15'),(3098,1247,1247,'2024-02-15 08:51:18'),(3099,1247,1247,'2024-02-15 08:52:07'),(3100,1371,1370,'2024-02-15 09:21:35'),(3101,1371,1370,'2024-02-15 09:21:37'),(3102,1391,1390,'2024-02-15 09:25:07'),(3103,1266,1265,'2024-02-15 09:26:51'),(3104,911,914,'2024-02-15 09:31:41'),(3105,157,162,'2024-02-15 09:32:06'),(3106,983,986,'2024-02-15 09:34:28'),(3107,1383,1382,'2024-02-15 09:35:47'),(3108,1437,1437,'2024-02-15 09:40:24'),(3109,1459,1459,'2024-02-15 09:41:50'),(3110,983,986,'2024-02-15 09:42:29'),(3111,1391,1390,'2024-02-15 09:50:10'),(3112,1282,1281,'2024-02-15 09:58:42'),(3113,1224,1224,'2024-02-15 09:59:11'),(3114,1306,1305,'2024-02-15 10:11:13'),(3115,1306,1305,'2024-02-15 10:11:14'),(3116,1289,1288,'2024-02-15 10:12:21'),(3117,1282,1281,'2024-02-15 10:15:16'),(3118,1259,1258,'2024-02-15 10:38:00'),(3119,1284,1283,'2024-02-15 10:44:33'),(3120,1352,1351,'2024-02-15 11:37:52'),(3121,1352,1351,'2024-02-15 11:37:53'),(3122,1352,1351,'2024-02-15 11:37:57'),(3123,1284,1283,'2024-02-15 11:46:01'),(3124,1365,1364,'2024-02-15 11:58:48'),(3125,1298,1297,'2024-02-15 12:12:18'),(3126,1107,1107,'2024-02-15 12:31:55'),(3127,1112,1112,'2024-02-15 13:14:37'),(3128,1112,1112,'2024-02-15 13:21:41'),(3129,1526,1526,'2024-02-15 13:29:36'),(3130,1353,1352,'2024-02-15 15:14:06'),(3131,1096,1096,'2024-02-15 15:58:08'),(3132,1290,1289,'2024-02-15 19:14:08'),(3133,1162,1162,'2024-02-16 00:55:51'),(3134,1132,1132,'2024-02-16 03:12:19'),(3135,1523,1523,'2024-02-16 04:05:08'),(3136,1591,1591,'2024-02-16 05:33:29'),(3137,1591,1591,'2024-02-16 05:33:31'),(3138,1040,1040,'2024-02-16 05:52:44'),(3139,1053,1053,'2024-02-16 09:27:30'),(3140,1053,1053,'2024-02-16 09:27:32'),(3141,1053,1053,'2024-02-16 09:30:51'),(3142,1053,1053,'2024-02-16 09:30:56'),(3143,1053,1053,'2024-02-16 09:41:45'),(3144,1039,1039,'2024-02-16 12:24:53'),(3145,1427,1427,'2024-02-16 13:09:25'),(3146,1053,1053,'2024-02-16 15:12:37'),(3147,1555,1555,'2024-02-16 15:32:02'),(3148,1458,1458,'2024-02-17 02:49:32'),(3149,1297,1296,'2024-02-19 02:58:25'),(3150,111,115,'2024-02-19 02:59:40'),(3151,111,115,'2024-02-19 03:13:20'),(3152,1289,1288,'2024-02-19 03:32:39'),(3153,1172,1172,'2024-02-19 05:08:51'),(3154,1172,1172,'2024-02-19 05:08:53'),(3155,1172,1172,'2024-02-19 05:11:00'),(3156,1172,1172,'2024-02-19 05:11:02'),(3157,111,115,'2024-02-19 06:22:48'),(3158,157,162,'2024-02-19 11:18:12'),(3159,157,162,'2024-02-19 13:17:29'),(3160,159,164,'2024-02-21 07:51:03'),(3161,1108,1108,'2024-02-21 10:43:18'),(3162,1067,1067,'2024-02-21 16:26:54'),(3163,157,162,'2024-02-22 04:38:10'),(3164,983,986,'2024-02-22 04:44:48'),(3165,1274,1273,'2024-02-22 05:43:21'),(3166,734,737,'2024-02-23 01:52:23'),(3167,964,967,'2024-02-23 03:35:29'),(3168,157,162,'2024-02-23 09:30:47'),(3169,1306,1305,'2024-02-23 11:50:06'),(3170,1072,1072,'2024-02-26 17:00:50'),(3171,1072,1072,'2024-02-26 17:00:51'),(3172,157,162,'2024-02-27 03:21:30'),(3173,1787,1787,'2024-02-27 03:31:27'),(3174,1607,1607,'2024-02-27 03:31:53'),(3175,1931,1931,'2024-02-27 03:33:23'),(3176,2003,2003,'2024-02-27 03:33:47'),(3177,1990,1990,'2024-02-27 03:33:57'),(3178,1783,1783,'2024-02-27 03:34:13'),(3179,2245,2245,'2024-02-27 03:35:10'),(3180,1817,1817,'2024-02-27 03:37:20'),(3181,2318,2318,'2024-02-27 03:37:29'),(3182,2108,2108,'2024-02-27 03:37:55'),(3183,1771,1771,'2024-02-27 03:39:13'),(3184,2333,2333,'2024-02-27 03:41:18'),(3185,2215,2215,'2024-02-27 03:41:28'),(3186,2215,2215,'2024-02-27 03:41:31'),(3187,1941,1941,'2024-02-27 03:44:05'),(3188,2361,2361,'2024-02-27 03:45:04'),(3189,1877,1877,'2024-02-27 03:46:11'),(3190,2082,2082,'2024-02-27 03:46:18'),(3191,2082,2082,'2024-02-27 03:46:21'),(3192,2082,2082,'2024-02-27 03:46:23'),(3193,2084,2084,'2024-02-27 03:46:29'),(3194,1651,1651,'2024-02-27 03:47:35'),(3195,2056,2056,'2024-02-27 03:48:17'),(3196,2155,2155,'2024-02-27 03:49:38'),(3197,2095,2095,'2024-02-27 03:49:44'),(3198,1961,1961,'2024-02-27 03:52:51'),(3199,2143,2143,'2024-02-27 03:54:08'),(3200,1610,1610,'2024-02-27 03:56:17'),(3201,2164,2164,'2024-02-27 03:57:41'),(3202,1796,1796,'2024-02-27 03:58:01'),(3203,1796,1796,'2024-02-27 03:58:03'),(3204,1764,1764,'2024-02-27 04:00:38'),(3205,1863,1863,'2024-02-27 04:00:52'),(3206,1878,1878,'2024-02-27 04:02:34'),(3207,1822,1822,'2024-02-27 04:03:29'),(3208,2002,2002,'2024-02-27 04:04:41'),(3209,1698,1698,'2024-02-27 04:05:07'),(3210,2002,2002,'2024-02-27 04:06:49'),(3211,983,986,'2024-02-27 04:07:11'),(3212,2614,2615,'2024-02-27 04:13:41'),(3213,1628,1628,'2024-02-27 04:16:22'),(3214,2218,2218,'2024-02-27 04:18:10'),(3215,2018,2018,'2024-02-27 04:19:07'),(3216,1618,1618,'2024-02-27 04:20:42'),(3217,2018,2018,'2024-02-27 04:21:18'),(3218,1634,1634,'2024-02-27 04:22:50'),(3219,2250,2250,'2024-02-27 04:23:48'),(3220,1759,1759,'2024-02-27 04:24:33'),(3221,2560,2561,'2024-02-27 04:25:25'),(3222,1672,1672,'2024-02-27 04:26:11'),(3223,1756,1756,'2024-02-27 04:28:54'),(3224,2250,2250,'2024-02-27 04:32:03'),(3225,2500,2501,'2024-02-27 04:34:15'),(3226,1762,1762,'2024-02-27 04:35:14'),(3227,2056,2056,'2024-02-27 04:36:26'),(3228,157,162,'2024-02-27 04:36:51'),(3229,2165,2165,'2024-02-27 04:44:11'),(3230,2165,2165,'2024-02-27 04:44:45'),(3231,2007,2007,'2024-02-27 04:55:24'),(3232,2007,2007,'2024-02-27 04:55:26'),(3233,1809,1809,'2024-02-27 05:00:39'),(3234,1874,1874,'2024-02-27 05:09:42'),(3235,2356,2356,'2024-02-27 05:10:35'),(3236,2210,2210,'2024-02-27 05:17:12'),(3237,1647,1647,'2024-02-27 05:38:36'),(3238,1983,1983,'2024-02-27 05:40:43'),(3239,2155,2155,'2024-02-27 05:46:44'),(3240,1647,1647,'2024-02-27 05:51:27'),(3241,1647,1647,'2024-02-27 05:51:27'),(3242,2283,2283,'2024-02-27 05:52:59'),(3243,2508,2509,'2024-02-27 06:03:50'),(3244,1615,1615,'2024-02-27 06:06:08'),(3245,2334,2334,'2024-02-27 06:07:41'),(3246,2042,2042,'2024-02-27 06:21:13'),(3247,1655,1655,'2024-02-27 06:32:25'),(3248,1735,1735,'2024-02-27 06:45:39'),(3249,1827,1827,'2024-02-27 06:47:02'),(3250,2217,2217,'2024-02-27 06:50:56'),(3251,2090,2090,'2024-02-27 06:53:49'),(3252,2188,2188,'2024-02-27 06:56:20'),(3253,1635,1635,'2024-02-27 07:05:13'),(3254,1635,1635,'2024-02-27 07:11:05'),(3255,1635,1635,'2024-02-27 07:16:18'),(3256,1635,1635,'2024-02-27 07:22:44'),(3257,1635,1635,'2024-02-27 07:25:20'),(3258,2210,2210,'2024-02-27 07:26:35'),(3259,2210,2210,'2024-02-27 07:26:38'),(3260,2259,2259,'2024-02-27 07:42:16'),(3261,2465,2466,'2024-02-27 08:01:57'),(3262,2465,2466,'2024-02-27 08:01:57'),(3263,2465,2466,'2024-02-27 08:01:59'),(3264,2465,2466,'2024-02-27 08:02:00'),(3265,2465,2466,'2024-02-27 08:02:02'),(3266,2081,2081,'2024-02-27 08:05:21'),(3267,1760,1760,'2024-02-27 08:30:35'),(3268,1993,1993,'2024-02-27 08:31:06'),(3269,2453,2454,'2024-02-27 08:53:25'),(3270,1981,1981,'2024-02-27 08:53:38'),(3271,1888,1888,'2024-02-27 08:54:45'),(3272,1611,1611,'2024-02-27 08:58:07'),(3273,1792,1792,'2024-02-27 09:25:19'),(3274,2080,2080,'2024-02-27 09:41:31'),(3275,2080,2080,'2024-02-27 09:41:34'),(3276,157,162,'2024-02-27 09:55:09'),(3277,1836,1836,'2024-02-27 10:05:53'),(3278,1955,1955,'2024-02-27 10:30:00'),(3279,1647,1647,'2024-02-27 11:03:03'),(3280,1651,1651,'2024-02-27 11:33:59'),(3281,2341,2341,'2024-02-27 12:19:33'),(3282,1800,1800,'2024-02-27 12:32:45'),(3283,1892,1892,'2024-02-27 12:40:14'),(3284,2464,2465,'2024-02-27 12:49:36'),(3285,1776,1776,'2024-02-27 12:54:44'),(3286,1999,1999,'2024-02-27 12:55:51'),(3287,1615,1615,'2024-02-27 13:34:53'),(3288,2464,2465,'2024-02-27 13:40:45'),(3289,1756,1756,'2024-02-27 14:14:29'),(3290,1756,1756,'2024-02-27 14:14:32'),(3291,1877,1877,'2024-02-27 14:15:55'),(3292,1877,1877,'2024-02-27 14:16:42'),(3293,1954,1954,'2024-02-27 14:22:12'),(3294,1882,1882,'2024-02-27 15:15:45'),(3295,1635,1635,'2024-02-27 16:30:39'),(3296,2457,2458,'2024-02-27 17:28:46'),(3297,1780,1780,'2024-02-27 17:32:42'),(3298,2454,2455,'2024-02-28 00:16:58'),(3299,1756,1756,'2024-02-28 01:18:22'),(3300,1882,1882,'2024-02-28 02:15:26'),(3301,2599,2600,'2024-02-28 03:05:00'),(3302,1635,1635,'2024-02-28 03:33:07'),(3303,1698,1698,'2024-02-28 03:51:14'),(3304,1731,1731,'2024-02-28 06:17:58'),(3305,2464,2465,'2024-02-28 06:40:58'),(3306,2464,2465,'2024-02-28 06:40:59'),(3307,1760,1760,'2024-02-28 07:30:43'),(3308,1760,1760,'2024-02-28 07:30:43'),(3309,157,162,'2024-02-28 09:48:13'),(3310,2553,2554,'2024-02-28 09:49:10'),(3311,2553,2554,'2024-02-28 09:49:12'),(3312,2109,2109,'2024-02-28 11:31:08'),(3313,2210,2210,'2024-02-28 12:02:38'),(3314,2090,2090,'2024-02-28 13:58:16'),(3315,2090,2090,'2024-02-28 13:58:16'),(3316,2600,2601,'2024-02-28 14:46:37'),(3317,1858,1858,'2024-02-28 15:30:30'),(3318,2326,2326,'2024-02-28 17:00:38'),(3319,1643,1643,'2024-02-28 17:52:36'),(3320,1875,1875,'2024-02-28 20:15:17'),(3321,1622,1622,'2024-02-29 01:17:49'),(3322,1735,1735,'2024-02-29 03:19:15'),(3323,2620,2621,'2024-02-29 03:54:19'),(3324,1258,1257,'2024-02-29 04:31:11'),(3325,2508,2509,'2024-02-29 04:59:36'),(3326,2508,2509,'2024-02-29 05:23:58'),(3327,1125,1125,'2024-02-29 06:26:13'),(3328,1735,1735,'2024-02-29 06:35:18');

--
-- Table structure for table `log_upload`
--

CREATE TABLE `log_upload` (
  `id_log` int NOT NULL AUTO_INCREMENT,
  `menu` varchar(225) DEFAULT NULL,
  `title` varchar(255) DEFAULT NULL,
  `code` varchar(10) DEFAULT NULL,
  `event` varchar(25) DEFAULT NULL,
  `row` int DEFAULT NULL,
  `deskripsi` varchar(255) DEFAULT NULL,
  `filename` varchar(255) DEFAULT NULL,
  `id_user` int DEFAULT NULL,
  `id_uploader` int DEFAULT NULL,
  `status_email_send` int DEFAULT '0',
  `created_at` datetime NOT NULL DEFAULT CURRENT_TIMESTAMP,
  PRIMARY KEY (`id_log`)
) ENGINE=InnoDB AUTO_INCREMENT=3786 DEFAULT CHARSET=latin1;

--
-- Dumping data for table `log_upload`
--



--
-- Table structure for table `network`
--

CREATE TABLE `network` (
  `id_network` int NOT NULL AUTO_INCREMENT,
  `kd_network` varchar(25) CHARACTER SET latin1 COLLATE latin1_swedish_ci NOT NULL,
  `kd_company` varchar(5) DEFAULT NULL,
  `company` varchar(100) DEFAULT NULL,
  `nama_network` varchar(100) NOT NULL,
  `type` varchar(50) DEFAULT NULL,
  PRIMARY KEY (`id_network`)
) ENGINE=InnoDB AUTO_INCREMENT=17 DEFAULT CHARSET=latin1;

--
-- Dumping data for table `network`
--

INSERT INTO `network` VALUES (1,'NA009',NULL,NULL,'BALI',NULL),(2,'NA003',NULL,NULL,'BANTEN',NULL),(3,'NA005',NULL,NULL,'BODEBEK',NULL),(4,'NA004',NULL,NULL,'DKI JAKARTA',NULL),(5,'NA012',NULL,NULL,'INDONESIA TIMUR 1',NULL),(6,'NA013',NULL,NULL,'INDONESIA TIMUR 2',NULL),(7,'NA006',NULL,NULL,'JAWA BARAT',NULL),(8,'NA007',NULL,NULL,'JAWA TENGAH',NULL),(9,'NA008',NULL,NULL,'JAWA TIMUR',NULL),(10,'NA011',NULL,NULL,'KALIMANTAN',NULL),(11,'NA010',NULL,NULL,'NUSA TENGGARA',NULL),(12,'NA002',NULL,NULL,'SUMBAGSEL',NULL),(13,'NA001',NULL,NULL,'SUMBAGUT',NULL),(14,'OR001',NULL,NULL,'HEAD OFFICE',NULL),(15,'OR002',NULL,NULL,'HEAD OFFICE KRANGGAN',NULL),(16,'OR003',NULL,NULL,'NETWORK',NULL);

--
-- Table structure for table `parameter_sertifikat`
--

CREATE TABLE `parameter_sertifikat` (
  `id` int NOT NULL AUTO_INCREMENT,
  `background` varchar(100) DEFAULT NULL,
  `backgroundback` varchar(100) DEFAULT NULL,
  `logo` varchar(100) DEFAULT NULL,
  `judul` varchar(100) DEFAULT NULL,
  `redaksi1` text,
  `redaksi2` text,
  `ttd` varchar(100) DEFAULT NULL,
  `nama_ttd` varchar(100) DEFAULT NULL,
  `jabatan_ttd` varchar(50) DEFAULT NULL,
  PRIMARY KEY (`id`)
) ENGINE=InnoDB AUTO_INCREMENT=2 DEFAULT CHARSET=utf8mb4 COLLATE=utf8mb4_0900_ai_ci;

--
-- Dumping data for table `parameter_sertifikat`
--

INSERT INTO `parameter_sertifikat` VALUES (1,'230919112645_background.png','230919112645_backgroundback.png','230919112645_logo.png','Sertifikat','Dengan bangga memberikan sertifikat ini kepada :','Yang telah mengikuti Pelatihan','230919112645_ttd.png','M. Ershad Al Annas','VP Jagoti');

--
-- Table structure for table `payment_method`
--

CREATE TABLE `payment_method` (
  `id` tinyint unsigned NOT NULL AUTO_INCREMENT,
  `code` varchar(30) NOT NULL,
  `nama` varchar(30) NOT NULL,
  PRIMARY KEY (`id`)
) ENGINE=InnoDB AUTO_INCREMENT=14 DEFAULT CHARSET=utf8mb3;

--
-- Dumping data for table `payment_method`
--

INSERT INTO `payment_method` VALUES (1,'credit_card','Credit card'),(2,'gopay','Gopay'),(3,'qris','QRIS'),(4,'shopeepay','Shopeepay'),(5,'bank_transfer','Bank transfer'),(6,'echannel','Mandiri echannel'),(7,'bca_klikpay','BCA klikpay'),(8,'bca_klikbca','KlikBCA'),(9,'cimb_clicks','CIMB Clicks'),(10,'danamon_online','Danamon Online Banking'),(11,'cstore','Over the Counter'),(12,'akulaku','Akulaku'),(13,'bri_epay','BRImo');

--
-- Table structure for table `pembayaran`
--

CREATE TABLE `pembayaran` (
  `id` int NOT NULL AUTO_INCREMENT,
  `id_user` int NOT NULL,
  `id_user_lms` int NOT NULL,
  `id_course` int NOT NULL,
  `bukti_pembayaran` text CHARACTER SET utf8mb4 COLLATE utf8mb4_0900_ai_ci,
  `status_pembayaran` varchar(25) NOT NULL,
  `created_date` timestamp NOT NULL DEFAULT CURRENT_TIMESTAMP,
  PRIMARY KEY (`id`)
) ENGINE=InnoDB AUTO_INCREMENT=56 DEFAULT CHARSET=utf8mb4 COLLATE=utf8mb4_0900_ai_ci;

--
-- Dumping data for table `pembayaran`
--

INSERT INTO `pembayaran` VALUES (45,177,182,53,'230920024642230713094122_logo.png','Diterima','2023-09-20 07:46:42'),(46,182,186,54,'230920032526IMG_8279.png','Diterima','2023-09-20 08:25:26'),(47,182,186,53,'2309210154382.jpg','Diterima','2023-09-21 06:54:38'),(48,182,186,52,'230921033319IMG_8326.png','Diterima','2023-09-21 08:33:19'),(49,194,193,52,'230925094915IMG-20230925-WA0011.jpg','Check','2023-09-25 02:49:15'),(50,197,197,54,'230927025237WhatsApp Image 2023-09-26 at 18.01.15.jpeg','Check','2023-09-27 07:52:37'),(51,197,197,54,'230927025239WhatsApp Image 2023-09-26 at 18.01.15.jpeg','Check','2023-09-27 07:52:39'),(52,197,197,54,'230927025241WhatsApp Image 2023-09-26 at 18.01.15.jpeg','Check','2023-09-27 07:52:41'),(53,941,944,62,'231129102033IMG-20231123-WA0008 - Zihan Nabila.jpg','Check','2023-11-29 03:20:33'),(54,911,914,106,'231211111355Screenshot 2023-12-11 111347.png','Diterima','2023-12-11 04:13:55'),(55,734,737,62,'231219112802bukti pencatatan PKWT PGN.pdf','Check','2023-12-19 04:28:02');

--
-- Table structure for table `personnel_status`
--

CREATE TABLE `personnel_status` (
  `id_status` int NOT NULL AUTO_INCREMENT,
  `kd_status` varchar(5) DEFAULT NULL,
  `status` varchar(25) NOT NULL,
  PRIMARY KEY (`id_status`)
) ENGINE=InnoDB AUTO_INCREMENT=5 DEFAULT CHARSET=latin1;

--
-- Dumping data for table `personnel_status`
--

INSERT INTO `personnel_status` VALUES (1,'SP01','Karyawan Internal'),(2,'SP02','Karyawan Alih Daya'),(3,'SP03','Kandidat'),(4,'SP04','Umum');

--
-- Table structure for table `rating`
--

CREATE TABLE `rating` (
  `id_rating` int NOT NULL AUTO_INCREMENT,
  `id_course` int NOT NULL,
  `id_user` int NOT NULL,
  `id_rating_question` int NOT NULL,
  `category` varchar(50) DEFAULT NULL,
  `rate` int DEFAULT NULL,
  `answer` varchar(255) DEFAULT NULL,
  `created_at` datetime DEFAULT CURRENT_TIMESTAMP,
  `updated_at` datetime DEFAULT CURRENT_TIMESTAMP ON UPDATE CURRENT_TIMESTAMP,
  PRIMARY KEY (`id_rating`)
) ENGINE=InnoDB AUTO_INCREMENT=1999 DEFAULT CHARSET=utf8mb4 COLLATE=utf8mb4_0900_ai_ci;

--
-- Dumping data for table `rating`
--

INSERT INTO `rating` VALUES (19,54,182,1,'stars',1,NULL,'2023-09-20 14:55:39','2023-09-20 14:55:39'),(20,54,182,2,'stars',2,NULL,'2023-09-20 14:55:39','2023-09-20 14:55:39'),(21,54,182,3,'stars',3,NULL,'2023-09-20 14:55:39','2023-09-20 14:55:39'),(22,54,182,4,'stars',5,NULL,'2023-09-20 14:55:39','2023-09-20 14:55:39'),(23,54,182,5,'input',NULL,'Bagus','2023-09-20 14:55:39','2023-09-20 14:55:39'),(24,54,182,6,'input',NULL,'Bagus','2023-09-20 14:55:39','2023-09-20 14:55:39'),(25,54,176,1,'stars',5,NULL,'2023-09-20 16:13:09','2023-09-20 16:13:09'),(26,54,176,2,'stars',5,NULL,'2023-09-20 16:13:09','2023-09-20 16:13:09'),(27,54,176,3,'stars',5,NULL,'2023-09-20 16:13:09','2023-09-20 16:13:09'),(28,54,176,4,'stars',5,NULL,'2023-09-20 16:13:09','2023-09-20 16:13:09'),(29,54,176,5,'input',NULL,'penyampaian jelas dan mudah di pahmi','2023-09-20 16:13:09','2023-09-20 16:13:09'),(30,54,176,6,'input',NULL,NULL,'2023-09-20 16:13:09','2023-09-20 16:13:09'),(31,52,177,1,'stars',0,NULL,'2023-09-21 11:29:05','2023-09-21 11:29:05'),(32,52,177,2,'stars',0,NULL,'2023-09-21 11:29:05','2023-09-21 11:29:05'),(33,52,177,3,'stars',0,NULL,'2023-09-21 11:29:05','2023-09-21 11:29:05'),(34,52,177,4,'stars',0,NULL,'2023-09-21 11:29:05','2023-09-21 11:29:05'),(35,52,177,5,'input',NULL,NULL,'2023-09-21 11:29:05','2023-09-21 11:29:05'),(36,52,177,6,'input',NULL,NULL,'2023-09-21 11:29:05','2023-09-21 11:29:05'),(37,54,186,1,'stars',5,NULL,'2023-09-21 14:33:29','2023-09-21 14:33:29'),(38,54,186,2,'stars',0,NULL,'2023-09-21 14:33:29','2023-09-21 14:33:29'),(39,54,186,3,'stars',5,NULL,'2023-09-21 14:33:29','2023-09-21 14:33:29'),(40,54,186,4,'stars',5,NULL,'2023-09-21 14:33:29','2023-09-21 14:33:29'),(41,54,186,5,'input',NULL,'Test','2023-09-21 14:33:29','2023-09-21 14:33:29'),(42,54,186,6,'input',NULL,NULL,'2023-09-21 14:33:29','2023-09-21 14:33:29'),(43,53,186,1,'stars',5,NULL,'2023-09-21 14:39:26','2023-09-21 14:39:26'),(44,53,186,2,'stars',5,NULL,'2023-09-21 14:39:26','2023-09-21 14:39:26'),(45,53,186,3,'stars',0,NULL,'2023-09-21 14:39:26','2023-09-21 14:39:26'),(46,53,186,4,'stars',5,NULL,'2023-09-21 14:39:26','2023-09-21 14:39:26'),(47,53,186,5,'input',NULL,NULL,'2023-09-21 14:39:26','2023-09-21 14:39:26'),(48,53,186,6,'input',NULL,'Bagus','2023-09-21 14:39:26','2023-09-21 14:39:26'),(49,53,192,1,'stars',4,NULL,'2023-09-21 16:00:48','2023-09-21 16:00:48'),(50,53,192,2,'stars',5,NULL,'2023-09-21 16:00:48','2023-09-21 16:00:48'),(51,53,192,3,'stars',5,NULL,'2023-09-21 16:00:48','2023-09-21 16:00:48'),(52,53,192,4,'stars',5,NULL,'2023-09-21 16:00:48','2023-09-21 16:00:48'),(53,53,192,5,'input',NULL,'suaranya bagus','2023-09-21 16:00:48','2023-09-21 16:00:48'),(54,53,192,6,'input',NULL,'topik kesehatan','2023-09-21 16:00:48','2023-09-21 16:00:48'),(55,53,179,1,'stars',5,NULL,'2023-09-25 15:00:30','2023-09-25 15:00:30'),(56,53,179,2,'stars',3,NULL,'2023-09-25 15:00:30','2023-09-25 15:00:30'),(57,53,179,3,'stars',3,NULL,'2023-09-25 15:00:30','2023-09-25 15:00:30'),(58,53,179,4,'stars',5,NULL,'2023-09-25 15:00:30','2023-09-25 15:00:30'),(59,53,179,5,'input',NULL,'Bagus','2023-09-25 15:00:30','2023-09-25 15:00:30'),(60,53,179,6,'input',NULL,'Bagus','2023-09-25 15:00:30','2023-09-25 15:00:30'),(61,52,180,1,'stars',5,NULL,'2023-09-26 15:37:40','2023-09-26 15:37:40'),(62,52,180,2,'stars',5,NULL,'2023-09-26 15:37:40','2023-09-26 15:37:40'),(63,52,180,3,'stars',5,NULL,'2023-09-26 15:37:40','2023-09-26 15:37:40'),(64,52,180,4,'stars',5,NULL,'2023-09-26 15:37:40','2023-09-26 15:37:40'),(65,52,180,5,'input',NULL,'gsese','2023-09-26 15:37:40','2023-09-26 15:37:40'),(66,52,180,6,'input',NULL,'gseges','2023-09-26 15:37:40','2023-09-26 15:37:40'),(67,56,197,1,'stars',4,NULL,'2023-09-27 15:55:09','2023-09-27 15:55:09'),(68,56,197,2,'stars',5,NULL,'2023-09-27 15:55:09','2023-09-27 15:55:09'),(69,56,197,3,'stars',4,NULL,'2023-09-27 15:55:09','2023-09-27 15:55:09'),(70,56,197,4,'stars',5,NULL,'2023-09-27 15:55:09','2023-09-27 15:55:09'),(71,56,197,5,'input',NULL,'mantep','2023-09-27 15:55:09','2023-09-27 15:55:09'),(72,56,197,6,'input',NULL,'komunikasi','2023-09-27 15:55:09','2023-09-27 15:55:09'),(73,52,196,1,'stars',1,NULL,'2023-09-29 09:38:48','2023-09-29 09:38:48'),(74,52,196,2,'stars',5,NULL,'2023-09-29 09:38:48','2023-09-29 09:38:48'),(75,52,196,3,'stars',5,NULL,'2023-09-29 09:38:48','2023-09-29 09:38:48'),(76,52,196,4,'stars',4,NULL,'2023-09-29 09:38:48','2023-09-29 09:38:48'),(77,52,196,5,'input',NULL,'afaw','2023-09-29 09:38:48','2023-09-29 09:38:48'),(78,52,196,6,'input',NULL,'fafdaw','2023-09-29 09:38:48','2023-09-29 09:38:48'),(79,56,179,1,'stars',5,NULL,'2023-10-05 11:34:49','2023-10-05 11:34:49'),(80,56,179,2,'stars',5,NULL,'2023-10-05 11:34:49','2023-10-05 11:34:49'),(81,56,179,3,'stars',5,NULL,'2023-10-05 11:34:49','2023-10-05 11:34:49'),(82,56,179,4,'stars',5,NULL,'2023-10-05 11:34:49','2023-10-05 11:34:49'),(83,56,179,5,'input',NULL,'Sangat bagus','2023-10-05 11:34:49','2023-10-05 11:34:49'),(84,56,179,6,'input',NULL,'Leadership','2023-10-05 11:34:49','2023-10-05 11:34:49'),(85,52,186,1,'stars',5,NULL,'2023-10-16 15:02:30','2023-10-16 15:02:30'),(86,52,186,2,'stars',5,NULL,'2023-10-16 15:02:30','2023-10-16 15:02:30'),(87,52,186,3,'stars',5,NULL,'2023-10-16 15:02:30','2023-10-16 15:02:30'),(88,52,186,4,'stars',5,NULL,'2023-10-16 15:02:30','2023-10-16 15:02:30'),(89,52,186,5,'input',NULL,'Bagus','2023-10-16 15:02:30','2023-10-16 15:02:30'),(90,52,186,6,'input',NULL,'Bagus','2023-10-16 15:02:30','2023-10-16 15:02:30'),(91,54,180,1,'stars',5,NULL,'2023-10-19 11:17:44','2023-10-19 11:17:44'),(92,54,180,2,'stars',5,NULL,'2023-10-19 11:17:44','2023-10-19 11:17:44'),(93,54,180,3,'stars',4,NULL,'2023-10-19 11:17:44','2023-10-19 11:17:44'),(94,54,180,4,'stars',5,NULL,'2023-10-19 11:17:44','2023-10-19 11:17:44'),(95,54,180,5,'input',NULL,'safcasf','2023-10-19 11:17:44','2023-10-19 11:17:44'),(96,54,180,6,'input',NULL,'efwef','2023-10-19 11:17:44','2023-10-19 11:17:44'),(97,53,206,1,'stars',5,NULL,'2023-10-27 14:24:17','2023-10-27 14:24:17'),(98,53,206,2,'stars',5,NULL,'2023-10-27 14:24:17','2023-10-27 14:24:17'),(99,53,206,3,'stars',5,NULL,'2023-10-27 14:24:17','2023-10-27 14:24:17'),(100,53,206,4,'stars',5,NULL,'2023-10-27 14:24:17','2023-10-27 14:24:17'),(101,53,206,5,'input',NULL,'Luar biasa','2023-10-27 14:24:17','2023-10-27 14:24:17'),(102,53,206,6,'input',NULL,'Sangat mudah dimengerti','2023-10-27 14:24:17','2023-10-27 14:24:17'),(103,52,208,1,'stars',5,NULL,'2023-10-30 09:46:05','2023-10-30 09:46:05'),(104,52,208,2,'stars',4,NULL,'2023-10-30 09:46:05','2023-10-30 09:46:05'),(105,52,208,3,'stars',5,NULL,'2023-10-30 09:46:05','2023-10-30 09:46:05'),(106,52,208,4,'stars',4,NULL,'2023-10-30 09:46:05','2023-10-30 09:46:05'),(107,52,208,5,'input',NULL,'a','2023-10-30 09:46:05','2023-10-30 09:46:05'),(108,52,208,6,'input',NULL,'a','2023-10-30 09:46:05','2023-10-30 09:46:05'),(109,53,207,1,'stars',5,NULL,'2023-10-30 15:39:00','2023-10-30 15:39:00'),(110,53,207,2,'stars',5,NULL,'2023-10-30 15:39:00','2023-10-30 15:39:00'),(111,53,207,3,'stars',5,NULL,'2023-10-30 15:39:00','2023-10-30 15:39:00'),(112,53,207,4,'stars',5,NULL,'2023-10-30 15:39:00','2023-10-30 15:39:00'),(113,53,207,5,'input',NULL,'Sangat mudah dimengerti','2023-10-30 15:39:00','2023-10-30 15:39:00'),(114,53,207,6,'input',NULL,'Materi kepemimpinan','2023-10-30 15:39:00','2023-10-30 15:39:00'),(115,52,176,1,'stars',5,NULL,'2023-11-03 13:49:21','2023-11-03 13:49:21'),(116,52,176,2,'stars',4,NULL,'2023-11-03 13:49:21','2023-11-03 13:49:21'),(117,52,176,3,'stars',5,NULL,'2023-11-03 13:49:21','2023-11-03 13:49:21'),(118,52,176,4,'stars',5,NULL,'2023-11-03 13:49:21','2023-11-03 13:49:21'),(119,52,176,5,'input',NULL,'gr','2023-11-03 13:49:21','2023-11-03 13:49:21'),(120,52,176,6,'input',NULL,'grg','2023-11-03 13:49:21','2023-11-03 13:49:21'),(121,76,906,1,'stars',5,NULL,'2023-11-07 08:42:38','2023-11-07 08:42:38'),(122,76,906,2,'stars',5,NULL,'2023-11-07 08:42:38','2023-11-07 08:42:38'),(123,76,906,3,'stars',5,NULL,'2023-11-07 08:42:38','2023-11-07 08:42:38'),(124,76,906,4,'stars',5,NULL,'2023-11-07 08:42:38','2023-11-07 08:42:38'),(125,76,906,5,'input',NULL,'Bagus','2023-11-07 08:42:38','2023-11-07 08:42:38'),(126,76,906,6,'input',NULL,'Bagus','2023-11-07 08:42:38','2023-11-07 08:42:38'),(127,76,914,1,'stars',5,NULL,'2023-11-07 08:55:12','2023-11-07 08:55:12'),(128,76,914,2,'stars',5,NULL,'2023-11-07 08:55:12','2023-11-07 08:55:12'),(129,76,914,3,'stars',5,NULL,'2023-11-07 08:55:12','2023-11-07 08:55:12'),(130,76,914,4,'stars',5,NULL,'2023-11-07 08:55:12','2023-11-07 08:55:12'),(131,76,914,5,'input',NULL,'Menarik sekali','2023-11-07 08:55:12','2023-11-07 08:55:12'),(132,76,914,6,'input',NULL,'Manajemen Waktu','2023-11-07 08:55:12','2023-11-07 08:55:12'),(139,73,805,1,'stars',5,NULL,'2023-11-07 09:43:42','2023-11-07 09:43:42'),(140,73,805,2,'stars',4,NULL,'2023-11-07 09:43:42','2023-11-07 09:43:42'),(141,73,805,3,'stars',4,NULL,'2023-11-07 09:43:42','2023-11-07 09:43:42'),(142,73,805,4,'stars',4,NULL,'2023-11-07 09:43:42','2023-11-07 09:43:42'),(143,73,805,5,'input',NULL,'Ada beberapa script dan voicer over yg tidak sesuai','2023-11-07 09:43:42','2023-11-07 09:43:42'),(144,73,805,6,'input',NULL,'Training SOP SIM','2023-11-07 09:43:42','2023-11-07 09:43:42'),(145,73,751,1,'stars',5,NULL,'2023-11-07 11:06:08','2023-11-07 11:06:08'),(146,73,751,2,'stars',5,NULL,'2023-11-07 11:06:08','2023-11-07 11:06:08'),(147,73,751,3,'stars',5,NULL,'2023-11-07 11:06:08','2023-11-07 11:06:08'),(148,73,751,4,'stars',5,NULL,'2023-11-07 11:06:08','2023-11-07 11:06:08'),(149,73,751,5,'input',NULL,'training yang sangat bagus untuk merefresh dan membantu karyawan untuk lebih memahami perusahaan dan bekerja lebih baik lagi','2023-11-07 11:06:08','2023-11-07 11:06:08'),(150,73,751,6,'input',NULL,'kiat mengatasi / lebih tepatnya menanggapi / bersikap terhadapa lingkungan banyak suka tidak suka di lingkungan perusahaan','2023-11-07 11:06:08','2023-11-07 11:06:08'),(151,86,917,1,'stars',5,NULL,'2023-11-07 11:17:49','2023-11-07 11:17:49'),(152,86,917,2,'stars',5,NULL,'2023-11-07 11:17:49','2023-11-07 11:17:49'),(153,86,917,3,'stars',5,NULL,'2023-11-07 11:17:49','2023-11-07 11:17:49'),(154,86,917,4,'stars',5,NULL,'2023-11-07 11:17:49','2023-11-07 11:17:49'),(155,86,917,5,'input',NULL,'baik','2023-11-07 11:17:49','2023-11-07 11:17:49'),(156,86,917,6,'input',NULL,'sop','2023-11-07 11:17:49','2023-11-07 11:17:49'),(157,63,774,1,'stars',5,NULL,'2023-11-07 12:14:15','2023-11-07 12:14:15'),(158,63,774,2,'stars',3,NULL,'2023-11-07 12:14:15','2023-11-07 12:14:15'),(159,63,774,3,'stars',1,NULL,'2023-11-07 12:14:15','2023-11-07 12:14:15'),(160,63,774,4,'stars',5,NULL,'2023-11-07 12:14:15','2023-11-07 12:14:15'),(161,63,774,5,'input',NULL,'Video tidak dapat di putar','2023-11-07 12:14:15','2023-11-07 12:14:15'),(162,63,774,6,'input',NULL,'Bagus. Mohon dipertahankan','2023-11-07 12:14:15','2023-11-07 12:14:15'),(163,71,845,1,'stars',5,NULL,'2023-11-08 09:32:24','2023-11-08 09:32:24'),(164,71,845,2,'stars',5,NULL,'2023-11-08 09:32:24','2023-11-08 09:32:24'),(165,71,845,3,'stars',5,NULL,'2023-11-08 09:32:24','2023-11-08 09:32:24'),(166,71,845,4,'stars',5,NULL,'2023-11-08 09:32:24','2023-11-08 09:32:24'),(167,71,845,5,'input',NULL,'videonya kalo bisa jangan pop up , rawan di copy dan di download , nanti jagoti rugi klo pada download , ya gak sih? ya gaes ya!','2023-11-08 09:32:24','2023-11-08 09:32:24'),(168,71,845,6,'input',NULL,'Topik training sudah Guuuud  very guud tp perlu di improve tingkat kesulitannya','2023-11-08 09:32:24','2023-11-08 09:32:24'),(169,71,741,1,'stars',5,NULL,'2023-11-08 09:46:06','2023-11-08 09:46:06'),(170,71,741,2,'stars',5,NULL,'2023-11-08 09:46:06','2023-11-08 09:46:06'),(171,71,741,3,'stars',5,NULL,'2023-11-08 09:46:06','2023-11-08 09:46:06'),(172,71,741,4,'stars',5,NULL,'2023-11-08 09:46:06','2023-11-08 09:46:06'),(173,71,741,5,'input',NULL,'Untuk materi cukup mudah dipahami, bisa ditingkatkan lagi variasi untuk penyajian materinya','2023-11-08 09:46:06','2023-11-08 09:46:06'),(174,71,741,6,'input',NULL,'1. Leadership\n2. communication skill\n3. presentation skill\n4. relationship management','2023-11-08 09:46:06','2023-11-08 09:46:06'),(175,72,845,1,'stars',5,NULL,'2023-11-08 09:51:09','2023-11-08 09:51:09'),(176,72,845,2,'stars',5,NULL,'2023-11-08 09:51:09','2023-11-08 09:51:09'),(177,72,845,3,'stars',5,NULL,'2023-11-08 09:51:09','2023-11-08 09:51:09'),(178,72,845,4,'stars',5,NULL,'2023-11-08 09:51:09','2023-11-08 09:51:09'),(179,72,845,5,'input',NULL,'guud','2023-11-08 09:51:09','2023-11-08 09:51:09'),(180,72,845,6,'input',NULL,'guud','2023-11-08 09:51:09','2023-11-08 09:51:09'),(181,88,802,1,'stars',4,NULL,'2023-11-08 10:00:13','2023-11-08 10:00:13'),(182,88,802,2,'stars',5,NULL,'2023-11-08 10:00:13','2023-11-08 10:00:13'),(183,88,802,3,'stars',5,NULL,'2023-11-08 10:00:13','2023-11-08 10:00:13'),(184,88,802,4,'stars',4,NULL,'2023-11-08 10:00:13','2023-11-08 10:00:13'),(185,88,802,5,'input',NULL,'Durasi video terlalu lama','2023-11-08 10:00:13','2023-11-08 10:00:13'),(186,88,802,6,'input',NULL,'Manajemen Waktu','2023-11-08 10:00:13','2023-11-08 10:00:13'),(187,86,802,1,'stars',4,NULL,'2023-11-08 10:19:25','2023-11-08 10:19:25'),(188,86,802,2,'stars',5,NULL,'2023-11-08 10:19:25','2023-11-08 10:19:25'),(189,86,802,3,'stars',5,NULL,'2023-11-08 10:19:25','2023-11-08 10:19:25'),(190,86,802,4,'stars',5,NULL,'2023-11-08 10:19:25','2023-11-08 10:19:25'),(191,86,802,5,'input',NULL,'Durasi video terlalu panjang','2023-11-08 10:19:25','2023-11-08 10:19:25'),(192,86,802,6,'input',NULL,'Manajemen Waktu','2023-11-08 10:19:25','2023-11-08 10:19:25'),(193,85,947,1,'stars',5,NULL,'2023-11-08 13:04:27','2023-11-08 13:04:27'),(194,85,947,2,'stars',5,NULL,'2023-11-08 13:04:27','2023-11-08 13:04:27'),(195,85,947,3,'stars',5,NULL,'2023-11-08 13:04:27','2023-11-08 13:04:27'),(196,85,947,4,'stars',5,NULL,'2023-11-08 13:04:27','2023-11-08 13:04:27'),(197,85,947,5,'input',NULL,'SIMGROUP JAYA JAYA JAYA','2023-11-08 13:04:27','2023-11-08 13:04:27'),(198,85,947,6,'input',NULL,'TRAINING PUBLIC SPEAKING','2023-11-08 13:04:27','2023-11-08 13:04:27'),(199,105,794,1,'stars',4,NULL,'2023-11-08 16:17:50','2023-11-08 16:17:50'),(200,105,794,2,'stars',5,NULL,'2023-11-08 16:17:50','2023-11-08 16:17:50'),(201,105,794,3,'stars',5,NULL,'2023-11-08 16:17:50','2023-11-08 16:17:50'),(202,105,794,4,'stars',5,NULL,'2023-11-08 16:17:50','2023-11-08 16:17:50'),(203,105,794,5,'input',NULL,'Sudah sangat baik, usul untuk materi traning lebih interaktif misal bukan video tapi sebuah tampilan yg interactive antara user dan tampilan sehingga user juga tertarik dan tidak seperti komunikasi 1 araha saja','2023-11-08 16:17:50','2023-11-08 16:17:50'),(204,105,794,6,'input',NULL,'MANAJEMENT WAKTU','2023-11-08 16:17:50','2023-11-08 16:17:50'),(205,105,918,1,'stars',3,NULL,'2023-11-08 16:20:55','2023-11-08 16:20:55'),(206,105,918,2,'stars',5,NULL,'2023-11-08 16:20:55','2023-11-08 16:20:55'),(207,105,918,3,'stars',5,NULL,'2023-11-08 16:20:55','2023-11-08 16:20:55'),(208,105,918,4,'stars',5,NULL,'2023-11-08 16:20:55','2023-11-08 16:20:55'),(209,105,918,5,'input',NULL,'good','2023-11-08 16:20:55','2023-11-08 16:20:55'),(210,105,918,6,'input',NULL,'manajemen waktu','2023-11-08 16:20:55','2023-11-08 16:20:55'),(211,105,885,1,'stars',3,NULL,'2023-11-08 16:29:55','2023-11-08 16:29:55'),(212,105,885,2,'stars',5,NULL,'2023-11-08 16:29:55','2023-11-08 16:29:55'),(213,105,885,3,'stars',5,NULL,'2023-11-08 16:29:55','2023-11-08 16:29:55'),(214,105,885,4,'stars',5,NULL,'2023-11-08 16:29:55','2023-11-08 16:29:55'),(215,105,885,5,'input',NULL,'karena sebelumnya sudah pernah dan tau topik training tersebut, mungkin bisa diberikan topik baru','2023-11-08 16:29:55','2023-11-08 16:29:55'),(216,105,885,6,'input',NULL,'Mengelola emosi di tempat kerja','2023-11-08 16:29:55','2023-11-08 16:29:55'),(217,106,794,1,'stars',4,NULL,'2023-11-08 16:57:35','2023-11-08 16:57:35'),(218,106,794,2,'stars',5,NULL,'2023-11-08 16:57:35','2023-11-08 16:57:35'),(219,106,794,3,'stars',5,NULL,'2023-11-08 16:57:35','2023-11-08 16:57:35'),(220,106,794,4,'stars',5,NULL,'2023-11-08 16:57:35','2023-11-08 16:57:35'),(221,106,794,5,'input',NULL,'Materi lebih interaktif','2023-11-08 16:57:35','2023-11-08 16:57:35'),(222,106,794,6,'input',NULL,'Leadership','2023-11-08 16:57:35','2023-11-08 16:57:35'),(223,106,918,1,'stars',3,NULL,'2023-11-08 17:05:21','2023-11-08 17:05:21'),(224,106,918,2,'stars',5,NULL,'2023-11-08 17:05:21','2023-11-08 17:05:21'),(225,106,918,3,'stars',5,NULL,'2023-11-08 17:05:21','2023-11-08 17:05:21'),(226,106,918,4,'stars',5,NULL,'2023-11-08 17:05:21','2023-11-08 17:05:21'),(227,106,918,5,'input',NULL,'terbaik','2023-11-08 17:05:21','2023-11-08 17:05:21'),(228,106,918,6,'input',NULL,'manajemen stress','2023-11-08 17:05:21','2023-11-08 17:05:21'),(229,106,885,1,'stars',4,NULL,'2023-11-08 17:09:39','2023-11-08 17:09:39'),(230,106,885,2,'stars',5,NULL,'2023-11-08 17:09:39','2023-11-08 17:09:39'),(231,106,885,3,'stars',5,NULL,'2023-11-08 17:09:39','2023-11-08 17:09:39'),(232,106,885,4,'stars',5,NULL,'2023-11-08 17:09:39','2023-11-08 17:09:39'),(233,106,885,5,'input',NULL,'penjelasan detail dan mudah dipahami','2023-11-08 17:09:39','2023-11-08 17:09:39'),(234,106,885,6,'input',NULL,'time managament','2023-11-08 17:09:39','2023-11-08 17:09:39'),(235,86,778,1,'stars',3,NULL,'2023-11-09 12:43:30','2023-11-09 12:43:30'),(236,86,778,2,'stars',4,NULL,'2023-11-09 12:43:30','2023-11-09 12:43:30'),(237,86,778,3,'stars',5,NULL,'2023-11-09 12:43:30','2023-11-09 12:43:30'),(238,86,778,4,'stars',4,NULL,'2023-11-09 12:43:30','2023-11-09 12:43:30'),(239,86,778,5,'input',NULL,'Tampilan Jagoti mudah di mengerti dan dapat di gunakan secara langsung oleh pengguna baru','2023-11-09 12:43:30','2023-11-09 12:43:30'),(240,86,778,6,'input',NULL,'mungkin bisa di tambahkan pelatihan hardskill','2023-11-09 12:43:30','2023-11-09 12:43:30'),(241,68,925,1,'stars',5,NULL,'2023-11-09 21:03:57','2023-11-09 21:03:57'),(242,68,925,2,'stars',5,NULL,'2023-11-09 21:03:57','2023-11-09 21:03:57'),(243,68,925,3,'stars',5,NULL,'2023-11-09 21:03:57','2023-11-09 21:03:57'),(244,68,925,4,'stars',5,NULL,'2023-11-09 21:03:57','2023-11-09 21:03:57'),(245,68,925,5,'input',NULL,'bagus dengan ada nya e-learning ini , agar semua simers bisa me-refresh materi-materi training yang sudah pernah di sampaikan sebelumnya','2023-11-09 21:03:57','2023-11-09 21:03:57'),(246,68,925,6,'input',NULL,'Basic Communication dan Handling Complaint','2023-11-09 21:03:57','2023-11-09 21:03:57'),(247,62,925,1,'stars',5,NULL,'2023-11-09 21:05:24','2023-11-09 21:05:24'),(248,62,925,2,'stars',5,NULL,'2023-11-09 21:05:24','2023-11-09 21:05:24'),(249,62,925,3,'stars',5,NULL,'2023-11-09 21:05:24','2023-11-09 21:05:24'),(250,62,925,4,'stars',5,NULL,'2023-11-09 21:05:24','2023-11-09 21:05:24'),(251,62,925,5,'input',NULL,'sangat bagus untuk me-refresh','2023-11-09 21:05:24','2023-11-09 21:05:24'),(252,62,925,6,'input',NULL,'Basic Communication & Handling Complaint','2023-11-09 21:05:24','2023-11-09 21:05:24'),(253,62,811,1,'stars',5,NULL,'2023-11-09 21:13:44','2023-11-09 21:13:44'),(254,62,811,2,'stars',5,NULL,'2023-11-09 21:13:44','2023-11-09 21:13:44'),(255,62,811,3,'stars',5,NULL,'2023-11-09 21:13:44','2023-11-09 21:13:44'),(256,62,811,4,'stars',5,NULL,'2023-11-09 21:13:44','2023-11-09 21:13:44'),(257,62,811,5,'input',NULL,'Tampilan masih kurang menarik','2023-11-09 21:13:44','2023-11-09 21:13:44'),(258,62,811,6,'input',NULL,'Pengenalan Struktur SIM','2023-11-09 21:13:44','2023-11-09 21:13:44'),(259,85,931,1,'stars',5,NULL,'2023-11-10 10:44:51','2023-11-10 10:44:51'),(260,85,931,2,'stars',5,NULL,'2023-11-10 10:44:51','2023-11-10 10:44:51'),(261,85,931,3,'stars',5,NULL,'2023-11-10 10:44:51','2023-11-10 10:44:51'),(262,85,931,4,'stars',5,NULL,'2023-11-10 10:44:51','2023-11-10 10:44:51'),(263,85,931,5,'input',NULL,'Tampilan ilearning sangat bagus dan refreshment kembali mengenai company profile dan budaya kerja di simgroup','2023-11-10 10:44:51','2023-11-10 10:44:51'),(264,85,931,6,'input',NULL,'Pelatihan bagaimana menjadi seorang presentasi yang baik','2023-11-10 10:44:51','2023-11-10 10:44:51'),(265,87,839,1,'stars',5,NULL,'2023-11-10 11:25:28','2023-11-10 11:25:28'),(266,87,839,2,'stars',5,NULL,'2023-11-10 11:25:28','2023-11-10 11:25:28'),(267,87,839,3,'stars',5,NULL,'2023-11-10 11:25:28','2023-11-10 11:25:28'),(268,87,839,4,'stars',5,NULL,'2023-11-10 11:25:28','2023-11-10 11:25:28'),(269,87,839,5,'input',NULL,'User friedly dan mudah di gunakan','2023-11-10 11:25:28','2023-11-10 11:25:28'),(270,87,839,6,'input',NULL,'Penjelasan lengkap dan terstruktur','2023-11-10 11:25:28','2023-11-10 11:25:28'),(271,85,839,1,'stars',5,NULL,'2023-11-10 11:26:09','2023-11-10 11:26:09'),(272,85,839,2,'stars',5,NULL,'2023-11-10 11:26:09','2023-11-10 11:26:09'),(273,85,839,3,'stars',5,NULL,'2023-11-10 11:26:09','2023-11-10 11:26:09'),(274,85,839,4,'stars',5,NULL,'2023-11-10 11:26:09','2023-11-10 11:26:09'),(275,85,839,5,'input',NULL,'Mudah dipahami','2023-11-10 11:26:09','2023-11-10 11:26:09'),(276,85,839,6,'input',NULL,'Terstruktur dan mudah dipahami','2023-11-10 11:26:09','2023-11-10 11:26:09'),(277,91,982,1,'stars',5,NULL,'2023-11-10 15:24:45','2023-11-10 15:24:45'),(278,91,982,2,'stars',5,NULL,'2023-11-10 15:24:45','2023-11-10 15:24:45'),(279,91,982,3,'stars',5,NULL,'2023-11-10 15:24:45','2023-11-10 15:24:45'),(280,91,982,4,'stars',5,NULL,'2023-11-10 15:24:45','2023-11-10 15:24:45'),(281,91,982,5,'input',NULL,'-','2023-11-10 15:24:45','2023-11-10 15:24:45'),(282,91,982,6,'input',NULL,'-','2023-11-10 15:24:45','2023-11-10 15:24:45'),(283,91,874,1,'stars',5,NULL,'2023-11-10 15:53:55','2023-11-10 15:53:55'),(284,91,874,2,'stars',4,NULL,'2023-11-10 15:53:55','2023-11-10 15:53:55'),(285,91,874,3,'stars',4,NULL,'2023-11-10 15:53:55','2023-11-10 15:53:55'),(286,91,874,4,'stars',5,NULL,'2023-11-10 15:53:55','2023-11-10 15:53:55'),(287,91,874,5,'input',NULL,'Cukup informatif dan bermanfaat','2023-11-10 15:53:55','2023-11-10 15:53:55'),(288,91,874,6,'input',NULL,'Service excellent to TAD/Client','2023-11-10 15:53:55','2023-11-10 15:53:55'),(289,102,982,1,'stars',5,NULL,'2023-11-10 16:21:23','2023-11-10 16:21:23'),(290,102,982,2,'stars',5,NULL,'2023-11-10 16:21:23','2023-11-10 16:21:23'),(291,102,982,3,'stars',5,NULL,'2023-11-10 16:21:23','2023-11-10 16:21:23'),(292,102,982,4,'stars',5,NULL,'2023-11-10 16:21:23','2023-11-10 16:21:23'),(293,102,982,5,'input',NULL,'-','2023-11-10 16:21:23','2023-11-10 16:21:23'),(294,102,982,6,'input',NULL,'-','2023-11-10 16:21:23','2023-11-10 16:21:23'),(295,87,931,1,'stars',5,NULL,'2023-11-10 19:30:07','2023-11-10 19:30:07'),(296,87,931,2,'stars',5,NULL,'2023-11-10 19:30:07','2023-11-10 19:30:07'),(297,87,931,3,'stars',5,NULL,'2023-11-10 19:30:07','2023-11-10 19:30:07'),(298,87,931,4,'stars',5,NULL,'2023-11-10 19:30:07','2023-11-10 19:30:07'),(299,87,931,5,'input',NULL,'materinya bagus sekali dan belum pernah menerima sebelumnya materi ini','2023-11-10 19:30:07','2023-11-10 19:30:07'),(300,87,931,6,'input',NULL,'mengenai SOP dalam masing 2 departemen unit kerja','2023-11-10 19:30:07','2023-11-10 19:30:07'),(301,73,817,1,'stars',5,NULL,'2023-11-11 08:34:05','2023-11-11 08:34:05'),(302,73,817,2,'stars',5,NULL,'2023-11-11 08:34:05','2023-11-11 08:34:05'),(303,73,817,3,'stars',5,NULL,'2023-11-11 08:34:05','2023-11-11 08:34:05'),(304,73,817,4,'stars',5,NULL,'2023-11-11 08:34:05','2023-11-11 08:34:05'),(305,73,817,5,'input',NULL,'Saat mengerjakan apabila mengklik kebetulan sejajar kolom durasi waktu, pilihan jawaban jadi tidak terpilih','2023-11-11 08:34:05','2023-11-11 08:34:05'),(306,73,817,6,'input',NULL,'Sudah bagus','2023-11-11 08:34:05','2023-11-11 08:34:05'),(307,96,977,1,'stars',3,NULL,'2023-11-11 11:33:38','2023-11-11 11:33:38'),(308,96,977,2,'stars',4,NULL,'2023-11-11 11:33:38','2023-11-11 11:33:38'),(309,96,977,3,'stars',4,NULL,'2023-11-11 11:33:38','2023-11-11 11:33:38'),(310,96,977,4,'stars',5,NULL,'2023-11-11 11:33:38','2023-11-11 11:33:38'),(311,96,977,5,'input',NULL,'Mungkin untuk waktu pengerjaan nya ditambah','2023-11-11 11:33:38','2023-11-11 11:33:38'),(312,96,977,6,'input',NULL,'SDM','2023-11-11 11:33:38','2023-11-11 11:33:38'),(313,64,977,1,'stars',3,NULL,'2023-11-11 11:37:57','2023-11-11 11:37:57'),(314,64,977,2,'stars',4,NULL,'2023-11-11 11:37:57','2023-11-11 11:37:57'),(315,64,977,3,'stars',4,NULL,'2023-11-11 11:37:57','2023-11-11 11:37:57'),(316,64,977,4,'stars',5,NULL,'2023-11-11 11:37:57','2023-11-11 11:37:57'),(317,64,977,5,'input',NULL,'Untuk waktu pengerjaan nya mungkin bisa di tambahkan lagi','2023-11-11 11:37:57','2023-11-11 11:37:57'),(318,64,977,6,'input',NULL,'SDM','2023-11-11 11:37:57','2023-11-11 11:37:57'),(319,87,734,1,'stars',2,NULL,'2023-11-11 12:18:40','2023-11-11 12:18:40'),(320,87,734,2,'stars',4,NULL,'2023-11-11 12:18:40','2023-11-11 12:18:40'),(321,87,734,3,'stars',5,NULL,'2023-11-11 12:18:40','2023-11-11 12:18:40'),(322,87,734,4,'stars',3,NULL,'2023-11-11 12:18:40','2023-11-11 12:18:40'),(323,87,734,5,'input',NULL,'dalam 1 kali pelatihan, materi dan video trainingnya terlalu banyak sehingga untuk memahami dan menguasai materi tiap training agak susah, video yang diputar dari youtube banyak iklan','2023-11-11 12:18:40','2023-11-11 12:18:40'),(324,87,734,6,'input',NULL,'materi training hardskill yang berkaitan dengan implementasi dan praktek yang mendukung kompetensi pekerjaan/jobdesk','2023-11-11 12:18:40','2023-11-11 12:18:40'),(325,85,734,1,'stars',4,NULL,'2023-11-11 12:22:01','2023-11-11 12:22:01'),(326,85,734,2,'stars',4,NULL,'2023-11-11 12:22:01','2023-11-11 12:22:01'),(327,85,734,3,'stars',4,NULL,'2023-11-11 12:22:01','2023-11-11 12:22:01'),(328,85,734,4,'stars',5,NULL,'2023-11-11 12:22:01','2023-11-11 12:22:01'),(329,85,734,5,'input',NULL,'materi video banyak iklan','2023-11-11 12:22:01','2023-11-11 12:22:01'),(330,85,734,6,'input',NULL,'training dan refreshment terkait motivasi kerja agar karyawan kembali merefresh awareness terkait posisi dan fungsi karyawan dalam perusahaan','2023-11-11 12:22:01','2023-11-11 12:22:01'),(331,73,905,1,'stars',5,NULL,'2023-11-11 13:14:44','2023-11-11 13:14:44'),(332,73,905,2,'stars',5,NULL,'2023-11-11 13:14:44','2023-11-11 13:14:44'),(333,73,905,3,'stars',5,NULL,'2023-11-11 13:14:44','2023-11-11 13:14:44'),(334,73,905,4,'stars',5,NULL,'2023-11-11 13:14:44','2023-11-11 13:14:44'),(335,73,905,5,'input',NULL,'materi mudah di pahami sehingga pertanyaan dapat terjawab dengan baik','2023-11-11 13:14:44','2023-11-11 13:14:44'),(336,73,905,6,'input',NULL,'leadership','2023-11-11 13:14:44','2023-11-11 13:14:44'),(337,95,768,1,'stars',3,NULL,'2023-11-12 12:27:33','2023-11-12 12:27:33'),(338,95,768,2,'stars',5,NULL,'2023-11-12 12:27:33','2023-11-12 12:27:33'),(339,95,768,3,'stars',5,NULL,'2023-11-12 12:27:33','2023-11-12 12:27:33'),(340,95,768,4,'stars',5,NULL,'2023-11-12 12:27:33','2023-11-12 12:27:33'),(341,95,768,5,'input',NULL,'durasi tambahin dikit :D','2023-11-12 12:27:33','2023-11-12 12:27:33'),(342,95,768,6,'input',NULL,'team building','2023-11-12 12:27:33','2023-11-12 12:27:33'),(343,97,768,1,'stars',2,NULL,'2023-11-12 19:36:13','2023-11-12 19:36:13'),(344,97,768,2,'stars',5,NULL,'2023-11-12 19:36:13','2023-11-12 19:36:13'),(345,97,768,3,'stars',5,NULL,'2023-11-12 19:36:13','2023-11-12 19:36:13'),(346,97,768,4,'stars',5,NULL,'2023-11-12 19:36:13','2023-11-12 19:36:13'),(347,97,768,5,'input',NULL,'better durasi pengerjaan ditambhakan untuk pelatihan dengan pertanyaan maupun yang jawaban dengan kalimat yang panjang gitu.','2023-11-12 19:36:13','2023-11-12 19:36:13'),(348,97,768,6,'input',NULL,'team building','2023-11-12 19:36:13','2023-11-12 19:36:13'),(349,74,905,1,'stars',4,NULL,'2023-11-13 09:54:26','2023-11-13 09:54:26'),(350,74,905,2,'stars',4,NULL,'2023-11-13 09:54:26','2023-11-13 09:54:26'),(351,74,905,3,'stars',4,NULL,'2023-11-13 09:54:26','2023-11-13 09:54:26'),(352,74,905,4,'stars',4,NULL,'2023-11-13 09:54:26','2023-11-13 09:54:26'),(353,74,905,5,'input',NULL,'modul dalam video beberapa terlalu cepat','2023-11-13 09:54:26','2023-11-13 09:54:26'),(354,74,905,6,'input',NULL,'training kompetensi di bidang maisng-masing','2023-11-13 09:54:26','2023-11-13 09:54:26'),(355,85,863,1,'stars',5,NULL,'2023-11-13 10:50:50','2023-11-13 10:50:50'),(356,85,863,2,'stars',5,NULL,'2023-11-13 10:50:50','2023-11-13 10:50:50'),(357,85,863,3,'stars',5,NULL,'2023-11-13 10:50:50','2023-11-13 10:50:50'),(358,85,863,4,'stars',5,NULL,'2023-11-13 10:50:50','2023-11-13 10:50:50'),(359,85,863,5,'input',NULL,'SANGAT BAIK','2023-11-13 10:50:50','2023-11-13 10:50:50'),(360,85,863,6,'input',NULL,'KARYAWAN MENJADI LEBIH PAHAM TERKAIT COMPANY PROFIL DAN ETIKA DALAM BERBISNIS','2023-11-13 10:50:50','2023-11-13 10:50:50'),(361,91,820,1,'stars',3,NULL,'2023-11-13 12:53:45','2023-11-13 12:53:45'),(362,91,820,2,'stars',3,NULL,'2023-11-13 12:53:45','2023-11-13 12:53:45'),(363,91,820,3,'stars',3,NULL,'2023-11-13 12:53:45','2023-11-13 12:53:45'),(364,91,820,4,'stars',3,NULL,'2023-11-13 12:53:45','2023-11-13 12:53:45'),(365,91,820,5,'input',NULL,'-','2023-11-13 12:53:45','2023-11-13 12:53:45'),(366,91,820,6,'input',NULL,'-','2023-11-13 12:53:45','2023-11-13 12:53:45'),(367,102,820,1,'stars',3,NULL,'2023-11-13 13:01:21','2023-11-13 13:01:21'),(368,102,820,2,'stars',3,NULL,'2023-11-13 13:01:21','2023-11-13 13:01:21'),(369,102,820,3,'stars',3,NULL,'2023-11-13 13:01:21','2023-11-13 13:01:21'),(370,102,820,4,'stars',3,NULL,'2023-11-13 13:01:21','2023-11-13 13:01:21'),(371,102,820,5,'input',NULL,'-','2023-11-13 13:01:21','2023-11-13 13:01:21'),(372,102,820,6,'input',NULL,'-','2023-11-13 13:01:21','2023-11-13 13:01:21'),(373,73,872,1,'stars',4,NULL,'2023-11-13 13:35:26','2023-11-13 13:35:26'),(374,73,872,2,'stars',5,NULL,'2023-11-13 13:35:26','2023-11-13 13:35:26'),(375,73,872,3,'stars',5,NULL,'2023-11-13 13:35:26','2023-11-13 13:35:26'),(376,73,872,4,'stars',4,NULL,'2023-11-13 13:35:26','2023-11-13 13:35:26'),(377,73,872,5,'input',NULL,'ditambah lagi durasinya saat prestest, untuk post test sudah oke','2023-11-13 13:35:26','2023-11-13 13:35:26'),(378,73,872,6,'input',NULL,'lebih mendetail pembahasan tentang sejarah SIMgroup','2023-11-13 13:35:26','2023-11-13 13:35:26'),(379,73,847,1,'stars',3,NULL,'2023-11-13 13:37:28','2023-11-13 13:37:28'),(380,73,847,2,'stars',4,NULL,'2023-11-13 13:37:28','2023-11-13 13:37:28'),(381,73,847,3,'stars',4,NULL,'2023-11-13 13:37:28','2023-11-13 13:37:28'),(382,73,847,4,'stars',4,NULL,'2023-11-13 13:37:28','2023-11-13 13:37:28'),(383,73,847,5,'input',NULL,'penambahan waktu pada saat pretest','2023-11-13 13:37:28','2023-11-13 13:37:28'),(384,73,847,6,'input',NULL,'lebih variatif','2023-11-13 13:37:28','2023-11-13 13:37:28'),(385,74,847,1,'stars',3,NULL,'2023-11-13 14:05:11','2023-11-13 14:05:11'),(386,74,847,2,'stars',4,NULL,'2023-11-13 14:05:11','2023-11-13 14:05:11'),(387,74,847,3,'stars',4,NULL,'2023-11-13 14:05:11','2023-11-13 14:05:11'),(388,74,847,4,'stars',4,NULL,'2023-11-13 14:05:11','2023-11-13 14:05:11'),(389,74,847,5,'input',NULL,'waktu pengerjaan pretest diperpanjang','2023-11-13 14:05:11','2023-11-13 14:05:11'),(390,74,847,6,'input',NULL,'modulnya agar jangan terlalu banyak','2023-11-13 14:05:11','2023-11-13 14:05:11'),(391,85,787,1,'stars',4,NULL,'2023-11-13 14:55:55','2023-11-13 14:55:55'),(392,85,787,2,'stars',5,NULL,'2023-11-13 14:55:55','2023-11-13 14:55:55'),(393,85,787,3,'stars',5,NULL,'2023-11-13 14:55:55','2023-11-13 14:55:55'),(394,85,787,4,'stars',5,NULL,'2023-11-13 14:55:55','2023-11-13 14:55:55'),(395,85,787,5,'input',NULL,'Materinya sangat bagus, membuat para SIMERS menimbulkan semangat mencintai perusahaan dari dan memahami sisi luar dan dalam perusahaan. ^^ Rra','2023-11-13 14:55:55','2023-11-13 14:55:55'),(396,85,787,6,'input',NULL,'Complaint Handling','2023-11-13 14:55:55','2023-11-13 14:55:55'),(397,73,800,1,'stars',5,NULL,'2023-11-13 15:17:17','2023-11-13 15:17:17'),(398,73,800,2,'stars',5,NULL,'2023-11-13 15:17:17','2023-11-13 15:17:17'),(399,73,800,3,'stars',5,NULL,'2023-11-13 15:17:17','2023-11-13 15:17:17'),(400,73,800,4,'stars',5,NULL,'2023-11-13 15:17:17','2023-11-13 15:17:17'),(401,73,800,5,'input',NULL,'Semua materi sangat bagus dan mudah dipahami','2023-11-13 15:17:17','2023-11-13 15:17:17'),(402,73,800,6,'input',NULL,'belum ada','2023-11-13 15:17:17','2023-11-13 15:17:17'),(403,73,969,1,'stars',5,NULL,'2023-11-13 15:44:46','2023-11-13 15:44:46'),(404,73,969,2,'stars',5,NULL,'2023-11-13 15:44:46','2023-11-13 15:44:46'),(405,73,969,3,'stars',5,NULL,'2023-11-13 15:44:46','2023-11-13 15:44:46'),(406,73,969,4,'stars',5,NULL,'2023-11-13 15:44:46','2023-11-13 15:44:46'),(407,73,969,5,'input',NULL,'Materi asik tidak membosankan dan to the poin..','2023-11-13 15:44:46','2023-11-13 15:44:46'),(408,73,969,6,'input',NULL,'Leadership','2023-11-13 15:44:46','2023-11-13 15:44:46'),(409,74,800,1,'stars',5,NULL,'2023-11-13 16:04:04','2023-11-13 16:04:04'),(410,74,800,2,'stars',5,NULL,'2023-11-13 16:04:04','2023-11-13 16:04:04'),(411,74,800,3,'stars',5,NULL,'2023-11-13 16:04:04','2023-11-13 16:04:04'),(412,74,800,4,'stars',5,NULL,'2023-11-13 16:04:04','2023-11-13 16:04:04'),(413,74,800,5,'input',NULL,'Training sangat bagus','2023-11-13 16:04:04','2023-11-13 16:04:04'),(414,74,800,6,'input',NULL,'Belum Ada','2023-11-13 16:04:04','2023-11-13 16:04:04'),(415,74,872,1,'stars',3,NULL,'2023-11-13 16:29:21','2023-11-13 16:29:21'),(416,74,872,2,'stars',4,NULL,'2023-11-13 16:29:21','2023-11-13 16:29:21'),(417,74,872,3,'stars',4,NULL,'2023-11-13 16:29:21','2023-11-13 16:29:21'),(418,74,872,4,'stars',4,NULL,'2023-11-13 16:29:21','2023-11-13 16:29:21'),(419,74,872,5,'input',NULL,'untuk durasi pre test jika memungkinkan diperpanjang agar ada waktu untuk membaca materinya','2023-11-13 16:29:21','2023-11-13 16:29:21'),(420,74,872,6,'input',NULL,'pembahasan materi agar disederhanakan supaya mudah dipahami','2023-11-13 16:29:21','2023-11-13 16:29:21'),(421,74,969,1,'stars',5,NULL,'2023-11-13 17:01:18','2023-11-13 17:01:18'),(422,74,969,2,'stars',5,NULL,'2023-11-13 17:01:18','2023-11-13 17:01:18'),(423,74,969,3,'stars',5,NULL,'2023-11-13 17:01:18','2023-11-13 17:01:18'),(424,74,969,4,'stars',5,NULL,'2023-11-13 17:01:18','2023-11-13 17:01:18'),(425,74,969,5,'input',NULL,'Sangat menarik','2023-11-13 17:01:18','2023-11-13 17:01:18'),(426,74,969,6,'input',NULL,'Metode coaching n conseling','2023-11-13 17:01:18','2023-11-13 17:01:18'),(427,105,886,1,'stars',5,NULL,'2023-11-13 17:42:35','2023-11-13 17:42:35'),(428,105,886,2,'stars',5,NULL,'2023-11-13 17:42:35','2023-11-13 17:42:35'),(429,105,886,3,'stars',5,NULL,'2023-11-13 17:42:35','2023-11-13 17:42:35'),(430,105,886,4,'stars',5,NULL,'2023-11-13 17:42:35','2023-11-13 17:42:35'),(431,105,886,5,'input',NULL,'materi sangat menarik','2023-11-13 17:42:35','2023-11-13 17:42:35'),(432,105,886,6,'input',NULL,'sangat membantu untuk meningkatkan kemampuan beretika kerja','2023-11-13 17:42:35','2023-11-13 17:42:35'),(433,73,816,1,'stars',5,NULL,'2023-11-13 17:57:21','2023-11-13 17:57:21'),(434,73,816,2,'stars',5,NULL,'2023-11-13 17:57:21','2023-11-13 17:57:21'),(435,73,816,3,'stars',5,NULL,'2023-11-13 17:57:21','2023-11-13 17:57:21'),(436,73,816,4,'stars',5,NULL,'2023-11-13 17:57:21','2023-11-13 17:57:21'),(437,73,816,5,'input',NULL,'sangat membantu dan bagus','2023-11-13 17:57:21','2023-11-13 17:57:21'),(438,73,816,6,'input',NULL,'keren dan mantabs','2023-11-13 17:57:21','2023-11-13 17:57:21'),(439,73,765,1,'stars',5,NULL,'2023-11-13 17:58:25','2023-11-13 17:58:25'),(440,73,765,2,'stars',5,NULL,'2023-11-13 17:58:25','2023-11-13 17:58:25'),(441,73,765,3,'stars',5,NULL,'2023-11-13 17:58:25','2023-11-13 17:58:25'),(442,73,765,4,'stars',5,NULL,'2023-11-13 17:58:25','2023-11-13 17:58:25'),(443,73,765,5,'input',NULL,'pengerjaan Pre dan post test agar di bedakan','2023-11-13 17:58:25','2023-11-13 17:58:25'),(444,73,765,6,'input',NULL,'management People','2023-11-13 17:58:25','2023-11-13 17:58:25'),(445,74,816,1,'stars',5,NULL,'2023-11-13 18:04:24','2023-11-13 18:04:24'),(446,74,816,2,'stars',5,NULL,'2023-11-13 18:04:24','2023-11-13 18:04:24'),(447,74,816,3,'stars',5,NULL,'2023-11-13 18:04:24','2023-11-13 18:04:24'),(448,74,816,4,'stars',5,NULL,'2023-11-13 18:04:24','2023-11-13 18:04:24'),(449,74,816,5,'input',NULL,'mantabs dan keren','2023-11-13 18:04:24','2023-11-13 18:04:24'),(450,74,816,6,'input',NULL,'menambah pengetahuan','2023-11-13 18:04:24','2023-11-13 18:04:24'),(451,74,765,1,'stars',5,NULL,'2023-11-13 18:15:00','2023-11-13 18:15:00'),(452,74,765,2,'stars',5,NULL,'2023-11-13 18:15:00','2023-11-13 18:15:00'),(453,74,765,3,'stars',5,NULL,'2023-11-13 18:15:00','2023-11-13 18:15:00'),(454,74,765,4,'stars',5,NULL,'2023-11-13 18:15:00','2023-11-13 18:15:00'),(455,74,765,5,'input',NULL,'durasi pengerjaaan','2023-11-13 18:15:00','2023-11-13 18:15:00'),(456,74,765,6,'input',NULL,'managament people','2023-11-13 18:15:00','2023-11-13 18:15:00'),(457,85,757,1,'stars',5,NULL,'2023-11-14 07:13:56','2023-11-14 07:13:56'),(458,85,757,2,'stars',5,NULL,'2023-11-14 07:13:56','2023-11-14 07:13:56'),(459,85,757,3,'stars',5,NULL,'2023-11-14 07:13:56','2023-11-14 07:13:56'),(460,85,757,4,'stars',5,NULL,'2023-11-14 07:13:56','2023-11-14 07:13:56'),(461,85,757,5,'input',NULL,'keren dan menarik','2023-11-14 07:13:56','2023-11-14 07:13:56'),(462,85,757,6,'input',NULL,'Leadership','2023-11-14 07:13:56','2023-11-14 07:13:56'),(463,87,757,1,'stars',5,NULL,'2023-11-14 07:36:46','2023-11-14 07:36:46'),(464,87,757,2,'stars',5,NULL,'2023-11-14 07:36:46','2023-11-14 07:36:46'),(465,87,757,3,'stars',5,NULL,'2023-11-14 07:36:46','2023-11-14 07:36:46'),(466,87,757,4,'stars',5,NULL,'2023-11-14 07:36:46','2023-11-14 07:36:46'),(467,87,757,5,'input',NULL,'Menarik','2023-11-14 07:36:46','2023-11-14 07:36:46'),(468,87,757,6,'input',NULL,'coaching and counseling','2023-11-14 07:36:46','2023-11-14 07:36:46'),(469,85,766,1,'stars',5,NULL,'2023-11-15 11:03:25','2023-11-15 11:03:25'),(470,85,766,2,'stars',5,NULL,'2023-11-15 11:03:25','2023-11-15 11:03:25'),(471,85,766,3,'stars',5,NULL,'2023-11-15 11:03:25','2023-11-15 11:03:25'),(472,85,766,4,'stars',5,NULL,'2023-11-15 11:03:25','2023-11-15 11:03:25'),(473,85,766,5,'input',NULL,'OKE BAIK UNTUK PENGETAHUAN KARYAWAN','2023-11-15 11:03:25','2023-11-15 11:03:25'),(474,85,766,6,'input',NULL,'DASAR YG SANGAT PENTING','2023-11-15 11:03:25','2023-11-15 11:03:25'),(475,88,917,1,'stars',5,NULL,'2023-11-15 11:49:44','2023-11-15 11:49:44'),(476,88,917,2,'stars',5,NULL,'2023-11-15 11:49:44','2023-11-15 11:49:44'),(477,88,917,3,'stars',5,NULL,'2023-11-15 11:49:44','2023-11-15 11:49:44'),(478,88,917,4,'stars',5,NULL,'2023-11-15 11:49:44','2023-11-15 11:49:44'),(479,88,917,5,'input',NULL,'good','2023-11-15 11:49:44','2023-11-15 11:49:44'),(480,88,917,6,'input',NULL,'tidak ada','2023-11-15 11:49:44','2023-11-15 11:49:44'),(481,85,961,1,'stars',4,NULL,'2023-11-16 09:18:02','2023-11-16 09:18:02'),(482,85,961,2,'stars',4,NULL,'2023-11-16 09:18:02','2023-11-16 09:18:02'),(483,85,961,3,'stars',4,NULL,'2023-11-16 09:18:02','2023-11-16 09:18:02'),(484,85,961,4,'stars',4,NULL,'2023-11-16 09:18:02','2023-11-16 09:18:02'),(485,85,961,5,'input',NULL,'sangat berguna untuk menunjang dan me refresh ilmu dan pengembangan diri.','2023-11-16 09:18:02','2023-11-16 09:18:02'),(486,85,961,6,'input',NULL,'sangat berguna untuk menunjang dan me refresh ilmu dan pengembangan diri.','2023-11-16 09:18:02','2023-11-16 09:18:02'),(487,87,787,1,'stars',4,NULL,'2023-11-16 12:42:56','2023-11-16 12:42:56'),(488,87,787,2,'stars',5,NULL,'2023-11-16 12:42:56','2023-11-16 12:42:56'),(489,87,787,3,'stars',5,NULL,'2023-11-16 12:42:56','2023-11-16 12:42:56'),(490,87,787,4,'stars',5,NULL,'2023-11-16 12:42:56','2023-11-16 12:42:56'),(491,87,787,5,'input',NULL,'Topik yang bagi karyawan untuk mengetahui dan mengingatkan tentang pentingnya nilai dan budaya terhadap etika kerja karyawan','2023-11-16 12:42:56','2023-11-16 12:42:56'),(492,87,787,6,'input',NULL,'Playing and happiness','2023-11-16 12:42:56','2023-11-16 12:42:56'),(493,85,755,1,'stars',4,NULL,'2023-11-17 10:11:11','2023-11-17 10:11:11'),(494,85,755,2,'stars',4,NULL,'2023-11-17 10:11:11','2023-11-17 10:11:11'),(495,85,755,3,'stars',4,NULL,'2023-11-17 10:11:11','2023-11-17 10:11:11'),(496,85,755,4,'stars',4,NULL,'2023-11-17 10:11:11','2023-11-17 10:11:11'),(497,85,755,5,'input',NULL,'Metode pembelajaran yg cukup bagus','2023-11-17 10:11:11','2023-11-17 10:11:11'),(498,85,755,6,'input',NULL,'Materi pembelajaran jgn sebatas terkait perusahaan saja namun terkait materi lain yg bs menambah wawasan. misalkan terkait legalitas dll','2023-11-17 10:11:11','2023-11-17 10:11:11'),(499,85,949,1,'stars',5,NULL,'2023-11-17 10:18:27','2023-11-17 10:18:27'),(500,85,949,2,'stars',5,NULL,'2023-11-17 10:18:27','2023-11-17 10:18:27'),(501,85,949,3,'stars',5,NULL,'2023-11-17 10:18:27','2023-11-17 10:18:27'),(502,85,949,4,'stars',5,NULL,'2023-11-17 10:18:27','2023-11-17 10:18:27'),(503,85,949,5,'input',NULL,'Oke','2023-11-17 10:18:27','2023-11-17 10:18:27'),(504,85,949,6,'input',NULL,'Oke','2023-11-17 10:18:27','2023-11-17 10:18:27'),(511,87,755,1,'stars',4,NULL,'2023-11-17 10:39:24','2023-11-17 10:39:24'),(512,87,755,2,'stars',4,NULL,'2023-11-17 10:39:24','2023-11-17 10:39:24'),(513,87,755,3,'stars',4,NULL,'2023-11-17 10:39:24','2023-11-17 10:39:24'),(514,87,755,4,'stars',4,NULL,'2023-11-17 10:39:24','2023-11-17 10:39:24'),(515,87,755,5,'input',NULL,'Materi cukup bagus','2023-11-17 10:39:24','2023-11-17 10:39:24'),(516,87,755,6,'input',NULL,'next pelatihan spy materi yg disajikan variatif lg','2023-11-17 10:39:24','2023-11-17 10:39:24'),(517,85,833,1,'stars',5,NULL,'2023-11-18 10:10:14','2023-11-18 10:10:14'),(518,85,833,2,'stars',2,NULL,'2023-11-18 10:10:14','2023-11-18 10:10:14'),(519,85,833,3,'stars',2,NULL,'2023-11-18 10:10:14','2023-11-18 10:10:14'),(520,85,833,4,'stars',5,NULL,'2023-11-18 10:10:14','2023-11-18 10:10:14'),(521,85,833,5,'input',NULL,'oke','2023-11-18 10:10:14','2023-11-18 10:10:14'),(522,85,833,6,'input',NULL,'oke','2023-11-18 10:10:14','2023-11-18 10:10:14'),(523,87,833,1,'stars',5,NULL,'2023-11-18 10:47:19','2023-11-18 10:47:19'),(524,87,833,2,'stars',5,NULL,'2023-11-18 10:47:19','2023-11-18 10:47:19'),(525,87,833,3,'stars',5,NULL,'2023-11-18 10:47:19','2023-11-18 10:47:19'),(526,87,833,4,'stars',5,NULL,'2023-11-18 10:47:19','2023-11-18 10:47:19'),(527,87,833,5,'input',NULL,'oke','2023-11-18 10:47:19','2023-11-18 10:47:19'),(528,87,833,6,'input',NULL,'oke','2023-11-18 10:47:19','2023-11-18 10:47:19'),(529,87,892,1,'stars',4,NULL,'2023-11-18 14:44:10','2023-11-18 14:44:10'),(530,87,892,2,'stars',4,NULL,'2023-11-18 14:44:10','2023-11-18 14:44:10'),(531,87,892,3,'stars',5,NULL,'2023-11-18 14:44:10','2023-11-18 14:44:10'),(532,87,892,4,'stars',4,NULL,'2023-11-18 14:44:10','2023-11-18 14:44:10'),(533,87,892,5,'input',NULL,'sangat membantu untuk refreshment knowlegde','2023-11-18 14:44:10','2023-11-18 14:44:10'),(534,87,892,6,'input',NULL,'diadakan setiap minimal 3 bulan sekali','2023-11-18 14:44:10','2023-11-18 14:44:10'),(535,85,739,1,'stars',4,NULL,'2023-11-18 20:48:56','2023-11-18 20:48:56'),(536,85,739,2,'stars',4,NULL,'2023-11-18 20:48:56','2023-11-18 20:48:56'),(537,85,739,3,'stars',3,NULL,'2023-11-18 20:48:56','2023-11-18 20:48:56'),(538,85,739,4,'stars',4,NULL,'2023-11-18 20:48:56','2023-11-18 20:48:56'),(539,85,739,5,'input',NULL,'Soal kadang sulit di klik saat pemililihan jawaban','2023-11-18 20:48:56','2023-11-18 20:48:56'),(540,85,739,6,'input',NULL,'Training agar banyak waktu dan banyak uang','2023-11-18 20:48:56','2023-11-18 20:48:56'),(541,87,739,1,'stars',3,NULL,'2023-11-18 21:35:20','2023-11-18 21:35:20'),(542,87,739,2,'stars',4,NULL,'2023-11-18 21:35:20','2023-11-18 21:35:20'),(543,87,739,3,'stars',4,NULL,'2023-11-18 21:35:20','2023-11-18 21:35:20'),(544,87,739,4,'stars',3,NULL,'2023-11-18 21:35:20','2023-11-18 21:35:20'),(545,87,739,5,'input',NULL,'Sulit klik saat isi jawaban','2023-11-18 21:35:20','2023-11-18 21:35:20'),(546,87,739,6,'input',NULL,'Training agar dapat bonus akhir tahun berkali-kali lipat','2023-11-18 21:35:20','2023-11-18 21:35:20'),(547,63,773,1,'stars',5,NULL,'2023-11-22 09:33:53','2023-11-22 09:33:53'),(548,63,773,2,'stars',5,NULL,'2023-11-22 09:33:53','2023-11-22 09:33:53'),(549,63,773,3,'stars',4,NULL,'2023-11-22 09:33:53','2023-11-22 09:33:53'),(550,63,773,4,'stars',5,NULL,'2023-11-22 09:33:53','2023-11-22 09:33:53'),(551,63,773,5,'input',NULL,'Tingkatkan terus kualitas modulnya, semangatt','2023-11-22 09:33:53','2023-11-22 09:33:53'),(552,63,773,6,'input',NULL,'Topik Training mudah dimengerti','2023-11-22 09:33:53','2023-11-22 09:33:53'),(553,68,811,1,'stars',5,NULL,'2023-11-22 10:43:42','2023-11-22 10:43:42'),(554,68,811,2,'stars',5,NULL,'2023-11-22 10:43:42','2023-11-22 10:43:42'),(555,68,811,3,'stars',5,NULL,'2023-11-22 10:43:42','2023-11-22 10:43:42'),(556,68,811,4,'stars',5,NULL,'2023-11-22 10:43:42','2023-11-22 10:43:42'),(557,68,811,5,'input',NULL,'Oke Materinya.','2023-11-22 10:43:42','2023-11-22 10:43:42'),(558,68,811,6,'input',NULL,'Training Coaching','2023-11-22 10:43:42','2023-11-22 10:43:42'),(559,84,807,1,'stars',5,NULL,'2023-11-22 12:53:10','2023-11-22 12:53:10'),(560,84,807,2,'stars',5,NULL,'2023-11-22 12:53:10','2023-11-22 12:53:10'),(561,84,807,3,'stars',5,NULL,'2023-11-22 12:53:10','2023-11-22 12:53:10'),(562,84,807,4,'stars',5,NULL,'2023-11-22 12:53:10','2023-11-22 12:53:10'),(563,84,807,5,'input',NULL,'Materi oke dan menarik','2023-11-22 12:53:10','2023-11-22 12:53:10'),(564,84,807,6,'input',NULL,'Time Management','2023-11-22 12:53:10','2023-11-22 12:53:10'),(565,87,782,1,'stars',5,NULL,'2023-11-22 15:40:26','2023-11-22 15:40:26'),(566,87,782,2,'stars',5,NULL,'2023-11-22 15:40:26','2023-11-22 15:40:26'),(567,87,782,3,'stars',5,NULL,'2023-11-22 15:40:26','2023-11-22 15:40:26'),(568,87,782,4,'stars',5,NULL,'2023-11-22 15:40:26','2023-11-22 15:40:26'),(569,87,782,5,'input',NULL,'bagus','2023-11-22 15:40:26','2023-11-22 15:40:26'),(570,87,782,6,'input',NULL,'training berinvestasi','2023-11-22 15:40:26','2023-11-22 15:40:26'),(571,63,882,1,'stars',5,NULL,'2023-11-22 17:31:53','2023-11-22 17:31:53'),(572,63,882,2,'stars',5,NULL,'2023-11-22 17:31:53','2023-11-22 17:31:53'),(573,63,882,3,'stars',5,NULL,'2023-11-22 17:31:53','2023-11-22 17:31:53'),(574,63,882,4,'stars',5,NULL,'2023-11-22 17:31:53','2023-11-22 17:31:53'),(575,63,882,5,'input',NULL,'Terimakasih. Materinya menarik','2023-11-22 17:31:53','2023-11-22 17:31:53'),(576,63,882,6,'input',NULL,'Terimakasih. Materinya menarik','2023-11-22 17:31:53','2023-11-22 17:31:53'),(577,67,841,1,'stars',5,NULL,'2023-11-23 11:47:33','2023-11-23 11:47:33'),(578,67,841,2,'stars',5,NULL,'2023-11-23 11:47:33','2023-11-23 11:47:33'),(579,67,841,3,'stars',5,NULL,'2023-11-23 11:47:33','2023-11-23 11:47:33'),(580,67,841,4,'stars',5,NULL,'2023-11-23 11:47:33','2023-11-23 11:47:33'),(581,67,841,5,'input',NULL,'nice','2023-11-23 11:47:33','2023-11-23 11:47:33'),(582,67,841,6,'input',NULL,'basic qlt','2023-11-23 11:47:33','2023-11-23 11:47:33'),(583,62,966,1,'stars',5,NULL,'2023-11-23 16:08:12','2023-11-23 16:08:12'),(584,62,966,2,'stars',5,NULL,'2023-11-23 16:08:12','2023-11-23 16:08:12'),(585,62,966,3,'stars',5,NULL,'2023-11-23 16:08:12','2023-11-23 16:08:12'),(586,62,966,4,'stars',5,NULL,'2023-11-23 16:08:12','2023-11-23 16:08:12'),(587,62,966,5,'input',NULL,'sudah sangat baik tetap maksimalkan improvement terkait training lainnya','2023-11-23 16:08:12','2023-11-23 16:08:12'),(588,62,966,6,'input',NULL,'training refresment ini sangat bermanfaat sebagai sarana menanamkan kepedulian terhadap SIM GROUP','2023-11-23 16:08:12','2023-11-23 16:08:12'),(589,98,841,1,'stars',5,NULL,'2023-11-23 16:26:00','2023-11-23 16:26:00'),(590,98,841,2,'stars',5,NULL,'2023-11-23 16:26:00','2023-11-23 16:26:00'),(591,98,841,3,'stars',5,NULL,'2023-11-23 16:26:00','2023-11-23 16:26:00'),(592,98,841,4,'stars',5,NULL,'2023-11-23 16:26:00','2023-11-23 16:26:00'),(593,98,841,5,'input',NULL,'nice','2023-11-23 16:26:00','2023-11-23 16:26:00'),(594,98,841,6,'input',NULL,'basic qlt','2023-11-23 16:26:00','2023-11-23 16:26:00'),(595,68,966,1,'stars',5,NULL,'2023-11-23 16:59:02','2023-11-23 16:59:02'),(596,68,966,2,'stars',5,NULL,'2023-11-23 16:59:02','2023-11-23 16:59:02'),(597,68,966,3,'stars',5,NULL,'2023-11-23 16:59:02','2023-11-23 16:59:02'),(598,68,966,4,'stars',5,NULL,'2023-11-23 16:59:02','2023-11-23 16:59:02'),(599,68,966,5,'input',NULL,'Sangat membantu dalam memahami Etiak Bisnis, anti fraud dan peraturan perusahan','2023-11-23 16:59:02','2023-11-23 16:59:02'),(600,68,966,6,'input',NULL,'Problem Solving','2023-11-23 16:59:02','2023-11-23 16:59:02'),(607,86,819,1,'stars',5,NULL,'2023-11-23 17:24:25','2023-11-23 17:24:25'),(608,86,819,2,'stars',5,NULL,'2023-11-23 17:24:25','2023-11-23 17:24:25'),(609,86,819,3,'stars',4,NULL,'2023-11-23 17:24:25','2023-11-23 17:24:25'),(610,86,819,4,'stars',5,NULL,'2023-11-23 17:24:25','2023-11-23 17:24:25'),(611,86,819,5,'input',NULL,'keren, meremind kembali NEOP','2023-11-23 17:24:25','2023-11-23 17:24:25'),(612,86,819,6,'input',NULL,'training speak up di depan publik','2023-11-23 17:24:25','2023-11-23 17:24:25'),(613,87,962,1,'stars',4,NULL,'2023-11-23 23:14:22','2023-11-23 23:14:22'),(614,87,962,2,'stars',5,NULL,'2023-11-23 23:14:22','2023-11-23 23:14:22'),(615,87,962,3,'stars',5,NULL,'2023-11-23 23:14:22','2023-11-23 23:14:22'),(616,87,962,4,'stars',5,NULL,'2023-11-23 23:14:22','2023-11-23 23:14:22'),(617,87,962,5,'input',NULL,'Durasi waktu training kalau boleh ditambah. soalnya pertanyaannya panjang dan butuh pemahaman yang lebih','2023-11-23 23:14:22','2023-11-23 23:14:22'),(618,87,962,6,'input',NULL,'Mantap. membuka wawasan','2023-11-23 23:14:22','2023-11-23 23:14:22'),(619,85,962,1,'stars',5,NULL,'2023-11-23 23:28:36','2023-11-23 23:28:36'),(620,85,962,2,'stars',5,NULL,'2023-11-23 23:28:36','2023-11-23 23:28:36'),(621,85,962,3,'stars',5,NULL,'2023-11-23 23:28:36','2023-11-23 23:28:36'),(622,85,962,4,'stars',5,NULL,'2023-11-23 23:28:36','2023-11-23 23:28:36'),(623,85,962,5,'input',NULL,'Mantap','2023-11-23 23:28:36','2023-11-23 23:28:36'),(624,85,962,6,'input',NULL,'Mantap','2023-11-23 23:28:36','2023-11-23 23:28:36'),(625,85,928,1,'stars',5,NULL,'2023-11-23 23:50:17','2023-11-23 23:50:17'),(626,85,928,2,'stars',5,NULL,'2023-11-23 23:50:17','2023-11-23 23:50:17'),(627,85,928,3,'stars',5,NULL,'2023-11-23 23:50:17','2023-11-23 23:50:17'),(628,85,928,4,'stars',5,NULL,'2023-11-23 23:50:17','2023-11-23 23:50:17'),(629,85,928,5,'input',NULL,'baik di lakukan periode untuk refreshment karyawan terkait knowledge SIMGroup','2023-11-23 23:50:17','2023-11-23 23:50:17'),(630,85,928,6,'input',NULL,'tambahkan topik benefit','2023-11-23 23:50:17','2023-11-23 23:50:17'),(631,87,928,1,'stars',5,NULL,'2023-11-24 00:04:19','2023-11-24 00:04:19'),(632,87,928,2,'stars',5,NULL,'2023-11-24 00:04:19','2023-11-24 00:04:19'),(633,87,928,3,'stars',5,NULL,'2023-11-24 00:04:19','2023-11-24 00:04:19'),(634,87,928,4,'stars',5,NULL,'2023-11-24 00:04:19','2023-11-24 00:04:19'),(635,87,928,5,'input',NULL,'sangat baik untuk mengulas knwledge terkait antifraud','2023-11-24 00:04:19','2023-11-24 00:04:19'),(636,87,928,6,'input',NULL,'sudah bagus','2023-11-24 00:04:19','2023-11-24 00:04:19'),(637,97,823,1,'stars',5,NULL,'2023-11-24 09:47:27','2023-11-24 09:47:27'),(638,97,823,2,'stars',5,NULL,'2023-11-24 09:47:27','2023-11-24 09:47:27'),(639,97,823,3,'stars',5,NULL,'2023-11-24 09:47:27','2023-11-24 09:47:27'),(640,97,823,4,'stars',5,NULL,'2023-11-24 09:47:27','2023-11-24 09:47:27'),(641,97,823,5,'input',NULL,'ok','2023-11-24 09:47:27','2023-11-24 09:47:27'),(642,97,823,6,'input',NULL,'ok','2023-11-24 09:47:27','2023-11-24 09:47:27'),(643,86,743,1,'stars',5,NULL,'2023-11-24 10:46:52','2023-11-24 10:46:52'),(644,86,743,2,'stars',5,NULL,'2023-11-24 10:46:52','2023-11-24 10:46:52'),(645,86,743,3,'stars',5,NULL,'2023-11-24 10:46:52','2023-11-24 10:46:52'),(646,86,743,4,'stars',5,NULL,'2023-11-24 10:46:52','2023-11-24 10:46:52'),(647,86,743,5,'input',NULL,'Next foto cover boy nya diganti ya... hehehehehe','2023-11-24 10:46:52','2023-11-24 10:46:52'),(648,86,743,6,'input',NULL,'So Far So Good','2023-11-24 10:46:52','2023-11-24 10:46:52'),(649,88,819,1,'stars',5,NULL,'2023-11-24 10:50:17','2023-11-24 10:50:17'),(650,88,819,2,'stars',5,NULL,'2023-11-24 10:50:17','2023-11-24 10:50:17'),(651,88,819,3,'stars',5,NULL,'2023-11-24 10:50:17','2023-11-24 10:50:17'),(652,88,819,4,'stars',4,NULL,'2023-11-24 10:50:17','2023-11-24 10:50:17'),(653,88,819,5,'input',NULL,'materi mulai menantang','2023-11-24 10:50:17','2023-11-24 10:50:17'),(654,88,819,6,'input',NULL,'training speak up di depan publik','2023-11-24 10:50:17','2023-11-24 10:50:17'),(655,88,743,1,'stars',5,NULL,'2023-11-24 11:25:39','2023-11-24 11:25:39'),(656,88,743,2,'stars',5,NULL,'2023-11-24 11:25:39','2023-11-24 11:25:39'),(657,88,743,3,'stars',5,NULL,'2023-11-24 11:25:39','2023-11-24 11:25:39'),(658,88,743,4,'stars',5,NULL,'2023-11-24 11:25:39','2023-11-24 11:25:39'),(659,88,743,5,'input',NULL,'No comment','2023-11-24 11:25:39','2023-11-24 11:25:39'),(660,88,743,6,'input',NULL,'So far so good','2023-11-24 11:25:39','2023-11-24 11:25:39'),(661,62,890,1,'stars',5,NULL,'2023-11-24 11:31:20','2023-11-24 11:31:20'),(662,62,890,2,'stars',5,NULL,'2023-11-24 11:31:20','2023-11-24 11:31:20'),(663,62,890,3,'stars',5,NULL,'2023-11-24 11:31:20','2023-11-24 11:31:20'),(664,62,890,4,'stars',5,NULL,'2023-11-24 11:31:20','2023-11-24 11:31:20'),(665,62,890,5,'input',NULL,'Terimakasih atas materi','2023-11-24 11:31:20','2023-11-24 11:31:20'),(666,62,890,6,'input',NULL,'Sangat Bermanfaat','2023-11-24 11:31:20','2023-11-24 11:31:20'),(667,68,890,1,'stars',5,NULL,'2023-11-24 11:32:21','2023-11-24 11:32:21'),(668,68,890,2,'stars',5,NULL,'2023-11-24 11:32:21','2023-11-24 11:32:21'),(669,68,890,3,'stars',5,NULL,'2023-11-24 11:32:21','2023-11-24 11:32:21'),(670,68,890,4,'stars',5,NULL,'2023-11-24 11:32:21','2023-11-24 11:32:21'),(671,68,890,5,'input',NULL,'Video materi dijadikan 1 sesi','2023-11-24 11:32:21','2023-11-24 11:32:21'),(672,68,890,6,'input',NULL,'Karena terpisah materi, jadi soal dibuat tiap bab materi. bukan jadi 1 sekaligus','2023-11-24 11:32:21','2023-11-24 11:32:21'),(673,86,908,1,'stars',5,NULL,'2023-11-24 12:11:31','2023-11-24 12:11:31'),(674,86,908,2,'stars',5,NULL,'2023-11-24 12:11:31','2023-11-24 12:11:31'),(675,86,908,3,'stars',5,NULL,'2023-11-24 12:11:31','2023-11-24 12:11:31'),(676,86,908,4,'stars',5,NULL,'2023-11-24 12:11:31','2023-11-24 12:11:31'),(677,86,908,5,'input',NULL,'Mudah di pahami','2023-11-24 12:11:31','2023-11-24 12:11:31'),(678,86,908,6,'input',NULL,'Informasi yang ada dalam topik dan materi training sangat jelas','2023-11-24 12:11:31','2023-11-24 12:11:31'),(679,88,908,1,'stars',5,NULL,'2023-11-24 12:39:39','2023-11-24 12:39:39'),(680,88,908,2,'stars',5,NULL,'2023-11-24 12:39:39','2023-11-24 12:39:39'),(681,88,908,3,'stars',5,NULL,'2023-11-24 12:39:39','2023-11-24 12:39:39'),(682,88,908,4,'stars',5,NULL,'2023-11-24 12:39:39','2023-11-24 12:39:39'),(683,88,908,5,'input',NULL,'Mudah di pahami','2023-11-24 12:39:39','2023-11-24 12:39:39'),(684,88,908,6,'input',NULL,'Materi dari topik modul sangat jelas dan mudah di pahami','2023-11-24 12:39:39','2023-11-24 12:39:39'),(685,86,936,1,'stars',5,NULL,'2023-11-24 12:45:15','2023-11-24 12:45:15'),(686,86,936,2,'stars',5,NULL,'2023-11-24 12:45:15','2023-11-24 12:45:15'),(687,86,936,3,'stars',5,NULL,'2023-11-24 12:45:15','2023-11-24 12:45:15'),(688,86,936,4,'stars',5,NULL,'2023-11-24 12:45:15','2023-11-24 12:45:15'),(689,86,936,5,'input',NULL,'semua flow training dan test mudah dimengerti dan diakses, mantap.','2023-11-24 12:45:15','2023-11-24 12:45:15'),(690,86,936,6,'input',NULL,'worklife balance','2023-11-24 12:45:15','2023-11-24 12:45:15'),(691,88,936,1,'stars',5,NULL,'2023-11-24 13:09:52','2023-11-24 13:09:52'),(692,88,936,2,'stars',5,NULL,'2023-11-24 13:09:52','2023-11-24 13:09:52'),(693,88,936,3,'stars',5,NULL,'2023-11-24 13:09:52','2023-11-24 13:09:52'),(694,88,936,4,'stars',5,NULL,'2023-11-24 13:09:52','2023-11-24 13:09:52'),(695,88,936,5,'input',NULL,'flow pengerjaan dan video materi sudah sangat bagus dan mudah dimengerti','2023-11-24 13:09:52','2023-11-24 13:09:52'),(696,88,936,6,'input',NULL,'worklife balance','2023-11-24 13:09:52','2023-11-24 13:09:52'),(697,62,924,1,'stars',4,NULL,'2023-11-24 14:24:50','2023-11-24 14:24:50'),(698,62,924,2,'stars',5,NULL,'2023-11-24 14:24:50','2023-11-24 14:24:50'),(699,62,924,3,'stars',4,NULL,'2023-11-24 14:24:50','2023-11-24 14:24:50'),(700,62,924,4,'stars',5,NULL,'2023-11-24 14:24:50','2023-11-24 14:24:50'),(701,62,924,5,'input',NULL,'Mempermudah dengan video pelatihan','2023-11-24 14:24:50','2023-11-24 14:24:50'),(702,62,924,6,'input',NULL,'anti fraud','2023-11-24 14:24:50','2023-11-24 14:24:50'),(703,68,924,1,'stars',4,NULL,'2023-11-24 14:39:41','2023-11-24 14:39:41'),(704,68,924,2,'stars',5,NULL,'2023-11-24 14:39:41','2023-11-24 14:39:41'),(705,68,924,3,'stars',4,NULL,'2023-11-24 14:39:41','2023-11-24 14:39:41'),(706,68,924,4,'stars',5,NULL,'2023-11-24 14:39:41','2023-11-24 14:39:41'),(707,68,924,5,'input',NULL,'meningkatkan pengetahuan Simers','2023-11-24 14:39:41','2023-11-24 14:39:41'),(708,68,924,6,'input',NULL,'Public Speaking','2023-11-24 14:39:41','2023-11-24 14:39:41'),(709,62,980,1,'stars',5,NULL,'2023-11-24 15:24:41','2023-11-24 15:24:41'),(710,62,980,2,'stars',5,NULL,'2023-11-24 15:24:41','2023-11-24 15:24:41'),(711,62,980,3,'stars',5,NULL,'2023-11-24 15:24:41','2023-11-24 15:24:41'),(712,62,980,4,'stars',5,NULL,'2023-11-24 15:24:41','2023-11-24 15:24:41'),(713,62,980,5,'input',NULL,'materi sangat bagus dan mudah di pahami','2023-11-24 15:24:41','2023-11-24 15:24:41'),(714,62,980,6,'input',NULL,'lebih banyak lagi topik untuk training kedepannya','2023-11-24 15:24:41','2023-11-24 15:24:41'),(715,65,876,1,'stars',5,NULL,'2023-11-24 16:30:52','2023-11-24 16:30:52'),(716,65,876,2,'stars',5,NULL,'2023-11-24 16:30:52','2023-11-24 16:30:52'),(717,65,876,3,'stars',5,NULL,'2023-11-24 16:30:52','2023-11-24 16:30:52'),(718,65,876,4,'stars',5,NULL,'2023-11-24 16:30:52','2023-11-24 16:30:52'),(719,65,876,5,'input',NULL,'sudah baik dan lanjutkan','2023-11-24 16:30:52','2023-11-24 16:30:52'),(720,65,876,6,'input',NULL,'sudah baik dan lanjutkan','2023-11-24 16:30:52','2023-11-24 16:30:52'),(721,67,801,1,'stars',5,NULL,'2023-11-24 17:06:50','2023-11-24 17:06:50'),(722,67,801,2,'stars',5,NULL,'2023-11-24 17:06:50','2023-11-24 17:06:50'),(723,67,801,3,'stars',5,NULL,'2023-11-24 17:06:50','2023-11-24 17:06:50'),(724,67,801,4,'stars',5,NULL,'2023-11-24 17:06:50','2023-11-24 17:06:50'),(725,67,801,5,'input',NULL,'Usahakan Post test dan Pre Test tidak dengan soal yang sama','2023-11-24 17:06:50','2023-11-24 17:06:50'),(726,67,801,6,'input',NULL,'Aplikasi yang digunakan oleh SIMER\'s','2023-11-24 17:06:50','2023-11-24 17:06:50'),(727,98,801,1,'stars',5,NULL,'2023-11-24 17:44:34','2023-11-24 17:44:34'),(728,98,801,2,'stars',5,NULL,'2023-11-24 17:44:34','2023-11-24 17:44:34'),(729,98,801,3,'stars',5,NULL,'2023-11-24 17:44:34','2023-11-24 17:44:34'),(730,98,801,4,'stars',5,NULL,'2023-11-24 17:44:34','2023-11-24 17:44:34'),(731,98,801,5,'input',NULL,'soalnya lumayan sulit','2023-11-24 17:44:34','2023-11-24 17:44:34'),(732,98,801,6,'input',NULL,'tentang Struktur SIM','2023-11-24 17:44:34','2023-11-24 17:44:34'),(733,90,843,1,'stars',5,NULL,'2023-11-25 17:29:16','2023-11-25 17:29:16'),(734,90,843,2,'stars',4,NULL,'2023-11-25 17:29:16','2023-11-25 17:29:16'),(735,90,843,3,'stars',5,NULL,'2023-11-25 17:29:16','2023-11-25 17:29:16'),(736,90,843,4,'stars',5,NULL,'2023-11-25 17:29:16','2023-11-25 17:29:16'),(737,90,843,5,'input',NULL,'Materi video sangat mudah dipahami','2023-11-25 17:29:16','2023-11-25 17:29:16'),(738,90,843,6,'input',NULL,'sudah baik','2023-11-25 17:29:16','2023-11-25 17:29:16'),(739,73,780,1,'stars',5,NULL,'2023-11-26 06:39:41','2023-11-26 06:39:41'),(740,73,780,2,'stars',5,NULL,'2023-11-26 06:39:41','2023-11-26 06:39:41'),(741,73,780,3,'stars',5,NULL,'2023-11-26 06:39:41','2023-11-26 06:39:41'),(742,73,780,4,'stars',5,NULL,'2023-11-26 06:39:41','2023-11-26 06:39:41'),(743,73,780,5,'input',NULL,'materi cukup bisa dipahami dengan bahasa yg komunikatif..dan selalu lakukan improvement setiap tahunnya','2023-11-26 06:39:41','2023-11-26 06:39:41'),(744,73,780,6,'input',NULL,'menaikkan komunikasi skill','2023-11-26 06:39:41','2023-11-26 06:39:41'),(745,74,780,1,'stars',5,NULL,'2023-11-26 08:00:06','2023-11-26 08:00:06'),(746,74,780,2,'stars',5,NULL,'2023-11-26 08:00:06','2023-11-26 08:00:06'),(747,74,780,3,'stars',5,NULL,'2023-11-26 08:00:06','2023-11-26 08:00:06'),(748,74,780,4,'stars',5,NULL,'2023-11-26 08:00:06','2023-11-26 08:00:06'),(749,74,780,5,'input',NULL,'kalimat redaksional bisa ditempatkan pada media yg bisa dibaca dengan nyaman','2023-11-26 08:00:06','2023-11-26 08:00:06'),(750,74,780,6,'input',NULL,'terus berbenah','2023-11-26 08:00:06','2023-11-26 08:00:06'),(751,86,889,1,'stars',5,NULL,'2023-11-26 14:57:06','2023-11-26 14:57:06'),(752,86,889,2,'stars',5,NULL,'2023-11-26 14:57:06','2023-11-26 14:57:06'),(753,86,889,3,'stars',5,NULL,'2023-11-26 14:57:06','2023-11-26 14:57:06'),(754,86,889,4,'stars',5,NULL,'2023-11-26 14:57:06','2023-11-26 14:57:06'),(755,86,889,5,'input',NULL,'tombol waktu yang mengganggu pilihan jawaban','2023-11-26 14:57:06','2023-11-26 14:57:06'),(756,86,889,6,'input',NULL,'menarik pengetahuan ttg SIMGROUP','2023-11-26 14:57:06','2023-11-26 14:57:06'),(757,88,889,1,'stars',5,NULL,'2023-11-26 15:24:39','2023-11-26 15:24:39'),(758,88,889,2,'stars',5,NULL,'2023-11-26 15:24:39','2023-11-26 15:24:39'),(759,88,889,3,'stars',5,NULL,'2023-11-26 15:24:39','2023-11-26 15:24:39'),(760,88,889,4,'stars',5,NULL,'2023-11-26 15:24:39','2023-11-26 15:24:39'),(761,88,889,5,'input',NULL,'Ada pilihan yang sudah dipilih benar harusnya, tapi tetap salah','2023-11-26 15:24:39','2023-11-26 15:24:39'),(762,88,889,6,'input',NULL,'Mantap','2023-11-26 15:24:39','2023-11-26 15:24:39'),(763,98,967,1,'stars',5,NULL,'2023-11-26 15:35:20','2023-11-26 15:35:20'),(764,98,967,2,'stars',5,NULL,'2023-11-26 15:35:20','2023-11-26 15:35:20'),(765,98,967,3,'stars',5,NULL,'2023-11-26 15:35:20','2023-11-26 15:35:20'),(766,98,967,4,'stars',5,NULL,'2023-11-26 15:35:20','2023-11-26 15:35:20'),(767,98,967,5,'input',NULL,'akses web dan fitur mudah dipahami dan diakses','2023-11-26 15:35:20','2023-11-26 15:35:20'),(768,98,967,6,'input',NULL,'sesuai jobdesk berbagai bagian division','2023-11-26 15:35:20','2023-11-26 15:35:20'),(769,67,967,1,'stars',5,NULL,'2023-11-26 15:36:29','2023-11-26 15:36:29'),(770,67,967,2,'stars',5,NULL,'2023-11-26 15:36:29','2023-11-26 15:36:29'),(771,67,967,3,'stars',5,NULL,'2023-11-26 15:36:29','2023-11-26 15:36:29'),(772,67,967,4,'stars',5,NULL,'2023-11-26 15:36:29','2023-11-26 15:36:29'),(773,67,967,5,'input',NULL,'mudah diakses dan dapat mudah dimengerti soalnya','2023-11-26 15:36:29','2023-11-26 15:36:29'),(774,67,967,6,'input',NULL,'training job sesuai dengan bagian/divisinya','2023-11-26 15:36:29','2023-11-26 15:36:29'),(775,102,894,1,'stars',5,NULL,'2023-11-26 19:36:23','2023-11-26 19:36:23'),(776,102,894,2,'stars',5,NULL,'2023-11-26 19:36:23','2023-11-26 19:36:23'),(777,102,894,3,'stars',5,NULL,'2023-11-26 19:36:23','2023-11-26 19:36:23'),(778,102,894,4,'stars',5,NULL,'2023-11-26 19:36:23','2023-11-26 19:36:23'),(779,102,894,5,'input',NULL,'Mantap, karyawan bisa merefresh kembali pengetahuan seputar lingkungan kerja','2023-11-26 19:36:23','2023-11-26 19:36:23'),(780,102,894,6,'input',NULL,'ETIKA BERKOMUNIKASI DENGAN KLIEN','2023-11-26 19:36:23','2023-11-26 19:36:23'),(781,102,855,1,'stars',5,NULL,'2023-11-26 21:03:07','2023-11-26 21:03:07'),(782,102,855,2,'stars',5,NULL,'2023-11-26 21:03:07','2023-11-26 21:03:07'),(783,102,855,3,'stars',5,NULL,'2023-11-26 21:03:07','2023-11-26 21:03:07'),(784,102,855,4,'stars',5,NULL,'2023-11-26 21:03:07','2023-11-26 21:03:07'),(785,102,855,5,'input',NULL,'Semoga semakin memberikan modul-modul yang berkualitas','2023-11-26 21:03:07','2023-11-26 21:03:07'),(786,102,855,6,'input',NULL,'Semoga semakin memberikan modul-modul yang berkualitas','2023-11-26 21:03:07','2023-11-26 21:03:07'),(787,102,916,1,'stars',5,NULL,'2023-11-26 21:51:46','2023-11-26 21:51:46'),(788,102,916,2,'stars',5,NULL,'2023-11-26 21:51:46','2023-11-26 21:51:46'),(789,102,916,3,'stars',5,NULL,'2023-11-26 21:51:46','2023-11-26 21:51:46'),(790,102,916,4,'stars',5,NULL,'2023-11-26 21:51:46','2023-11-26 21:51:46'),(791,102,916,5,'input',NULL,'Semoga semakin sering dalam penyediaan modul-modul yang baik untuk pelatihan karyawan sim','2023-11-26 21:51:46','2023-11-26 21:51:46'),(792,102,916,6,'input',NULL,'Semoga semakin sering dalam penyediaan modul-modul yang baik untuk pelatihan karyawan sim','2023-11-26 21:51:46','2023-11-26 21:51:46'),(799,102,913,1,'stars',5,NULL,'2023-11-26 22:41:50','2023-11-26 22:41:50'),(800,102,913,2,'stars',5,NULL,'2023-11-26 22:41:50','2023-11-26 22:41:50'),(801,102,913,3,'stars',5,NULL,'2023-11-26 22:41:50','2023-11-26 22:41:50'),(802,102,913,4,'stars',5,NULL,'2023-11-26 22:41:50','2023-11-26 22:41:50'),(803,102,913,5,'input',NULL,'Semoga jagoti selalu memberikan modul-modul yang berkualitas yang berguna untuk peserta trainingnya','2023-11-26 22:41:50','2023-11-26 22:41:50'),(804,102,913,6,'input',NULL,'Semoga jagoti selalu memberikan modul-modul yang berkualitas yang berguna untuk peserta trainingnya','2023-11-26 22:41:50','2023-11-26 22:41:50'),(805,85,965,1,'stars',5,NULL,'2023-11-26 23:17:06','2023-11-26 23:17:06'),(806,85,965,2,'stars',5,NULL,'2023-11-26 23:17:06','2023-11-26 23:17:06'),(807,85,965,3,'stars',5,NULL,'2023-11-26 23:17:06','2023-11-26 23:17:06'),(808,85,965,4,'stars',5,NULL,'2023-11-26 23:17:06','2023-11-26 23:17:06'),(809,85,965,5,'input',NULL,'e learning yang keren, gampang dipahami, video juga ga bikin bosan','2023-11-26 23:17:06','2023-11-26 23:17:06'),(810,85,965,6,'input',NULL,'bagus menambah wawasan tentang sim','2023-11-26 23:17:06','2023-11-26 23:17:06'),(811,62,744,1,'stars',5,NULL,'2023-11-27 09:46:00','2023-11-27 09:46:00'),(812,62,744,2,'stars',5,NULL,'2023-11-27 09:46:00','2023-11-27 09:46:00'),(813,62,744,3,'stars',5,NULL,'2023-11-27 09:46:00','2023-11-27 09:46:00'),(814,62,744,4,'stars',5,NULL,'2023-11-27 09:46:00','2023-11-27 09:46:00'),(815,62,744,5,'input',NULL,'Oke','2023-11-27 09:46:00','2023-11-27 09:46:00'),(816,62,744,6,'input',NULL,'Oke','2023-11-27 09:46:00','2023-11-27 09:46:00'),(817,68,744,1,'stars',5,NULL,'2023-11-27 10:03:38','2023-11-27 10:03:38'),(818,68,744,2,'stars',5,NULL,'2023-11-27 10:03:38','2023-11-27 10:03:38'),(819,68,744,3,'stars',5,NULL,'2023-11-27 10:03:38','2023-11-27 10:03:38'),(820,68,744,4,'stars',5,NULL,'2023-11-27 10:03:38','2023-11-27 10:03:38'),(821,68,744,5,'input',NULL,'Oke','2023-11-27 10:03:38','2023-11-27 10:03:38'),(822,68,744,6,'input',NULL,'Oke','2023-11-27 10:03:38','2023-11-27 10:03:38'),(823,91,810,1,'stars',5,NULL,'2023-11-27 12:23:10','2023-11-27 12:23:10'),(824,91,810,2,'stars',5,NULL,'2023-11-27 12:23:10','2023-11-27 12:23:10'),(825,91,810,3,'stars',5,NULL,'2023-11-27 12:23:10','2023-11-27 12:23:10'),(826,91,810,4,'stars',5,NULL,'2023-11-27 12:23:10','2023-11-27 12:23:10'),(827,91,810,5,'input',NULL,'Good','2023-11-27 12:23:10','2023-11-27 12:23:10'),(828,91,810,6,'input',NULL,'Good','2023-11-27 12:23:10','2023-11-27 12:23:10'),(829,102,810,1,'stars',5,NULL,'2023-11-27 12:33:01','2023-11-27 12:33:01'),(830,102,810,2,'stars',5,NULL,'2023-11-27 12:33:01','2023-11-27 12:33:01'),(831,102,810,3,'stars',5,NULL,'2023-11-27 12:33:01','2023-11-27 12:33:01'),(832,102,810,4,'stars',5,NULL,'2023-11-27 12:33:01','2023-11-27 12:33:01'),(833,102,810,5,'input',NULL,'Good','2023-11-27 12:33:01','2023-11-27 12:33:01'),(834,102,810,6,'input',NULL,'Good','2023-11-27 12:33:01','2023-11-27 12:33:01'),(841,67,858,1,'stars',5,NULL,'2023-11-27 13:37:35','2023-11-27 13:37:35'),(842,67,858,2,'stars',5,NULL,'2023-11-27 13:37:35','2023-11-27 13:37:35'),(843,67,858,3,'stars',5,NULL,'2023-11-27 13:37:35','2023-11-27 13:37:35'),(844,67,858,4,'stars',5,NULL,'2023-11-27 13:37:35','2023-11-27 13:37:35'),(845,67,858,5,'input',NULL,'Baguss','2023-11-27 13:37:35','2023-11-27 13:37:35'),(846,67,858,6,'input',NULL,'Bagus','2023-11-27 13:37:35','2023-11-27 13:37:35'),(847,85,901,1,'stars',5,NULL,'2023-11-27 14:15:25','2023-11-27 14:15:25'),(848,85,901,2,'stars',5,NULL,'2023-11-27 14:15:25','2023-11-27 14:15:25'),(849,85,901,3,'stars',5,NULL,'2023-11-27 14:15:25','2023-11-27 14:15:25'),(850,85,901,4,'stars',5,NULL,'2023-11-27 14:15:25','2023-11-27 14:15:25'),(851,85,901,5,'input',NULL,'Bagus sekali','2023-11-27 14:15:25','2023-11-27 14:15:25'),(852,85,901,6,'input',NULL,'Sementara sudah cukup','2023-11-27 14:15:25','2023-11-27 14:15:25'),(853,76,737,1,'stars',5,NULL,'2023-11-27 17:32:35','2023-11-27 17:32:35'),(854,76,737,2,'stars',5,NULL,'2023-11-27 17:32:35','2023-11-27 17:32:35'),(855,76,737,3,'stars',4,NULL,'2023-11-27 17:32:35','2023-11-27 17:32:35'),(856,76,737,4,'stars',5,NULL,'2023-11-27 17:32:35','2023-11-27 17:32:35'),(857,76,737,5,'input',NULL,'Tampilan Pop Up kurang aman, dan JIka tidak Pop Up, tidak bisa Full Screen','2023-11-27 17:32:35','2023-11-27 17:32:35'),(858,76,737,6,'input',NULL,'Time Management','2023-11-27 17:32:35','2023-11-27 17:32:35'),(859,64,770,1,'stars',3,NULL,'2023-11-27 18:31:43','2023-11-27 18:31:43'),(860,64,770,2,'stars',5,NULL,'2023-11-27 18:31:43','2023-11-27 18:31:43'),(861,64,770,3,'stars',4,NULL,'2023-11-27 18:31:43','2023-11-27 18:31:43'),(862,64,770,4,'stars',4,NULL,'2023-11-27 18:31:43','2023-11-27 18:31:43'),(863,64,770,5,'input',NULL,'bagus','2023-11-27 18:31:43','2023-11-27 18:31:43'),(864,64,770,6,'input',NULL,'bagus','2023-11-27 18:31:43','2023-11-27 18:31:43'),(865,96,870,1,'stars',5,NULL,'2023-11-27 18:40:18','2023-11-27 18:40:18'),(866,96,870,2,'stars',5,NULL,'2023-11-27 18:40:18','2023-11-27 18:40:18'),(867,96,870,3,'stars',5,NULL,'2023-11-27 18:40:18','2023-11-27 18:40:18'),(868,96,870,4,'stars',5,NULL,'2023-11-27 18:40:18','2023-11-27 18:40:18'),(869,96,870,5,'input',NULL,'Good','2023-11-27 18:40:18','2023-11-27 18:40:18'),(870,96,870,6,'input',NULL,'Tarining for trainer','2023-11-27 18:40:18','2023-11-27 18:40:18'),(871,62,915,1,'stars',5,NULL,'2023-11-28 08:25:05','2023-11-28 08:25:05'),(872,62,915,2,'stars',5,NULL,'2023-11-28 08:25:05','2023-11-28 08:25:05'),(873,62,915,3,'stars',5,NULL,'2023-11-28 08:25:05','2023-11-28 08:25:05'),(874,62,915,4,'stars',5,NULL,'2023-11-28 08:25:05','2023-11-28 08:25:05'),(875,62,915,5,'input',NULL,'Sangat baik improvementnya','2023-11-28 08:25:05','2023-11-28 08:25:05'),(876,62,915,6,'input',NULL,'Sangat baik improvementnya','2023-11-28 08:25:05','2023-11-28 08:25:05'),(877,68,915,1,'stars',5,NULL,'2023-11-28 08:42:23','2023-11-28 08:42:23'),(878,68,915,2,'stars',5,NULL,'2023-11-28 08:42:23','2023-11-28 08:42:23'),(879,68,915,3,'stars',5,NULL,'2023-11-28 08:42:23','2023-11-28 08:42:23'),(880,68,915,4,'stars',5,NULL,'2023-11-28 08:42:23','2023-11-28 08:42:23'),(881,68,915,5,'input',NULL,'Sangat baik improvementnya','2023-11-28 08:42:23','2023-11-28 08:42:23'),(882,68,915,6,'input',NULL,'Sangat baik improvementnya','2023-11-28 08:42:23','2023-11-28 08:42:23'),(883,87,850,1,'stars',4,NULL,'2023-11-28 11:26:13','2023-11-28 11:26:13'),(884,87,850,2,'stars',4,NULL,'2023-11-28 11:26:13','2023-11-28 11:26:13'),(885,87,850,3,'stars',4,NULL,'2023-11-28 11:26:13','2023-11-28 11:26:13'),(886,87,850,4,'stars',4,NULL,'2023-11-28 11:26:13','2023-11-28 11:26:13'),(887,87,850,5,'input',NULL,'Cukup Baik','2023-11-28 11:26:13','2023-11-28 11:26:13'),(888,87,850,6,'input',NULL,'Training Manajemen Resiko','2023-11-28 11:26:13','2023-11-28 11:26:13'),(889,85,850,1,'stars',4,NULL,'2023-11-28 11:27:00','2023-11-28 11:27:00'),(890,85,850,2,'stars',4,NULL,'2023-11-28 11:27:00','2023-11-28 11:27:00'),(891,85,850,3,'stars',4,NULL,'2023-11-28 11:27:00','2023-11-28 11:27:00'),(892,85,850,4,'stars',4,NULL,'2023-11-28 11:27:00','2023-11-28 11:27:00'),(893,85,850,5,'input',NULL,'Cukup Baik','2023-11-28 11:27:00','2023-11-28 11:27:00'),(894,85,850,6,'input',NULL,'Training Manajemen Resiko','2023-11-28 11:27:00','2023-11-28 11:27:00'),(895,67,884,1,'stars',5,NULL,'2023-11-28 11:51:14','2023-11-28 11:51:14'),(896,67,884,2,'stars',5,NULL,'2023-11-28 11:51:14','2023-11-28 11:51:14'),(897,67,884,3,'stars',5,NULL,'2023-11-28 11:51:14','2023-11-28 11:51:14'),(898,67,884,4,'stars',5,NULL,'2023-11-28 11:51:14','2023-11-28 11:51:14'),(899,67,884,5,'input',NULL,'nice','2023-11-28 11:51:14','2023-11-28 11:51:14'),(900,67,884,6,'input',NULL,'panduan pengerjaan agar Iebih detaiI','2023-11-28 11:51:14','2023-11-28 11:51:14'),(901,98,884,1,'stars',5,NULL,'2023-11-28 14:42:02','2023-11-28 14:42:02'),(902,98,884,2,'stars',5,NULL,'2023-11-28 14:42:02','2023-11-28 14:42:02'),(903,98,884,3,'stars',5,NULL,'2023-11-28 14:42:02','2023-11-28 14:42:02'),(904,98,884,4,'stars',5,NULL,'2023-11-28 14:42:02','2023-11-28 14:42:02'),(905,98,884,5,'input',NULL,'nice','2023-11-28 14:42:02','2023-11-28 14:42:02'),(906,98,884,6,'input',NULL,'nice','2023-11-28 14:42:02','2023-11-28 14:42:02'),(907,91,791,1,'stars',5,NULL,'2023-11-28 16:41:03','2023-11-28 16:41:03'),(908,91,791,2,'stars',5,NULL,'2023-11-28 16:41:03','2023-11-28 16:41:03'),(909,91,791,3,'stars',5,NULL,'2023-11-28 16:41:03','2023-11-28 16:41:03'),(910,91,791,4,'stars',5,NULL,'2023-11-28 16:41:03','2023-11-28 16:41:03'),(911,91,791,5,'input',NULL,'oke','2023-11-28 16:41:03','2023-11-28 16:41:03'),(912,91,791,6,'input',NULL,'oke','2023-11-28 16:41:03','2023-11-28 16:41:03'),(913,102,791,1,'stars',5,NULL,'2023-11-28 17:06:40','2023-11-28 17:06:40'),(914,102,791,2,'stars',5,NULL,'2023-11-28 17:06:40','2023-11-28 17:06:40'),(915,102,791,3,'stars',5,NULL,'2023-11-28 17:06:40','2023-11-28 17:06:40'),(916,102,791,4,'stars',5,NULL,'2023-11-28 17:06:40','2023-11-28 17:06:40'),(917,102,791,5,'input',NULL,'good','2023-11-28 17:06:40','2023-11-28 17:06:40'),(918,102,791,6,'input',NULL,'okee','2023-11-28 17:06:40','2023-11-28 17:06:40'),(919,67,822,1,'stars',5,NULL,'2023-11-28 17:21:46','2023-11-28 17:21:46'),(920,67,822,2,'stars',5,NULL,'2023-11-28 17:21:46','2023-11-28 17:21:46'),(921,67,822,3,'stars',5,NULL,'2023-11-28 17:21:46','2023-11-28 17:21:46'),(922,67,822,4,'stars',5,NULL,'2023-11-28 17:21:46','2023-11-28 17:21:46'),(923,67,822,5,'input',NULL,'dapat mudah diakses dan fitur menarik','2023-11-28 17:21:46','2023-11-28 17:21:46'),(924,67,822,6,'input',NULL,'peraturan tertulis dan tidak tertulis di office','2023-11-28 17:21:46','2023-11-28 17:21:46'),(925,98,822,1,'stars',5,NULL,'2023-11-28 17:31:02','2023-11-28 17:31:02'),(926,98,822,2,'stars',5,NULL,'2023-11-28 17:31:02','2023-11-28 17:31:02'),(927,98,822,3,'stars',5,NULL,'2023-11-28 17:31:02','2023-11-28 17:31:02'),(928,98,822,4,'stars',5,NULL,'2023-11-28 17:31:02','2023-11-28 17:31:02'),(929,98,822,5,'input',NULL,'mudah diakses','2023-11-28 17:31:02','2023-11-28 17:31:02'),(930,98,822,6,'input',NULL,'peraturan tertulis dan tidak tertulis','2023-11-28 17:31:02','2023-11-28 17:31:02'),(931,85,960,1,'stars',5,NULL,'2023-11-29 10:04:06','2023-11-29 10:04:06'),(932,85,960,2,'stars',5,NULL,'2023-11-29 10:04:06','2023-11-29 10:04:06'),(933,85,960,3,'stars',5,NULL,'2023-11-29 10:04:06','2023-11-29 10:04:06'),(934,85,960,4,'stars',5,NULL,'2023-11-29 10:04:06','2023-11-29 10:04:06'),(935,85,960,5,'input',NULL,'Video harus dibuka di youtube','2023-11-29 10:04:06','2023-11-29 10:04:06'),(936,85,960,6,'input',NULL,'Topik sangat menarik','2023-11-29 10:04:06','2023-11-29 10:04:06'),(937,85,927,1,'stars',4,NULL,'2023-11-29 10:24:09','2023-11-29 10:24:09'),(938,85,927,2,'stars',5,NULL,'2023-11-29 10:24:09','2023-11-29 10:24:09'),(939,85,927,3,'stars',5,NULL,'2023-11-29 10:24:09','2023-11-29 10:24:09'),(940,85,927,4,'stars',5,NULL,'2023-11-29 10:24:09','2023-11-29 10:24:09'),(941,85,927,5,'input',NULL,'untuk durasi video mungkin bisa dipercepat, dengan narator yang lebih cepat pelafalannya, mungkin bisa digenerate menggunakan AI untuk mempermudah pengerjaan narator','2023-11-29 10:24:09','2023-11-29 10:24:09'),(942,85,927,6,'input',NULL,'training akan pengembangan diri selepas masa pensiun, agar karywaan / ex karyawan tetap produktif dimasa pensiun','2023-11-29 10:24:09','2023-11-29 10:24:09'),(943,85,944,1,'stars',5,NULL,'2023-11-29 15:15:03','2023-11-29 15:15:03'),(944,85,944,2,'stars',5,NULL,'2023-11-29 15:15:03','2023-11-29 15:15:03'),(945,85,944,3,'stars',5,NULL,'2023-11-29 15:15:03','2023-11-29 15:15:03'),(946,85,944,4,'stars',5,NULL,'2023-11-29 15:15:03','2023-11-29 15:15:03'),(947,85,944,5,'input',NULL,'semoga materi ini bermanfaat untuk semua yang mengerjakan','2023-11-29 15:15:03','2023-11-29 15:15:03'),(948,85,944,6,'input',NULL,'.','2023-11-29 15:15:03','2023-11-29 15:15:03'),(949,91,771,1,'stars',5,NULL,'2023-11-29 15:54:24','2023-11-29 15:54:24'),(950,91,771,2,'stars',5,NULL,'2023-11-29 15:54:24','2023-11-29 15:54:24'),(951,91,771,3,'stars',5,NULL,'2023-11-29 15:54:24','2023-11-29 15:54:24'),(952,91,771,4,'stars',5,NULL,'2023-11-29 15:54:24','2023-11-29 15:54:24'),(953,91,771,5,'input',NULL,'materi mudah dipahami','2023-11-29 15:54:24','2023-11-29 15:54:24'),(954,91,771,6,'input',NULL,'materi mudah dipahami','2023-11-29 15:54:24','2023-11-29 15:54:24'),(955,69,979,1,'stars',5,NULL,'2023-11-29 15:57:02','2023-11-29 15:57:02'),(956,69,979,2,'stars',5,NULL,'2023-11-29 15:57:02','2023-11-29 15:57:02'),(957,69,979,3,'stars',5,NULL,'2023-11-29 15:57:02','2023-11-29 15:57:02'),(958,69,979,4,'stars',5,NULL,'2023-11-29 15:57:02','2023-11-29 15:57:02'),(959,69,979,5,'input',NULL,'Penjelasan materi baik melalui video dan pdf sudah jelas dan mudah dipahami','2023-11-29 15:57:02','2023-11-29 15:57:02'),(960,69,979,6,'input',NULL,'A good public speaker','2023-11-29 15:57:02','2023-11-29 15:57:02'),(961,91,742,1,'stars',5,NULL,'2023-11-29 15:57:49','2023-11-29 15:57:49'),(962,91,742,2,'stars',5,NULL,'2023-11-29 15:57:49','2023-11-29 15:57:49'),(963,91,742,3,'stars',5,NULL,'2023-11-29 15:57:49','2023-11-29 15:57:49'),(964,91,742,4,'stars',5,NULL,'2023-11-29 15:57:49','2023-11-29 15:57:49'),(965,91,742,5,'input',NULL,'Baik','2023-11-29 15:57:49','2023-11-29 15:57:49'),(966,91,742,6,'input',NULL,'Leadership','2023-11-29 15:57:49','2023-11-29 15:57:49'),(967,99,979,1,'stars',5,NULL,'2023-11-29 15:57:54','2023-11-29 15:57:54'),(968,99,979,2,'stars',5,NULL,'2023-11-29 15:57:54','2023-11-29 15:57:54'),(969,99,979,3,'stars',5,NULL,'2023-11-29 15:57:54','2023-11-29 15:57:54'),(970,99,979,4,'stars',5,NULL,'2023-11-29 15:57:54','2023-11-29 15:57:54'),(971,99,979,5,'input',NULL,'Penjelasan materi melalui video dan pdf sudah jelas dan mudah dipahami','2023-11-29 15:57:54','2023-11-29 15:57:54'),(972,99,979,6,'input',NULL,'Communication skill','2023-11-29 15:57:54','2023-11-29 15:57:54'),(973,91,883,1,'stars',5,NULL,'2023-11-29 16:10:27','2023-11-29 16:10:27'),(974,91,883,2,'stars',5,NULL,'2023-11-29 16:10:27','2023-11-29 16:10:27'),(975,91,883,3,'stars',5,NULL,'2023-11-29 16:10:27','2023-11-29 16:10:27'),(976,91,883,4,'stars',5,NULL,'2023-11-29 16:10:27','2023-11-29 16:10:27'),(977,91,883,5,'input',NULL,'Menambah wawasan dan bermanfaat.','2023-11-29 16:10:27','2023-11-29 16:10:27'),(978,91,883,6,'input',NULL,'Menambah wawasan dan bermanfaat.','2023-11-29 16:10:27','2023-11-29 16:10:27'),(979,102,742,1,'stars',5,NULL,'2023-11-29 16:12:54','2023-11-29 16:12:54'),(980,102,742,2,'stars',5,NULL,'2023-11-29 16:12:54','2023-11-29 16:12:54'),(981,102,742,3,'stars',5,NULL,'2023-11-29 16:12:54','2023-11-29 16:12:54'),(982,102,742,4,'stars',5,NULL,'2023-11-29 16:12:54','2023-11-29 16:12:54'),(983,102,742,5,'input',NULL,'Baik','2023-11-29 16:12:54','2023-11-29 16:12:54'),(984,102,742,6,'input',NULL,'Leadership','2023-11-29 16:12:54','2023-11-29 16:12:54'),(985,69,943,1,'stars',5,NULL,'2023-11-29 17:22:20','2023-11-29 17:22:20'),(986,69,943,2,'stars',5,NULL,'2023-11-29 17:22:20','2023-11-29 17:22:20'),(987,69,943,3,'stars',5,NULL,'2023-11-29 17:22:20','2023-11-29 17:22:20'),(988,69,943,4,'stars',5,NULL,'2023-11-29 17:22:20','2023-11-29 17:22:20'),(989,69,943,5,'input',NULL,'Mudah dimengerti','2023-11-29 17:22:20','2023-11-29 17:22:20'),(990,69,943,6,'input',NULL,'Teknis Ms Office','2023-11-29 17:22:20','2023-11-29 17:22:20'),(991,99,943,1,'stars',5,NULL,'2023-11-29 17:33:21','2023-11-29 17:33:21'),(992,99,943,2,'stars',5,NULL,'2023-11-29 17:33:21','2023-11-29 17:33:21'),(993,99,943,3,'stars',5,NULL,'2023-11-29 17:33:21','2023-11-29 17:33:21'),(994,99,943,4,'stars',5,NULL,'2023-11-29 17:33:21','2023-11-29 17:33:21'),(995,99,943,5,'input',NULL,'Dimengerti','2023-11-29 17:33:21','2023-11-29 17:33:21'),(996,99,943,6,'input',NULL,'Tidak ada','2023-11-29 17:33:21','2023-11-29 17:33:21'),(997,106,941,1,'stars',5,NULL,'2023-11-29 17:38:27','2023-11-29 17:38:27'),(998,106,941,2,'stars',5,NULL,'2023-11-29 17:38:27','2023-11-29 17:38:27'),(999,106,941,3,'stars',5,NULL,'2023-11-29 17:38:27','2023-11-29 17:38:27'),(1000,106,941,4,'stars',5,NULL,'2023-11-29 17:38:27','2023-11-29 17:38:27'),(1001,106,941,5,'input',NULL,'Mantap kaka menambah wawasan dalam pekerjaan','2023-11-29 17:38:27','2023-11-29 17:38:27'),(1002,106,941,6,'input',NULL,'Training Management Waktu','2023-11-29 17:38:27','2023-11-29 17:38:27'),(1003,69,840,1,'stars',4,NULL,'2023-11-29 17:41:49','2023-11-29 17:41:49'),(1004,69,840,2,'stars',4,NULL,'2023-11-29 17:41:49','2023-11-29 17:41:49'),(1005,69,840,3,'stars',4,NULL,'2023-11-29 17:41:49','2023-11-29 17:41:49'),(1006,69,840,4,'stars',4,NULL,'2023-11-29 17:41:49','2023-11-29 17:41:49'),(1007,69,840,5,'input',NULL,'ok','2023-11-29 17:41:49','2023-11-29 17:41:49'),(1008,69,840,6,'input',NULL,'ok','2023-11-29 17:41:49','2023-11-29 17:41:49'),(1009,99,840,1,'stars',4,NULL,'2023-11-29 17:46:06','2023-11-29 17:46:06'),(1010,99,840,2,'stars',4,NULL,'2023-11-29 17:46:06','2023-11-29 17:46:06'),(1011,99,840,3,'stars',4,NULL,'2023-11-29 17:46:06','2023-11-29 17:46:06'),(1012,99,840,4,'stars',4,NULL,'2023-11-29 17:46:06','2023-11-29 17:46:06'),(1013,99,840,5,'input',NULL,'ok','2023-11-29 17:46:06','2023-11-29 17:46:06'),(1014,99,840,6,'input',NULL,'ok','2023-11-29 17:46:06','2023-11-29 17:46:06'),(1015,69,921,1,'stars',5,NULL,'2023-11-29 17:49:30','2023-11-29 17:49:30'),(1016,69,921,2,'stars',4,NULL,'2023-11-29 17:49:30','2023-11-29 17:49:30'),(1017,69,921,3,'stars',4,NULL,'2023-11-29 17:49:30','2023-11-29 17:49:30'),(1018,69,921,4,'stars',5,NULL,'2023-11-29 17:49:30','2023-11-29 17:49:30'),(1019,69,921,5,'input',NULL,'Baik','2023-11-29 17:49:30','2023-11-29 17:49:30'),(1020,69,921,6,'input',NULL,'Sudah baik','2023-11-29 17:49:30','2023-11-29 17:49:30'),(1021,99,921,1,'stars',5,NULL,'2023-11-29 17:55:42','2023-11-29 17:55:42'),(1022,99,921,2,'stars',5,NULL,'2023-11-29 17:55:42','2023-11-29 17:55:42'),(1023,99,921,3,'stars',4,NULL,'2023-11-29 17:55:42','2023-11-29 17:55:42'),(1024,99,921,4,'stars',4,NULL,'2023-11-29 17:55:42','2023-11-29 17:55:42'),(1025,99,921,5,'input',NULL,'Baik','2023-11-29 17:55:42','2023-11-29 17:55:42'),(1026,99,921,6,'input',NULL,'Tidak ada','2023-11-29 17:55:42','2023-11-29 17:55:42'),(1039,105,798,1,'stars',5,NULL,'2023-11-29 18:01:35','2023-11-29 18:01:35'),(1040,105,798,2,'stars',5,NULL,'2023-11-29 18:01:35','2023-11-29 18:01:35'),(1041,105,798,3,'stars',5,NULL,'2023-11-29 18:01:35','2023-11-29 18:01:35'),(1042,105,798,4,'stars',5,NULL,'2023-11-29 18:01:35','2023-11-29 18:01:35'),(1043,105,798,5,'input',NULL,'Mantap kaka','2023-11-29 18:01:35','2023-11-29 18:01:35'),(1044,105,798,6,'input',NULL,'Training managament waktu','2023-11-29 18:01:35','2023-11-29 18:01:35'),(1045,105,941,1,'stars',5,NULL,'2023-11-29 18:02:39','2023-11-29 18:02:39'),(1046,105,941,2,'stars',5,NULL,'2023-11-29 18:02:39','2023-11-29 18:02:39'),(1047,105,941,3,'stars',5,NULL,'2023-11-29 18:02:39','2023-11-29 18:02:39'),(1048,105,941,4,'stars',5,NULL,'2023-11-29 18:02:39','2023-11-29 18:02:39'),(1049,105,941,5,'input',NULL,'keren kaka','2023-11-29 18:02:39','2023-11-29 18:02:39'),(1050,105,941,6,'input',NULL,'training','2023-11-29 18:02:40','2023-11-29 18:02:40'),(1051,102,883,1,'stars',5,NULL,'2023-11-29 18:49:20','2023-11-29 18:49:20'),(1052,102,883,2,'stars',5,NULL,'2023-11-29 18:49:20','2023-11-29 18:49:20'),(1053,102,883,3,'stars',5,NULL,'2023-11-29 18:49:20','2023-11-29 18:49:20'),(1054,102,883,4,'stars',5,NULL,'2023-11-29 18:49:20','2023-11-29 18:49:20'),(1055,102,883,5,'input',NULL,'Menambah wawasan dan pengetahuan.','2023-11-29 18:49:20','2023-11-29 18:49:20'),(1056,102,883,6,'input',NULL,'Menambah wawasan dan pengetahuan.','2023-11-29 18:49:20','2023-11-29 18:49:20'),(1057,102,935,1,'stars',4,NULL,'2023-11-29 20:23:28','2023-11-29 20:23:28'),(1058,102,935,2,'stars',4,NULL,'2023-11-29 20:23:28','2023-11-29 20:23:28'),(1059,102,935,3,'stars',4,NULL,'2023-11-29 20:23:28','2023-11-29 20:23:28'),(1060,102,935,4,'stars',4,NULL,'2023-11-29 20:23:28','2023-11-29 20:23:28'),(1061,102,935,5,'input',NULL,'Bagus','2023-11-29 20:23:28','2023-11-29 20:23:28'),(1062,102,935,6,'input',NULL,'Training mengenai tools/penunjang alat kerja misalnya rumus excel','2023-11-29 20:23:28','2023-11-29 20:23:28'),(1063,91,935,1,'stars',4,NULL,'2023-11-29 20:45:33','2023-11-29 20:45:33'),(1064,91,935,2,'stars',4,NULL,'2023-11-29 20:45:33','2023-11-29 20:45:33'),(1065,91,935,3,'stars',4,NULL,'2023-11-29 20:45:33','2023-11-29 20:45:33'),(1066,91,935,4,'stars',4,NULL,'2023-11-29 20:45:33','2023-11-29 20:45:33'),(1067,91,935,5,'input',NULL,'good','2023-11-29 20:45:33','2023-11-29 20:45:33'),(1068,91,935,6,'input',NULL,'sudah bagus','2023-11-29 20:45:33','2023-11-29 20:45:33'),(1069,91,832,1,'stars',5,NULL,'2023-11-29 21:40:20','2023-11-29 21:40:20'),(1070,91,832,2,'stars',5,NULL,'2023-11-29 21:40:20','2023-11-29 21:40:20'),(1071,91,832,3,'stars',5,NULL,'2023-11-29 21:40:20','2023-11-29 21:40:20'),(1072,91,832,4,'stars',5,NULL,'2023-11-29 21:40:20','2023-11-29 21:40:20'),(1073,91,832,5,'input',NULL,'coursenya bagus','2023-11-29 21:40:20','2023-11-29 21:40:20'),(1074,91,832,6,'input',NULL,'adakan training expert excel','2023-11-29 21:40:20','2023-11-29 21:40:20'),(1075,102,832,1,'stars',5,NULL,'2023-11-29 21:40:58','2023-11-29 21:40:58'),(1076,102,832,2,'stars',5,NULL,'2023-11-29 21:40:58','2023-11-29 21:40:58'),(1077,102,832,3,'stars',5,NULL,'2023-11-29 21:40:58','2023-11-29 21:40:58'),(1078,102,832,4,'stars',5,NULL,'2023-11-29 21:40:58','2023-11-29 21:40:58'),(1079,102,832,5,'input',NULL,'coursenya bagus','2023-11-29 21:40:58','2023-11-29 21:40:58'),(1080,102,832,6,'input',NULL,'adakan training expert excel','2023-11-29 21:40:58','2023-11-29 21:40:58'),(1081,67,907,1,'stars',5,NULL,'2023-11-29 23:11:13','2023-11-29 23:11:13'),(1082,67,907,2,'stars',5,NULL,'2023-11-29 23:11:13','2023-11-29 23:11:13'),(1083,67,907,3,'stars',5,NULL,'2023-11-29 23:11:13','2023-11-29 23:11:13'),(1084,67,907,4,'stars',5,NULL,'2023-11-29 23:11:13','2023-11-29 23:11:13'),(1085,67,907,5,'input',NULL,'Sangat mudah','2023-11-29 23:11:13','2023-11-29 23:11:13'),(1086,67,907,6,'input',NULL,'Mengatasi agar selalu tetap bersabar','2023-11-29 23:11:13','2023-11-29 23:11:13'),(1087,87,772,1,'stars',5,NULL,'2023-11-29 23:19:53','2023-11-29 23:19:53'),(1088,87,772,2,'stars',5,NULL,'2023-11-29 23:19:53','2023-11-29 23:19:53'),(1089,87,772,3,'stars',5,NULL,'2023-11-29 23:19:53','2023-11-29 23:19:53'),(1090,87,772,4,'stars',4,NULL,'2023-11-29 23:19:53','2023-11-29 23:19:53'),(1091,87,772,5,'input',NULL,'Membingungkan prosesnya','2023-11-29 23:19:53','2023-11-29 23:19:53'),(1092,87,772,6,'input',NULL,'Di hp membingungkan','2023-11-29 23:19:53','2023-11-29 23:19:53'),(1093,98,907,1,'stars',5,NULL,'2023-11-29 23:29:57','2023-11-29 23:29:57'),(1094,98,907,2,'stars',5,NULL,'2023-11-29 23:29:57','2023-11-29 23:29:57'),(1095,98,907,3,'stars',5,NULL,'2023-11-29 23:29:57','2023-11-29 23:29:57'),(1096,98,907,4,'stars',5,NULL,'2023-11-29 23:29:57','2023-11-29 23:29:57'),(1097,98,907,5,'input',NULL,'Agak bingung lanjut dan tidaknya','2023-11-29 23:29:57','2023-11-29 23:29:57'),(1098,98,907,6,'input',NULL,'Cara Menjaga selalu ikhlas dan sabar','2023-11-29 23:29:57','2023-11-29 23:29:57'),(1099,85,864,1,'stars',2,NULL,'2023-11-29 23:30:22','2023-11-29 23:30:22'),(1100,85,864,2,'stars',5,NULL,'2023-11-29 23:30:22','2023-11-29 23:30:22'),(1101,85,864,3,'stars',5,NULL,'2023-11-29 23:30:22','2023-11-29 23:30:22'),(1102,85,864,4,'stars',4,NULL,'2023-11-29 23:30:22','2023-11-29 23:30:22'),(1103,85,864,5,'input',NULL,'Terbaik','2023-11-29 23:30:22','2023-11-29 23:30:22'),(1104,85,864,6,'input',NULL,'Terbaik','2023-11-29 23:30:22','2023-11-29 23:30:22'),(1105,87,864,1,'stars',2,NULL,'2023-11-29 23:45:07','2023-11-29 23:45:07'),(1106,87,864,2,'stars',5,NULL,'2023-11-29 23:45:07','2023-11-29 23:45:07'),(1107,87,864,3,'stars',5,NULL,'2023-11-29 23:45:07','2023-11-29 23:45:07'),(1108,87,864,4,'stars',3,NULL,'2023-11-29 23:45:07','2023-11-29 23:45:07'),(1109,87,864,5,'input',NULL,'Mantap','2023-11-29 23:45:07','2023-11-29 23:45:07'),(1110,87,864,6,'input',NULL,'Mantap','2023-11-29 23:45:07','2023-11-29 23:45:07'),(1111,86,881,1,'stars',5,NULL,'2023-11-30 07:49:10','2023-11-30 07:49:10'),(1112,86,881,2,'stars',5,NULL,'2023-11-30 07:49:10','2023-11-30 07:49:10'),(1113,86,881,3,'stars',5,NULL,'2023-11-30 07:49:10','2023-11-30 07:49:10'),(1114,86,881,4,'stars',5,NULL,'2023-11-30 07:49:10','2023-11-30 07:49:10'),(1115,86,881,5,'input',NULL,'Good Jagoti!','2023-11-30 07:49:10','2023-11-30 07:49:10'),(1116,86,881,6,'input',NULL,'Penggunaan ESS','2023-11-30 07:49:10','2023-11-30 07:49:10'),(1117,63,938,1,'stars',5,NULL,'2023-11-30 08:11:56','2023-11-30 08:11:56'),(1118,63,938,2,'stars',5,NULL,'2023-11-30 08:11:56','2023-11-30 08:11:56'),(1119,63,938,3,'stars',5,NULL,'2023-11-30 08:11:56','2023-11-30 08:11:56'),(1120,63,938,4,'stars',5,NULL,'2023-11-30 08:11:56','2023-11-30 08:11:56'),(1121,63,938,5,'input',NULL,'Good','2023-11-30 08:11:56','2023-11-30 08:11:56'),(1122,63,938,6,'input',NULL,'Good','2023-11-30 08:11:56','2023-11-30 08:11:56'),(1123,84,938,1,'stars',5,NULL,'2023-11-30 08:29:06','2023-11-30 08:29:06'),(1124,84,938,2,'stars',5,NULL,'2023-11-30 08:29:06','2023-11-30 08:29:06'),(1125,84,938,3,'stars',5,NULL,'2023-11-30 08:29:06','2023-11-30 08:29:06'),(1126,84,938,4,'stars',5,NULL,'2023-11-30 08:29:06','2023-11-30 08:29:06'),(1127,84,938,5,'input',NULL,'Good','2023-11-30 08:29:06','2023-11-30 08:29:06'),(1128,84,938,6,'input',NULL,'Good','2023-11-30 08:29:06','2023-11-30 08:29:06'),(1141,73,856,1,'stars',5,NULL,'2023-11-30 08:31:15','2023-11-30 08:31:15'),(1142,73,856,2,'stars',5,NULL,'2023-11-30 08:31:15','2023-11-30 08:31:15'),(1143,73,856,3,'stars',5,NULL,'2023-11-30 08:31:15','2023-11-30 08:31:15'),(1144,73,856,4,'stars',5,NULL,'2023-11-30 08:31:15','2023-11-30 08:31:15'),(1145,73,856,5,'input',NULL,'SANGAT BERMANFAAT SEKALI','2023-11-30 08:31:15','2023-11-30 08:31:15'),(1146,73,856,6,'input',NULL,'MANAGEMENT WAKTU','2023-11-30 08:31:15','2023-11-30 08:31:15'),(1147,70,732,1,'stars',5,NULL,'2023-11-30 08:47:25','2023-11-30 08:47:25'),(1148,70,732,2,'stars',5,NULL,'2023-11-30 08:47:25','2023-11-30 08:47:25'),(1149,70,732,3,'stars',5,NULL,'2023-11-30 08:47:25','2023-11-30 08:47:25'),(1150,70,732,4,'stars',5,NULL,'2023-11-30 08:47:25','2023-11-30 08:47:25'),(1151,70,732,5,'input',NULL,'Mantap, terus dikembangkan LMS-nya sebagai media pembelajaran karyawan','2023-11-30 08:47:25','2023-11-30 08:47:25'),(1152,70,732,6,'input',NULL,'Topik yang berkaitan dengan peningkatan softskill karyawan dan kemajuan teknologi','2023-11-30 08:47:25','2023-11-30 08:47:25'),(1153,74,856,1,'stars',5,NULL,'2023-11-30 08:52:17','2023-11-30 08:52:17'),(1154,74,856,2,'stars',5,NULL,'2023-11-30 08:52:17','2023-11-30 08:52:17'),(1155,74,856,3,'stars',5,NULL,'2023-11-30 08:52:17','2023-11-30 08:52:17'),(1156,74,856,4,'stars',5,NULL,'2023-11-30 08:52:17','2023-11-30 08:52:17'),(1157,74,856,5,'input',NULL,'SANGAT BERMANFAAT SEKALI','2023-11-30 08:52:17','2023-11-30 08:52:17'),(1158,74,856,6,'input',NULL,'MANAGEMENT WAKTU','2023-11-30 08:52:17','2023-11-30 08:52:17'),(1159,61,725,1,'stars',5,NULL,'2023-11-30 09:02:12','2023-11-30 09:02:12'),(1160,61,725,2,'stars',5,NULL,'2023-11-30 09:02:12','2023-11-30 09:02:12'),(1161,61,725,3,'stars',5,NULL,'2023-11-30 09:02:12','2023-11-30 09:02:12'),(1162,61,725,4,'stars',5,NULL,'2023-11-30 09:02:12','2023-11-30 09:02:12'),(1163,61,725,5,'input',NULL,'MUDAH DIPAHAMI','2023-11-30 09:02:12','2023-11-30 09:02:12'),(1164,61,725,6,'input',NULL,'TRAINING PUBLIC SPEAKING','2023-11-30 09:02:12','2023-11-30 09:02:12'),(1165,66,945,1,'stars',5,NULL,'2023-11-30 09:36:13','2023-11-30 09:36:13'),(1166,66,945,2,'stars',5,NULL,'2023-11-30 09:36:13','2023-11-30 09:36:13'),(1167,66,945,3,'stars',5,NULL,'2023-11-30 09:36:13','2023-11-30 09:36:13'),(1168,66,945,4,'stars',5,NULL,'2023-11-30 09:36:13','2023-11-30 09:36:13'),(1169,66,945,5,'input',NULL,'mudah dipahami dan video training sangat membantu','2023-11-30 09:36:13','2023-11-30 09:36:13'),(1170,66,945,6,'input',NULL,'praktek kerja','2023-11-30 09:36:13','2023-11-30 09:36:13'),(1171,100,732,1,'stars',5,NULL,'2023-11-30 09:53:15','2023-11-30 09:53:15'),(1172,100,732,2,'stars',5,NULL,'2023-11-30 09:53:15','2023-11-30 09:53:15'),(1173,100,732,3,'stars',5,NULL,'2023-11-30 09:53:15','2023-11-30 09:53:15'),(1174,100,732,4,'stars',5,NULL,'2023-11-30 09:53:15','2023-11-30 09:53:15'),(1175,100,732,5,'input',NULL,'Materi mudah dipahami','2023-11-30 09:53:15','2023-11-30 09:53:15'),(1176,100,732,6,'input',NULL,'Tentang softskill','2023-11-30 09:53:15','2023-11-30 09:53:15'),(1177,106,909,1,'stars',5,NULL,'2023-11-30 09:53:42','2023-11-30 09:53:42'),(1178,106,909,2,'stars',5,NULL,'2023-11-30 09:53:42','2023-11-30 09:53:42'),(1179,106,909,3,'stars',5,NULL,'2023-11-30 09:53:42','2023-11-30 09:53:42'),(1180,106,909,4,'stars',5,NULL,'2023-11-30 09:53:42','2023-11-30 09:53:42'),(1181,106,909,5,'input',NULL,'Good','2023-11-30 09:53:42','2023-11-30 09:53:42'),(1182,106,909,6,'input',NULL,'Hard Skill Training (Offline), seperti Excel, Bisnis, How to Deal with Difficult People, Analyzing Data, dsb','2023-11-30 09:53:42','2023-11-30 09:53:42'),(1183,88,778,1,'stars',5,NULL,'2023-11-30 09:53:51','2023-11-30 09:53:51'),(1184,88,778,2,'stars',5,NULL,'2023-11-30 09:53:51','2023-11-30 09:53:51'),(1185,88,778,3,'stars',5,NULL,'2023-11-30 09:53:51','2023-11-30 09:53:51'),(1186,88,778,4,'stars',5,NULL,'2023-11-30 09:53:51','2023-11-30 09:53:51'),(1187,88,778,5,'input',NULL,'dibuat lebih user friendly karena modul kelas saya harusnya tampil paling depan dan mudah di liat','2023-11-30 09:53:51','2023-11-30 09:53:51'),(1188,88,778,6,'input',NULL,'hardskill excel dan olah data sangat di butuhkan sekarang ini','2023-11-30 09:53:51','2023-11-30 09:53:51'),(1189,70,912,1,'stars',4,NULL,'2023-11-30 10:13:01','2023-11-30 10:13:01'),(1190,70,912,2,'stars',4,NULL,'2023-11-30 10:13:01','2023-11-30 10:13:01'),(1191,70,912,3,'stars',4,NULL,'2023-11-30 10:13:01','2023-11-30 10:13:01'),(1192,70,912,4,'stars',4,NULL,'2023-11-30 10:13:01','2023-11-30 10:13:01'),(1193,70,912,5,'input',NULL,'Baik','2023-11-30 10:13:01','2023-11-30 10:13:01'),(1194,70,912,6,'input',NULL,'Anti Bullying di Lingkungan Kantot','2023-11-30 10:13:01','2023-11-30 10:13:01'),(1201,87,950,1,'stars',5,NULL,'2023-11-30 10:47:54','2023-11-30 10:47:54'),(1202,87,950,2,'stars',5,NULL,'2023-11-30 10:47:54','2023-11-30 10:47:54'),(1203,87,950,3,'stars',5,NULL,'2023-11-30 10:47:54','2023-11-30 10:47:54'),(1204,87,950,4,'stars',5,NULL,'2023-11-30 10:47:54','2023-11-30 10:47:54'),(1205,87,950,5,'input',NULL,'Mantap','2023-11-30 10:47:54','2023-11-30 10:47:54'),(1206,87,950,6,'input',NULL,'Sudah baik','2023-11-30 10:47:54','2023-11-30 10:47:54'),(1207,87,960,1,'stars',5,NULL,'2023-11-30 10:56:35','2023-11-30 10:56:35'),(1208,87,960,2,'stars',5,NULL,'2023-11-30 10:56:35','2023-11-30 10:56:35'),(1209,87,960,3,'stars',5,NULL,'2023-11-30 10:56:35','2023-11-30 10:56:35'),(1210,87,960,4,'stars',5,NULL,'2023-11-30 10:56:35','2023-11-30 10:56:35'),(1211,87,960,5,'input',NULL,'Pembelajaran yang sangat berguna','2023-11-30 10:56:35','2023-11-30 10:56:35'),(1212,87,960,6,'input',NULL,'Topik sudah sangat baik dan bermanfaat','2023-11-30 10:56:35','2023-11-30 10:56:35'),(1213,86,922,1,'stars',5,NULL,'2023-11-30 13:48:13','2023-11-30 13:48:13'),(1214,86,922,2,'stars',5,NULL,'2023-11-30 13:48:13','2023-11-30 13:48:13'),(1215,86,922,3,'stars',5,NULL,'2023-11-30 13:48:13','2023-11-30 13:48:13'),(1216,86,922,4,'stars',5,NULL,'2023-11-30 13:48:13','2023-11-30 13:48:13'),(1217,86,922,5,'input',NULL,'mantab','2023-11-30 13:48:13','2023-11-30 13:48:13'),(1218,86,922,6,'input',NULL,'mantab','2023-11-30 13:48:13','2023-11-30 13:48:13'),(1219,62,851,1,'stars',5,NULL,'2023-11-30 14:01:18','2023-11-30 14:01:18'),(1220,62,851,2,'stars',5,NULL,'2023-11-30 14:01:18','2023-11-30 14:01:18'),(1221,62,851,3,'stars',5,NULL,'2023-11-30 14:01:18','2023-11-30 14:01:18'),(1222,62,851,4,'stars',5,NULL,'2023-11-30 14:01:18','2023-11-30 14:01:18'),(1223,62,851,5,'input',NULL,'Bagus','2023-11-30 14:01:18','2023-11-30 14:01:18'),(1224,62,851,6,'input',NULL,'Tidak ada','2023-11-30 14:01:18','2023-11-30 14:01:18'),(1225,71,902,1,'stars',5,NULL,'2023-11-30 14:05:50','2023-11-30 14:05:50'),(1226,71,902,2,'stars',5,NULL,'2023-11-30 14:05:50','2023-11-30 14:05:50'),(1227,71,902,3,'stars',5,NULL,'2023-11-30 14:05:50','2023-11-30 14:05:50'),(1228,71,902,4,'stars',5,NULL,'2023-11-30 14:05:50','2023-11-30 14:05:50'),(1229,71,902,5,'input',NULL,'GOOD','2023-11-30 14:05:50','2023-11-30 14:05:50'),(1230,71,902,6,'input',NULL,'English Test','2023-11-30 14:05:50','2023-11-30 14:05:50'),(1231,105,818,1,'stars',4,NULL,'2023-11-30 14:09:32','2023-11-30 14:09:32'),(1232,105,818,2,'stars',5,NULL,'2023-11-30 14:09:32','2023-11-30 14:09:32'),(1233,105,818,3,'stars',5,NULL,'2023-11-30 14:09:32','2023-11-30 14:09:32'),(1234,105,818,4,'stars',4,NULL,'2023-11-30 14:09:32','2023-11-30 14:09:32'),(1235,105,818,5,'input',NULL,'mantap... bisa belajar dimana saja dan kapan saja...','2023-11-30 14:09:32','2023-11-30 14:09:32'),(1236,105,818,6,'input',NULL,'project management','2023-11-30 14:09:32','2023-11-30 14:09:32'),(1237,88,922,1,'stars',5,NULL,'2023-11-30 14:17:17','2023-11-30 14:17:17'),(1238,88,922,2,'stars',5,NULL,'2023-11-30 14:17:17','2023-11-30 14:17:17'),(1239,88,922,3,'stars',5,NULL,'2023-11-30 14:17:17','2023-11-30 14:17:17'),(1240,88,922,4,'stars',5,NULL,'2023-11-30 14:17:17','2023-11-30 14:17:17'),(1241,88,922,5,'input',NULL,'ok','2023-11-30 14:17:17','2023-11-30 14:17:17'),(1242,88,922,6,'input',NULL,'ok','2023-11-30 14:17:17','2023-11-30 14:17:17'),(1243,106,818,1,'stars',5,NULL,'2023-11-30 14:26:17','2023-11-30 14:26:17'),(1244,106,818,2,'stars',5,NULL,'2023-11-30 14:26:17','2023-11-30 14:26:17'),(1245,106,818,3,'stars',5,NULL,'2023-11-30 14:26:17','2023-11-30 14:26:17'),(1246,106,818,4,'stars',5,NULL,'2023-11-30 14:26:17','2023-11-30 14:26:17'),(1247,106,818,5,'input',NULL,'mantap','2023-11-30 14:26:17','2023-11-30 14:26:17'),(1248,106,818,6,'input',NULL,'analisa kelayakan bisnis','2023-11-30 14:26:17','2023-11-30 14:26:17'),(1249,72,902,1,'stars',5,NULL,'2023-11-30 14:26:26','2023-11-30 14:26:26'),(1250,72,902,2,'stars',5,NULL,'2023-11-30 14:26:26','2023-11-30 14:26:26'),(1251,72,902,3,'stars',5,NULL,'2023-11-30 14:26:26','2023-11-30 14:26:26'),(1252,72,902,4,'stars',5,NULL,'2023-11-30 14:26:26','2023-11-30 14:26:26'),(1253,72,902,5,'input',NULL,'GOOD','2023-11-30 14:26:26','2023-11-30 14:26:26'),(1254,72,902,6,'input',NULL,'TEST BAHASA INGGRIS','2023-11-30 14:26:26','2023-11-30 14:26:26'),(1255,91,786,1,'stars',5,NULL,'2023-11-30 14:28:46','2023-11-30 14:28:46'),(1256,91,786,2,'stars',5,NULL,'2023-11-30 14:28:46','2023-11-30 14:28:46'),(1257,91,786,3,'stars',5,NULL,'2023-11-30 14:28:46','2023-11-30 14:28:46'),(1258,91,786,4,'stars',5,NULL,'2023-11-30 14:28:46','2023-11-30 14:28:46'),(1259,91,786,5,'input',NULL,'good, tampilan kurang user friendly','2023-11-30 14:28:46','2023-11-30 14:28:46'),(1260,91,786,6,'input',NULL,'SEX (Service excellent)','2023-11-30 14:28:46','2023-11-30 14:28:46'),(1261,68,851,1,'stars',5,NULL,'2023-11-30 14:33:09','2023-11-30 14:33:09'),(1262,68,851,2,'stars',5,NULL,'2023-11-30 14:33:09','2023-11-30 14:33:09'),(1263,68,851,3,'stars',5,NULL,'2023-11-30 14:33:09','2023-11-30 14:33:09'),(1264,68,851,4,'stars',5,NULL,'2023-11-30 14:33:09','2023-11-30 14:33:09'),(1265,68,851,5,'input',NULL,'Bagus','2023-11-30 14:33:09','2023-11-30 14:33:09'),(1266,68,851,6,'input',NULL,'Tidak ada','2023-11-30 14:33:09','2023-11-30 14:33:09'),(1267,103,919,1,'stars',5,NULL,'2023-11-30 14:47:37','2023-11-30 14:47:37'),(1268,103,919,2,'stars',5,NULL,'2023-11-30 14:47:37','2023-11-30 14:47:37'),(1269,103,919,3,'stars',5,NULL,'2023-11-30 14:47:37','2023-11-30 14:47:37'),(1270,103,919,4,'stars',5,NULL,'2023-11-30 14:47:37','2023-11-30 14:47:37'),(1271,103,919,5,'input',NULL,'Terima kasih untuk refreshment nya','2023-11-30 14:47:37','2023-11-30 14:47:37'),(1272,103,919,6,'input',NULL,'Training Microsoft dan detailnya','2023-11-30 14:47:37','2023-11-30 14:47:37'),(1273,100,912,1,'stars',5,NULL,'2023-11-30 15:02:20','2023-11-30 15:02:20'),(1274,100,912,2,'stars',5,NULL,'2023-11-30 15:02:20','2023-11-30 15:02:20'),(1275,100,912,3,'stars',5,NULL,'2023-11-30 15:02:20','2023-11-30 15:02:20'),(1276,100,912,4,'stars',5,NULL,'2023-11-30 15:02:20','2023-11-30 15:02:20'),(1277,100,912,5,'input',NULL,'Baik','2023-11-30 15:02:20','2023-11-30 15:02:20'),(1278,100,912,6,'input',NULL,'Anti bullying di lingkungan kerja','2023-11-30 15:02:20','2023-11-30 15:02:20'),(1279,102,786,1,'stars',5,NULL,'2023-11-30 15:16:47','2023-11-30 15:16:47'),(1280,102,786,2,'stars',5,NULL,'2023-11-30 15:16:47','2023-11-30 15:16:47'),(1281,102,786,3,'stars',5,NULL,'2023-11-30 15:16:47','2023-11-30 15:16:47'),(1282,102,786,4,'stars',5,NULL,'2023-11-30 15:16:47','2023-11-30 15:16:47'),(1283,102,786,5,'input',NULL,'tampilan aplikasi agar Lebih user friendly','2023-11-30 15:16:47','2023-11-30 15:16:47'),(1284,102,786,6,'input',NULL,'Leadership','2023-11-30 15:16:47','2023-11-30 15:16:47'),(1285,103,873,1,'stars',5,NULL,'2023-11-30 15:19:03','2023-11-30 15:19:03'),(1286,103,873,2,'stars',1,NULL,'2023-11-30 15:19:03','2023-11-30 15:19:03'),(1287,103,873,3,'stars',1,NULL,'2023-11-30 15:19:03','2023-11-30 15:19:03'),(1288,103,873,4,'stars',5,NULL,'2023-11-30 15:19:03','2023-11-30 15:19:03'),(1289,103,873,5,'input',NULL,'videonya muter2 terus','2023-11-30 15:19:03','2023-11-30 15:19:03'),(1290,103,873,6,'input',NULL,'komunikasi','2023-11-30 15:19:03','2023-11-30 15:19:03'),(1291,104,861,1,'stars',3,NULL,'2023-11-30 15:52:03','2023-11-30 15:52:03'),(1292,104,861,2,'stars',3,NULL,'2023-11-30 15:52:03','2023-11-30 15:52:03'),(1293,104,861,3,'stars',3,NULL,'2023-11-30 15:52:03','2023-11-30 15:52:03'),(1294,104,861,4,'stars',5,NULL,'2023-11-30 15:52:03','2023-11-30 15:52:03'),(1295,104,861,5,'input',NULL,'ok','2023-11-30 15:52:03','2023-11-30 15:52:03'),(1296,104,861,6,'input',NULL,'JANGAN TERLALU RUMIT','2023-11-30 15:52:03','2023-11-30 15:52:03'),(1297,104,866,1,'stars',4,NULL,'2023-11-30 15:52:33','2023-11-30 15:52:33'),(1298,104,866,2,'stars',4,NULL,'2023-11-30 15:52:33','2023-11-30 15:52:33'),(1299,104,866,3,'stars',4,NULL,'2023-11-30 15:52:33','2023-11-30 15:52:33'),(1300,104,866,4,'stars',4,NULL,'2023-11-30 15:52:33','2023-11-30 15:52:33'),(1301,104,866,5,'input',NULL,'baik','2023-11-30 15:52:33','2023-11-30 15:52:33'),(1302,104,866,6,'input',NULL,'aman terkendali','2023-11-30 15:52:33','2023-11-30 15:52:33'),(1303,103,861,1,'stars',3,NULL,'2023-11-30 16:09:46','2023-11-30 16:09:46'),(1304,103,861,2,'stars',4,NULL,'2023-11-30 16:09:46','2023-11-30 16:09:46'),(1305,103,861,3,'stars',4,NULL,'2023-11-30 16:09:46','2023-11-30 16:09:46'),(1306,103,861,4,'stars',4,NULL,'2023-11-30 16:09:46','2023-11-30 16:09:46'),(1307,103,861,5,'input',NULL,'OK','2023-11-30 16:09:46','2023-11-30 16:09:46'),(1308,103,861,6,'input',NULL,'OK','2023-11-30 16:09:46','2023-11-30 16:09:46'),(1309,103,866,1,'stars',4,NULL,'2023-11-30 16:10:30','2023-11-30 16:10:30'),(1310,103,866,2,'stars',4,NULL,'2023-11-30 16:10:30','2023-11-30 16:10:30'),(1311,103,866,3,'stars',4,NULL,'2023-11-30 16:10:30','2023-11-30 16:10:30'),(1312,103,866,4,'stars',4,NULL,'2023-11-30 16:10:30','2023-11-30 16:10:30'),(1313,103,866,5,'input',NULL,'Dapat meningkatkan pengetahuan SIM','2023-11-30 16:10:30','2023-11-30 16:10:30'),(1314,103,866,6,'input',NULL,'Ok','2023-11-30 16:10:30','2023-11-30 16:10:30'),(1315,102,831,1,'stars',5,NULL,'2023-11-30 16:36:49','2023-11-30 16:36:49'),(1316,102,831,2,'stars',5,NULL,'2023-11-30 16:36:49','2023-11-30 16:36:49'),(1317,102,831,3,'stars',5,NULL,'2023-11-30 16:36:49','2023-11-30 16:36:49'),(1318,102,831,4,'stars',5,NULL,'2023-11-30 16:36:49','2023-11-30 16:36:49'),(1319,102,831,5,'input',NULL,'semoga jagoti selalu memberikan modul terbaik','2023-11-30 16:36:49','2023-11-30 16:36:49'),(1320,102,831,6,'input',NULL,'semoga jagoti selalu memberikan modul terbaik','2023-11-30 16:36:49','2023-11-30 16:36:49'),(1321,91,831,1,'stars',5,NULL,'2023-11-30 16:39:44','2023-11-30 16:39:44'),(1322,91,831,2,'stars',5,NULL,'2023-11-30 16:39:44','2023-11-30 16:39:44'),(1323,91,831,3,'stars',5,NULL,'2023-11-30 16:39:44','2023-11-30 16:39:44'),(1324,91,831,4,'stars',5,NULL,'2023-11-30 16:39:44','2023-11-30 16:39:44'),(1325,91,831,5,'input',NULL,'semoga jagoti selalu memberikan modul terbaik','2023-11-30 16:39:44','2023-11-30 16:39:44'),(1326,91,831,6,'input',NULL,'semoga jagoti selalu memberikan modul terbaik','2023-11-30 16:39:44','2023-11-30 16:39:44'),(1327,61,827,1,'stars',5,NULL,'2023-11-30 16:59:15','2023-11-30 16:59:15'),(1328,61,827,2,'stars',5,NULL,'2023-11-30 16:59:15','2023-11-30 16:59:15'),(1329,61,827,3,'stars',5,NULL,'2023-11-30 16:59:15','2023-11-30 16:59:15'),(1330,61,827,4,'stars',5,NULL,'2023-11-30 16:59:15','2023-11-30 16:59:15'),(1331,61,827,5,'input',NULL,'good','2023-11-30 16:59:15','2023-11-30 16:59:15'),(1332,61,827,6,'input',NULL,'FRAUD','2023-11-30 16:59:15','2023-11-30 16:59:15'),(1333,86,769,1,'stars',5,NULL,'2023-11-30 17:08:42','2023-11-30 17:08:42'),(1334,86,769,2,'stars',5,NULL,'2023-11-30 17:08:42','2023-11-30 17:08:42'),(1335,86,769,3,'stars',5,NULL,'2023-11-30 17:08:42','2023-11-30 17:08:42'),(1336,86,769,4,'stars',5,NULL,'2023-11-30 17:08:42','2023-11-30 17:08:42'),(1337,86,769,5,'input',NULL,'Good','2023-11-30 17:08:42','2023-11-30 17:08:42'),(1338,86,769,6,'input',NULL,'Good','2023-11-30 17:08:42','2023-11-30 17:08:42'),(1339,88,769,1,'stars',5,NULL,'2023-11-30 17:09:30','2023-11-30 17:09:30'),(1340,88,769,2,'stars',5,NULL,'2023-11-30 17:09:30','2023-11-30 17:09:30'),(1341,88,769,3,'stars',5,NULL,'2023-11-30 17:09:30','2023-11-30 17:09:30'),(1342,88,769,4,'stars',5,NULL,'2023-11-30 17:09:30','2023-11-30 17:09:30'),(1343,88,769,5,'input',NULL,'Good','2023-11-30 17:09:30','2023-11-30 17:09:30'),(1344,88,769,6,'input',NULL,'Good','2023-11-30 17:09:30','2023-11-30 17:09:30'),(1345,66,827,1,'stars',5,NULL,'2023-11-30 17:10:21','2023-11-30 17:10:21'),(1346,66,827,2,'stars',5,NULL,'2023-11-30 17:10:21','2023-11-30 17:10:21'),(1347,66,827,3,'stars',5,NULL,'2023-11-30 17:10:21','2023-11-30 17:10:21'),(1348,66,827,4,'stars',5,NULL,'2023-11-30 17:10:21','2023-11-30 17:10:21'),(1349,66,827,5,'input',NULL,'good','2023-11-30 17:10:21','2023-11-30 17:10:21'),(1350,66,827,6,'input',NULL,'fraud','2023-11-30 17:10:21','2023-11-30 17:10:21'),(1351,61,836,1,'stars',5,NULL,'2023-11-30 17:18:29','2023-11-30 17:18:29'),(1352,61,836,2,'stars',5,NULL,'2023-11-30 17:18:29','2023-11-30 17:18:29'),(1353,61,836,3,'stars',5,NULL,'2023-11-30 17:18:29','2023-11-30 17:18:29'),(1354,61,836,4,'stars',5,NULL,'2023-11-30 17:18:29','2023-11-30 17:18:29'),(1355,61,836,5,'input',NULL,'mantap','2023-11-30 17:18:29','2023-11-30 17:18:29'),(1356,61,836,6,'input',NULL,'mantap','2023-11-30 17:18:29','2023-11-30 17:18:29'),(1357,66,836,1,'stars',5,NULL,'2023-11-30 17:26:17','2023-11-30 17:26:17'),(1358,66,836,2,'stars',5,NULL,'2023-11-30 17:26:17','2023-11-30 17:26:17'),(1359,66,836,3,'stars',5,NULL,'2023-11-30 17:26:17','2023-11-30 17:26:17'),(1360,66,836,4,'stars',5,NULL,'2023-11-30 17:26:17','2023-11-30 17:26:17'),(1361,66,836,5,'input',NULL,'mantap','2023-11-30 17:26:17','2023-11-30 17:26:17'),(1362,66,836,6,'input',NULL,'mantap','2023-11-30 17:26:17','2023-11-30 17:26:17'),(1363,73,826,1,'stars',5,NULL,'2023-11-30 17:27:06','2023-11-30 17:27:06'),(1364,73,826,2,'stars',5,NULL,'2023-11-30 17:27:06','2023-11-30 17:27:06'),(1365,73,826,3,'stars',5,NULL,'2023-11-30 17:27:06','2023-11-30 17:27:06'),(1366,73,826,4,'stars',5,NULL,'2023-11-30 17:27:06','2023-11-30 17:27:06'),(1367,73,826,5,'input',NULL,'good','2023-11-30 17:27:06','2023-11-30 17:27:06'),(1368,73,826,6,'input',NULL,'manajamen waktu','2023-11-30 17:27:06','2023-11-30 17:27:06'),(1369,93,868,1,'stars',5,NULL,'2023-11-30 17:30:06','2023-11-30 17:30:06'),(1370,93,868,2,'stars',5,NULL,'2023-11-30 17:30:06','2023-11-30 17:30:06'),(1371,93,868,3,'stars',5,NULL,'2023-11-30 17:30:06','2023-11-30 17:30:06'),(1372,93,868,4,'stars',5,NULL,'2023-11-30 17:30:06','2023-11-30 17:30:06'),(1373,93,868,5,'input',NULL,'Sangat bagus untuk training para staff karyawan','2023-11-30 17:30:06','2023-11-30 17:30:06'),(1374,93,868,6,'input',NULL,'Management Waktu','2023-11-30 17:30:06','2023-11-30 17:30:06'),(1375,94,868,1,'stars',5,NULL,'2023-11-30 17:34:53','2023-11-30 17:34:53'),(1376,94,868,2,'stars',5,NULL,'2023-11-30 17:34:53','2023-11-30 17:34:53'),(1377,94,868,3,'stars',5,NULL,'2023-11-30 17:34:53','2023-11-30 17:34:53'),(1378,94,868,4,'stars',5,NULL,'2023-11-30 17:34:53','2023-11-30 17:34:53'),(1379,94,868,5,'input',NULL,'sangat bermanfaat untuk para karyawan untuk mencegah froud','2023-11-30 17:34:53','2023-11-30 17:34:53'),(1380,94,868,6,'input',NULL,'Big Data','2023-11-30 17:34:53','2023-11-30 17:34:53'),(1381,77,906,1,'stars',5,NULL,'2023-11-30 17:47:09','2023-11-30 17:47:09'),(1382,77,906,2,'stars',5,NULL,'2023-11-30 17:47:09','2023-11-30 17:47:09'),(1383,77,906,3,'stars',5,NULL,'2023-11-30 17:47:09','2023-11-30 17:47:09'),(1384,77,906,4,'stars',5,NULL,'2023-11-30 17:47:09','2023-11-30 17:47:09'),(1385,77,906,5,'input',NULL,'Mudah dipahami oleh saya','2023-11-30 17:47:09','2023-11-30 17:47:09'),(1386,77,906,6,'input',NULL,'Komunikasi dengan customer internal dan external','2023-11-30 17:47:09','2023-11-30 17:47:09'),(1387,76,865,1,'stars',5,NULL,'2023-11-30 17:50:56','2023-11-30 17:50:56'),(1388,76,865,2,'stars',5,NULL,'2023-11-30 17:50:56','2023-11-30 17:50:56'),(1389,76,865,3,'stars',5,NULL,'2023-11-30 17:50:56','2023-11-30 17:50:56'),(1390,76,865,4,'stars',5,NULL,'2023-11-30 17:50:56','2023-11-30 17:50:56'),(1391,76,865,5,'input',NULL,'mantul;','2023-11-30 17:50:56','2023-11-30 17:50:56'),(1392,76,865,6,'input',NULL,'cara gaya bebas berenang','2023-11-30 17:50:56','2023-11-30 17:50:56'),(1393,77,737,1,'stars',5,NULL,'2023-11-30 17:54:53','2023-11-30 17:54:53'),(1394,77,737,2,'stars',5,NULL,'2023-11-30 17:54:53','2023-11-30 17:54:53'),(1395,77,737,3,'stars',5,NULL,'2023-11-30 17:54:53','2023-11-30 17:54:53'),(1396,77,737,4,'stars',4,NULL,'2023-11-30 17:54:53','2023-11-30 17:54:53'),(1397,77,737,5,'input',NULL,'Soal-soal harus lebih implement bukan hafalan pasal','2023-11-30 17:54:53','2023-11-30 17:54:53'),(1398,77,737,6,'input',NULL,'Undang-undang ketenagakerjaan','2023-11-30 17:54:53','2023-11-30 17:54:53'),(1399,77,865,1,'stars',5,NULL,'2023-11-30 18:01:29','2023-11-30 18:01:29'),(1400,77,865,2,'stars',5,NULL,'2023-11-30 18:01:29','2023-11-30 18:01:29'),(1401,77,865,3,'stars',5,NULL,'2023-11-30 18:01:29','2023-11-30 18:01:29'),(1402,77,865,4,'stars',5,NULL,'2023-11-30 18:01:29','2023-11-30 18:01:29'),(1403,77,865,5,'input',NULL,'Puas, dan tingkatkan ke versi Mobile','2023-11-30 18:01:29','2023-11-30 18:01:29'),(1404,77,865,6,'input',NULL,'Bagaimana cara ke bulan','2023-11-30 18:01:29','2023-11-30 18:01:29'),(1405,77,914,1,'stars',5,NULL,'2023-11-30 18:04:14','2023-11-30 18:04:14'),(1406,77,914,2,'stars',5,NULL,'2023-11-30 18:04:14','2023-11-30 18:04:14'),(1407,77,914,3,'stars',5,NULL,'2023-11-30 18:04:14','2023-11-30 18:04:14'),(1408,77,914,4,'stars',5,NULL,'2023-11-30 18:04:14','2023-11-30 18:04:14'),(1409,77,914,5,'input',NULL,'Bagus','2023-11-30 18:04:14','2023-11-30 18:04:14'),(1410,77,914,6,'input',NULL,'Komunikasi Efektif','2023-11-30 18:04:14','2023-11-30 18:04:14'),(1411,92,745,1,'stars',4,NULL,'2023-11-30 18:15:56','2023-11-30 18:15:56'),(1412,92,745,2,'stars',4,NULL,'2023-11-30 18:15:56','2023-11-30 18:15:56'),(1413,92,745,3,'stars',5,NULL,'2023-11-30 18:15:56','2023-11-30 18:15:56'),(1414,92,745,4,'stars',4,NULL,'2023-11-30 18:15:56','2023-11-30 18:15:56'),(1415,92,745,5,'input',NULL,'uda bagus dan baik','2023-11-30 18:15:56','2023-11-30 18:15:56'),(1416,92,745,6,'input',NULL,'bagus dan baik','2023-11-30 18:15:56','2023-11-30 18:15:56'),(1417,85,784,1,'stars',3,NULL,'2023-11-30 18:18:49','2023-11-30 18:18:49'),(1418,85,784,2,'stars',4,NULL,'2023-11-30 18:18:49','2023-11-30 18:18:49'),(1419,85,784,3,'stars',4,NULL,'2023-11-30 18:18:49','2023-11-30 18:18:49'),(1420,85,784,4,'stars',4,NULL,'2023-11-30 18:18:49','2023-11-30 18:18:49'),(1421,85,784,5,'input',NULL,'Ok','2023-11-30 18:18:49','2023-11-30 18:18:49'),(1422,85,784,6,'input',NULL,'Bik','2023-11-30 18:18:49','2023-11-30 18:18:49'),(1423,65,812,1,'stars',5,NULL,'2023-11-30 18:21:07','2023-11-30 18:21:07'),(1424,65,812,2,'stars',5,NULL,'2023-11-30 18:21:07','2023-11-30 18:21:07'),(1425,65,812,3,'stars',5,NULL,'2023-11-30 18:21:07','2023-11-30 18:21:07'),(1426,65,812,4,'stars',5,NULL,'2023-11-30 18:21:07','2023-11-30 18:21:07'),(1427,65,812,5,'input',NULL,'Sudah cukup baik','2023-11-30 18:21:07','2023-11-30 18:21:07'),(1428,65,812,6,'input',NULL,'Legal','2023-11-30 18:21:07','2023-11-30 18:21:07'),(1435,87,759,1,'stars',4,NULL,'2023-11-30 18:31:18','2023-11-30 18:31:18'),(1436,87,759,2,'stars',4,NULL,'2023-11-30 18:31:18','2023-11-30 18:31:18'),(1437,87,759,3,'stars',4,NULL,'2023-11-30 18:31:18','2023-11-30 18:31:18'),(1438,87,759,4,'stars',4,NULL,'2023-11-30 18:31:18','2023-11-30 18:31:18'),(1439,87,759,5,'input',NULL,'ok','2023-11-30 18:31:18','2023-11-30 18:31:18'),(1440,87,759,6,'input',NULL,'ok','2023-11-30 18:31:18','2023-11-30 18:31:18'),(1441,85,759,1,'stars',4,NULL,'2023-11-30 18:43:11','2023-11-30 18:43:11'),(1442,85,759,2,'stars',4,NULL,'2023-11-30 18:43:11','2023-11-30 18:43:11'),(1443,85,759,3,'stars',4,NULL,'2023-11-30 18:43:11','2023-11-30 18:43:11'),(1444,85,759,4,'stars',4,NULL,'2023-11-30 18:43:11','2023-11-30 18:43:11'),(1445,85,759,5,'input',NULL,'ok','2023-11-30 18:43:11','2023-11-30 18:43:11'),(1446,85,759,6,'input',NULL,'ok','2023-11-30 18:43:11','2023-11-30 18:43:11'),(1459,66,968,1,'stars',5,NULL,'2023-11-30 20:15:46','2023-11-30 20:15:46'),(1460,66,968,2,'stars',5,NULL,'2023-11-30 20:15:46','2023-11-30 20:15:46'),(1461,66,968,3,'stars',5,NULL,'2023-11-30 20:15:46','2023-11-30 20:15:46'),(1462,66,968,4,'stars',5,NULL,'2023-11-30 20:15:46','2023-11-30 20:15:46'),(1463,66,968,5,'input',NULL,'sangat insightful','2023-11-30 20:15:46','2023-11-30 20:15:46'),(1464,66,968,6,'input',NULL,'semoga banyak topik training yg membuat karyawan SIM lebih aware tentang peraturan perusahaan yg ada','2023-11-30 20:15:46','2023-11-30 20:15:46'),(1465,61,968,1,'stars',5,NULL,'2023-11-30 20:16:59','2023-11-30 20:16:59'),(1466,61,968,2,'stars',5,NULL,'2023-11-30 20:16:59','2023-11-30 20:16:59'),(1467,61,968,3,'stars',5,NULL,'2023-11-30 20:16:59','2023-11-30 20:16:59'),(1468,61,968,4,'stars',5,NULL,'2023-11-30 20:16:59','2023-11-30 20:16:59'),(1469,61,968,5,'input',NULL,'Sangat insightful','2023-11-30 20:16:59','2023-11-30 20:16:59'),(1470,61,968,6,'input',NULL,'Semoga lebih banyak training-training yg disediakan utk meningkatkan awareness tentang value dari SIMGROUP','2023-11-30 20:16:59','2023-11-30 20:16:59'),(1471,85,785,1,'stars',4,NULL,'2023-11-30 20:24:03','2023-11-30 20:24:03'),(1472,85,785,2,'stars',5,NULL,'2023-11-30 20:24:03','2023-11-30 20:24:03'),(1473,85,785,3,'stars',4,NULL,'2023-11-30 20:24:04','2023-11-30 20:24:04'),(1474,85,785,4,'stars',5,NULL,'2023-11-30 20:24:04','2023-11-30 20:24:04'),(1475,85,785,5,'input',NULL,'B','2023-11-30 20:24:04','2023-11-30 20:24:04'),(1476,85,785,6,'input',NULL,'B','2023-11-30 20:24:04','2023-11-30 20:24:04'),(1477,85,923,1,'stars',5,NULL,'2023-11-30 20:48:07','2023-11-30 20:48:07'),(1478,85,923,2,'stars',5,NULL,'2023-11-30 20:48:07','2023-11-30 20:48:07'),(1479,85,923,3,'stars',5,NULL,'2023-11-30 20:48:07','2023-11-30 20:48:07'),(1480,85,923,4,'stars',5,NULL,'2023-11-30 20:48:07','2023-11-30 20:48:07'),(1481,85,923,5,'input',NULL,'Good','2023-11-30 20:48:07','2023-11-30 20:48:07'),(1482,85,923,6,'input',NULL,'Good','2023-11-30 20:48:07','2023-11-30 20:48:07'),(1501,87,785,1,'stars',5,NULL,'2023-11-30 20:52:37','2023-11-30 20:52:37'),(1502,87,785,2,'stars',5,NULL,'2023-11-30 20:52:37','2023-11-30 20:52:37'),(1503,87,785,3,'stars',5,NULL,'2023-11-30 20:52:37','2023-11-30 20:52:37'),(1504,87,785,4,'stars',5,NULL,'2023-11-30 20:52:37','2023-11-30 20:52:37'),(1505,87,785,5,'input',NULL,'Bb','2023-11-30 20:52:37','2023-11-30 20:52:37'),(1506,87,785,6,'input',NULL,'B','2023-11-30 20:52:37','2023-11-30 20:52:37'),(1513,87,923,1,'stars',5,NULL,'2023-11-30 21:00:05','2023-11-30 21:00:05'),(1514,87,923,2,'stars',5,NULL,'2023-11-30 21:00:05','2023-11-30 21:00:05'),(1515,87,923,3,'stars',5,NULL,'2023-11-30 21:00:05','2023-11-30 21:00:05'),(1516,87,923,4,'stars',5,NULL,'2023-11-30 21:00:05','2023-11-30 21:00:05'),(1517,87,923,5,'input',NULL,'Good','2023-11-30 21:00:05','2023-11-30 21:00:05'),(1518,87,923,6,'input',NULL,'Good','2023-11-30 21:00:05','2023-11-30 21:00:05'),(1519,105,857,1,'stars',5,NULL,'2023-11-30 21:20:57','2023-11-30 21:20:57'),(1520,105,857,2,'stars',5,NULL,'2023-11-30 21:20:57','2023-11-30 21:20:57'),(1521,105,857,3,'stars',5,NULL,'2023-11-30 21:20:57','2023-11-30 21:20:57'),(1522,105,857,4,'stars',5,NULL,'2023-11-30 21:20:57','2023-11-30 21:20:57'),(1523,105,857,5,'input',NULL,'Sangat bermnafaat','2023-11-30 21:20:57','2023-11-30 21:20:57'),(1524,105,857,6,'input',NULL,'Leadership','2023-11-30 21:20:57','2023-11-30 21:20:57'),(1531,80,837,1,'stars',3,NULL,'2023-11-30 21:23:03','2023-11-30 21:23:03'),(1532,80,837,2,'stars',4,NULL,'2023-11-30 21:23:03','2023-11-30 21:23:03'),(1533,80,837,3,'stars',4,NULL,'2023-11-30 21:23:03','2023-11-30 21:23:03'),(1534,80,837,4,'stars',4,NULL,'2023-11-30 21:23:03','2023-11-30 21:23:03'),(1535,80,837,5,'input',NULL,'Lebih dibuat ringkas untuk modulnya','2023-11-30 21:23:03','2023-11-30 21:23:03'),(1536,80,837,6,'input',NULL,'topik training menyangkut jobdesk sesuai divisinya','2023-11-30 21:23:03','2023-11-30 21:23:03'),(1537,106,857,1,'stars',5,NULL,'2023-11-30 21:26:42','2023-11-30 21:26:42'),(1538,106,857,2,'stars',5,NULL,'2023-11-30 21:26:42','2023-11-30 21:26:42'),(1539,106,857,3,'stars',5,NULL,'2023-11-30 21:26:42','2023-11-30 21:26:42'),(1540,106,857,4,'stars',5,NULL,'2023-11-30 21:26:42','2023-11-30 21:26:42'),(1541,106,857,5,'input',NULL,'Sangat bermanfat','2023-11-30 21:26:42','2023-11-30 21:26:42'),(1542,106,857,6,'input',NULL,'Leadership','2023-11-30 21:26:42','2023-11-30 21:26:42'),(1543,87,959,1,'stars',5,NULL,'2023-11-30 21:32:50','2023-11-30 21:32:50'),(1544,87,959,2,'stars',5,NULL,'2023-11-30 21:32:50','2023-11-30 21:32:50'),(1545,87,959,3,'stars',5,NULL,'2023-11-30 21:32:50','2023-11-30 21:32:50'),(1546,87,959,4,'stars',5,NULL,'2023-11-30 21:32:50','2023-11-30 21:32:50'),(1547,87,959,5,'input',NULL,'Sangat bermanfaat','2023-11-30 21:32:50','2023-11-30 21:32:50'),(1548,87,959,6,'input',NULL,'Project manageme mnt','2023-11-30 21:32:50','2023-11-30 21:32:50'),(1549,85,777,1,'stars',5,NULL,'2023-11-30 21:39:28','2023-11-30 21:39:28'),(1550,85,777,2,'stars',5,NULL,'2023-11-30 21:39:28','2023-11-30 21:39:28'),(1551,85,777,3,'stars',5,NULL,'2023-11-30 21:39:28','2023-11-30 21:39:28'),(1552,85,777,4,'stars',5,NULL,'2023-11-30 21:39:28','2023-11-30 21:39:28'),(1553,85,777,5,'input',NULL,'ok. terima kasih','2023-11-30 21:39:28','2023-11-30 21:39:28'),(1554,85,777,6,'input',NULL,'ok. terima kasih','2023-11-30 21:39:28','2023-11-30 21:39:28'),(1555,87,783,1,'stars',5,NULL,'2023-11-30 21:51:35','2023-11-30 21:51:35'),(1556,87,783,2,'stars',5,NULL,'2023-11-30 21:51:35','2023-11-30 21:51:35'),(1557,87,783,3,'stars',5,NULL,'2023-11-30 21:51:35','2023-11-30 21:51:35'),(1558,87,783,4,'stars',5,NULL,'2023-11-30 21:51:35','2023-11-30 21:51:35'),(1559,87,783,5,'input',NULL,'sangat baik dan sistem mudah dikerjakan (user friendly)','2023-11-30 21:51:35','2023-11-30 21:51:35'),(1560,87,783,6,'input',NULL,'materi sangat baik pararel dengan pekerjaan sehari hari','2023-11-30 21:51:35','2023-11-30 21:51:35'),(1561,87,777,1,'stars',5,NULL,'2023-11-30 21:52:16','2023-11-30 21:52:16'),(1562,87,777,2,'stars',5,NULL,'2023-11-30 21:52:16','2023-11-30 21:52:16'),(1563,87,777,3,'stars',5,NULL,'2023-11-30 21:52:16','2023-11-30 21:52:16'),(1564,87,777,4,'stars',5,NULL,'2023-11-30 21:52:16','2023-11-30 21:52:16'),(1565,87,777,5,'input',NULL,'terima kasih','2023-11-30 21:52:16','2023-11-30 21:52:16'),(1566,87,777,6,'input',NULL,'ok. terima kasih','2023-11-30 21:52:16','2023-11-30 21:52:16'),(1567,85,900,1,'stars',4,NULL,'2023-11-30 22:24:28','2023-11-30 22:24:28'),(1568,85,900,2,'stars',5,NULL,'2023-11-30 22:24:28','2023-11-30 22:24:28'),(1569,85,900,3,'stars',5,NULL,'2023-11-30 22:24:28','2023-11-30 22:24:28'),(1570,85,900,4,'stars',5,NULL,'2023-11-30 22:24:28','2023-11-30 22:24:28'),(1571,85,900,5,'input',NULL,'good','2023-11-30 22:24:28','2023-11-30 22:24:28'),(1572,85,900,6,'input',NULL,'good','2023-11-30 22:24:28','2023-11-30 22:24:28'),(1573,86,825,1,'stars',5,NULL,'2023-12-01 15:09:47','2023-12-01 15:09:47'),(1574,86,825,2,'stars',5,NULL,'2023-12-01 15:09:47','2023-12-01 15:09:47'),(1575,86,825,3,'stars',5,NULL,'2023-12-01 15:09:47','2023-12-01 15:09:47'),(1576,86,825,4,'stars',5,NULL,'2023-12-01 15:09:47','2023-12-01 15:09:47'),(1577,86,825,5,'input',NULL,'Ada Video yang error untuk di play','2023-12-01 15:09:47','2023-12-01 15:09:47'),(1578,86,825,6,'input',NULL,'sudah baik , lanjutkan','2023-12-01 15:09:47','2023-12-01 15:09:47'),(1579,93,926,1,'stars',5,NULL,'2023-12-01 15:24:59','2023-12-01 15:24:59'),(1580,93,926,2,'stars',5,NULL,'2023-12-01 15:24:59','2023-12-01 15:24:59'),(1581,93,926,3,'stars',5,NULL,'2023-12-01 15:24:59','2023-12-01 15:24:59'),(1582,93,926,4,'stars',5,NULL,'2023-12-01 15:24:59','2023-12-01 15:24:59'),(1583,93,926,5,'input',NULL,'ok','2023-12-01 15:24:59','2023-12-01 15:24:59'),(1584,93,926,6,'input',NULL,'ok','2023-12-01 15:24:59','2023-12-01 15:24:59'),(1585,94,926,1,'stars',5,NULL,'2023-12-01 15:29:04','2023-12-01 15:29:04'),(1586,94,926,2,'stars',5,NULL,'2023-12-01 15:29:04','2023-12-01 15:29:04'),(1587,94,926,3,'stars',5,NULL,'2023-12-01 15:29:04','2023-12-01 15:29:04'),(1588,94,926,4,'stars',5,NULL,'2023-12-01 15:29:04','2023-12-01 15:29:04'),(1589,94,926,5,'input',NULL,'ok','2023-12-01 15:29:04','2023-12-01 15:29:04'),(1590,94,926,6,'input',NULL,'ok','2023-12-01 15:29:04','2023-12-01 15:29:04'),(1591,88,825,1,'stars',5,NULL,'2023-12-01 16:07:01','2023-12-01 16:07:01'),(1592,88,825,2,'stars',5,NULL,'2023-12-01 16:07:01','2023-12-01 16:07:01'),(1593,88,825,3,'stars',5,NULL,'2023-12-01 16:07:01','2023-12-01 16:07:01'),(1594,88,825,4,'stars',5,NULL,'2023-12-01 16:07:01','2023-12-01 16:07:01'),(1595,88,825,5,'input',NULL,'Modul sudah Baik , bisa membuat gambaran kepada peserta Training terkait Etika dan Fraud','2023-12-01 16:07:01','2023-12-01 16:07:01'),(1596,88,825,6,'input',NULL,'Sudah Baik , Lanjutkan ,','2023-12-01 16:07:01','2023-12-01 16:07:01'),(1597,67,995,1,'stars',5,NULL,'2023-12-04 12:06:05','2023-12-04 12:06:05'),(1598,67,995,2,'stars',5,NULL,'2023-12-04 12:06:05','2023-12-04 12:06:05'),(1599,67,995,3,'stars',5,NULL,'2023-12-04 12:06:05','2023-12-04 12:06:05'),(1600,67,995,4,'stars',5,NULL,'2023-12-04 12:06:05','2023-12-04 12:06:05'),(1601,67,995,5,'input',NULL,'Materi mudah dipahami dan memuat hal hal penting untuk keseharian SIMers di tempat kerja.','2023-12-04 12:06:05','2023-12-04 12:06:05'),(1602,67,995,6,'input',NULL,'Bisa ditingkatkan dengan tujuan culture dan manfaat penerapannya pada kehidupan diluar pekerjaan.','2023-12-04 12:06:05','2023-12-04 12:06:05'),(1603,63,807,1,'stars',5,NULL,'2023-12-05 17:38:14','2023-12-05 17:38:14'),(1604,63,807,2,'stars',5,NULL,'2023-12-05 17:38:14','2023-12-05 17:38:14'),(1605,63,807,3,'stars',5,NULL,'2023-12-05 17:38:14','2023-12-05 17:38:14'),(1606,63,807,4,'stars',5,NULL,'2023-12-05 17:38:14','2023-12-05 17:38:14'),(1607,63,807,5,'input',NULL,'ok','2023-12-05 17:38:14','2023-12-05 17:38:14'),(1608,63,807,6,'input',NULL,'Leadership skill','2023-12-05 17:38:14','2023-12-05 17:38:14'),(1609,63,804,1,'stars',5,NULL,'2023-12-05 17:40:21','2023-12-05 17:40:21'),(1610,63,804,2,'stars',5,NULL,'2023-12-05 17:40:21','2023-12-05 17:40:21'),(1611,63,804,3,'stars',5,NULL,'2023-12-05 17:40:21','2023-12-05 17:40:21'),(1612,63,804,4,'stars',5,NULL,'2023-12-05 17:40:21','2023-12-05 17:40:21'),(1613,63,804,5,'input',NULL,'thanks','2023-12-05 17:40:21','2023-12-05 17:40:21'),(1614,63,804,6,'input',NULL,'terimakasih','2023-12-05 17:40:21','2023-12-05 17:40:21'),(1615,84,882,1,'stars',5,NULL,'2023-12-05 17:40:41','2023-12-05 17:40:41'),(1616,84,882,2,'stars',5,NULL,'2023-12-05 17:40:41','2023-12-05 17:40:41'),(1617,84,882,3,'stars',5,NULL,'2023-12-05 17:40:41','2023-12-05 17:40:41'),(1618,84,882,4,'stars',5,NULL,'2023-12-05 17:40:41','2023-12-05 17:40:41'),(1619,84,882,5,'input',NULL,'Oke, Materinya Bermanfaat','2023-12-05 17:40:41','2023-12-05 17:40:41'),(1620,84,882,6,'input',NULL,'Training English For Business','2023-12-05 17:40:41','2023-12-05 17:40:41'),(1621,73,896,1,'stars',5,NULL,'2023-12-05 19:14:28','2023-12-05 19:14:28'),(1622,73,896,2,'stars',5,NULL,'2023-12-05 19:14:28','2023-12-05 19:14:28'),(1623,73,896,3,'stars',5,NULL,'2023-12-05 19:14:28','2023-12-05 19:14:28'),(1624,73,896,4,'stars',5,NULL,'2023-12-05 19:14:28','2023-12-05 19:14:28'),(1625,73,896,5,'input',NULL,'materinya bagus','2023-12-05 19:14:28','2023-12-05 19:14:28'),(1626,73,896,6,'input',NULL,'oke banget','2023-12-05 19:14:28','2023-12-05 19:14:28'),(1627,74,896,1,'stars',5,NULL,'2023-12-05 19:27:21','2023-12-05 19:27:21'),(1628,74,896,2,'stars',5,NULL,'2023-12-05 19:27:21','2023-12-05 19:27:21'),(1629,74,896,3,'stars',5,NULL,'2023-12-05 19:27:21','2023-12-05 19:27:21'),(1630,74,896,4,'stars',5,NULL,'2023-12-05 19:27:21','2023-12-05 19:27:21'),(1631,74,896,5,'input',NULL,'materinya bagus','2023-12-05 19:27:21','2023-12-05 19:27:21'),(1632,74,896,6,'input',NULL,'oke banget','2023-12-05 19:27:21','2023-12-05 19:27:21'),(1639,76,789,1,'stars',4,NULL,'2023-12-05 21:00:13','2023-12-05 21:00:13'),(1640,76,789,2,'stars',4,NULL,'2023-12-05 21:00:13','2023-12-05 21:00:13'),(1641,76,789,3,'stars',4,NULL,'2023-12-05 21:00:13','2023-12-05 21:00:13'),(1642,76,789,4,'stars',4,NULL,'2023-12-05 21:00:13','2023-12-05 21:00:13'),(1643,76,789,5,'input',NULL,'ok','2023-12-05 21:00:13','2023-12-05 21:00:13'),(1644,76,789,6,'input',NULL,'pentingnya ibadah','2023-12-05 21:00:13','2023-12-05 21:00:13'),(1645,77,789,1,'stars',4,NULL,'2023-12-05 21:10:05','2023-12-05 21:10:05'),(1646,77,789,2,'stars',4,NULL,'2023-12-05 21:10:05','2023-12-05 21:10:05'),(1647,77,789,3,'stars',4,NULL,'2023-12-05 21:10:05','2023-12-05 21:10:05'),(1648,77,789,4,'stars',4,NULL,'2023-12-05 21:10:05','2023-12-05 21:10:05'),(1649,77,789,5,'input',NULL,'ok','2023-12-05 21:10:05','2023-12-05 21:10:05'),(1650,77,789,6,'input',NULL,'pentingnya ibadah','2023-12-05 21:10:05','2023-12-05 21:10:05'),(1651,73,763,1,'stars',5,NULL,'2023-12-05 21:28:19','2023-12-05 21:28:19'),(1652,73,763,2,'stars',5,NULL,'2023-12-05 21:28:19','2023-12-05 21:28:19'),(1653,73,763,3,'stars',5,NULL,'2023-12-05 21:28:19','2023-12-05 21:28:19'),(1654,73,763,4,'stars',5,NULL,'2023-12-05 21:28:19','2023-12-05 21:28:19'),(1655,73,763,5,'input',NULL,'Bagus','2023-12-05 21:28:19','2023-12-05 21:28:19'),(1656,73,763,6,'input',NULL,'ApA Saja Bagus','2023-12-05 21:28:19','2023-12-05 21:28:19'),(1657,62,877,1,'stars',5,NULL,'2023-12-05 22:50:30','2023-12-05 22:50:30'),(1658,62,877,2,'stars',5,NULL,'2023-12-05 22:50:30','2023-12-05 22:50:30'),(1659,62,877,3,'stars',5,NULL,'2023-12-05 22:50:30','2023-12-05 22:50:30'),(1660,62,877,4,'stars',4,NULL,'2023-12-05 22:50:30','2023-12-05 22:50:30'),(1661,62,877,5,'input',NULL,'Refreshment lgi nih  thx jagoti','2023-12-05 22:50:30','2023-12-05 22:50:30'),(1662,62,877,6,'input',NULL,'Topik sllu update','2023-12-05 22:50:30','2023-12-05 22:50:30'),(1663,68,877,1,'stars',5,NULL,'2023-12-06 03:34:25','2023-12-06 03:34:25'),(1664,68,877,2,'stars',5,NULL,'2023-12-06 03:34:25','2023-12-06 03:34:25'),(1665,68,877,3,'stars',5,NULL,'2023-12-06 03:34:25','2023-12-06 03:34:25'),(1666,68,877,4,'stars',5,NULL,'2023-12-06 03:34:25','2023-12-06 03:34:25'),(1667,68,877,5,'input',NULL,'Good training','2023-12-06 03:34:25','2023-12-06 03:34:25'),(1668,68,877,6,'input',NULL,'Training bermanfaat utk pribadi dan perusahaan','2023-12-06 03:34:25','2023-12-06 03:34:25'),(1669,95,726,1,'stars',5,NULL,'2023-12-06 15:31:25','2023-12-06 15:31:25'),(1670,95,726,2,'stars',5,NULL,'2023-12-06 15:31:25','2023-12-06 15:31:25'),(1671,95,726,3,'stars',3,NULL,'2023-12-06 15:31:25','2023-12-06 15:31:25'),(1672,95,726,4,'stars',5,NULL,'2023-12-06 15:31:25','2023-12-06 15:31:25'),(1673,95,726,5,'input',NULL,'Videonya ada yg tdk bisa diputar','2023-12-06 15:31:25','2023-12-06 15:31:25'),(1674,95,726,6,'input',NULL,'Tolong dibenerin','2023-12-06 15:31:25','2023-12-06 15:31:25'),(1681,70,971,1,'stars',5,NULL,'2023-12-06 15:53:09','2023-12-06 15:53:09'),(1682,70,971,2,'stars',4,NULL,'2023-12-06 15:53:09','2023-12-06 15:53:09'),(1683,70,971,3,'stars',4,NULL,'2023-12-06 15:53:09','2023-12-06 15:53:09'),(1684,70,971,4,'stars',5,NULL,'2023-12-06 15:53:09','2023-12-06 15:53:09'),(1685,70,971,5,'input',NULL,'Jaya jaya jaya','2023-12-06 15:53:09','2023-12-06 15:53:09'),(1686,70,971,6,'input',NULL,'Training singkat tapi bermanfaat','2023-12-06 15:53:09','2023-12-06 15:53:09'),(1693,100,971,1,'stars',5,NULL,'2023-12-06 16:09:25','2023-12-06 16:09:25'),(1694,100,971,2,'stars',5,NULL,'2023-12-06 16:09:25','2023-12-06 16:09:25'),(1695,100,971,3,'stars',5,NULL,'2023-12-06 16:09:25','2023-12-06 16:09:25'),(1696,100,971,4,'stars',5,NULL,'2023-12-06 16:09:25','2023-12-06 16:09:25'),(1697,100,971,5,'input',NULL,'Jaya jaya jaya','2023-12-06 16:09:26','2023-12-06 16:09:26'),(1698,100,971,6,'input',NULL,'Materi singkat tapi bermanfaat','2023-12-06 16:09:26','2023-12-06 16:09:26'),(1699,97,726,1,'stars',5,NULL,'2023-12-06 16:19:58','2023-12-06 16:19:58'),(1700,97,726,2,'stars',5,NULL,'2023-12-06 16:19:58','2023-12-06 16:19:58'),(1701,97,726,3,'stars',5,NULL,'2023-12-06 16:19:58','2023-12-06 16:19:58'),(1702,97,726,4,'stars',5,NULL,'2023-12-06 16:19:58','2023-12-06 16:19:58'),(1703,97,726,5,'input',NULL,'Oke','2023-12-06 16:19:58','2023-12-06 16:19:58'),(1704,97,726,6,'input',NULL,'Oke','2023-12-06 16:19:58','2023-12-06 16:19:58'),(1705,62,1005,1,'stars',5,NULL,'2023-12-20 16:18:56','2023-12-20 16:18:56'),(1706,62,1005,2,'stars',5,NULL,'2023-12-20 16:18:56','2023-12-20 16:18:56'),(1707,62,1005,3,'stars',5,NULL,'2023-12-20 16:18:56','2023-12-20 16:18:56'),(1708,62,1005,4,'stars',5,NULL,'2023-12-20 16:18:56','2023-12-20 16:18:56'),(1709,62,1005,5,'input',NULL,'Sudah Baik','2023-12-20 16:18:56','2023-12-20 16:18:56'),(1710,62,1005,6,'input',NULL,'Sudah Baik','2023-12-20 16:18:56','2023-12-20 16:18:56'),(1711,62,1004,1,'stars',5,NULL,'2023-12-20 16:20:35','2023-12-20 16:20:35'),(1712,62,1004,2,'stars',5,NULL,'2023-12-20 16:20:35','2023-12-20 16:20:35'),(1713,62,1004,3,'stars',5,NULL,'2023-12-20 16:20:35','2023-12-20 16:20:35'),(1714,62,1004,4,'stars',5,NULL,'2023-12-20 16:20:35','2023-12-20 16:20:35'),(1715,62,1004,5,'input',NULL,'mudah dipahami','2023-12-20 16:20:35','2023-12-20 16:20:35'),(1716,62,1004,6,'input',NULL,'sudah ok','2023-12-20 16:20:35','2023-12-20 16:20:35'),(1717,68,1005,1,'stars',5,NULL,'2023-12-20 16:55:58','2023-12-20 16:55:58'),(1718,68,1005,2,'stars',5,NULL,'2023-12-20 16:55:58','2023-12-20 16:55:58'),(1719,68,1005,3,'stars',5,NULL,'2023-12-20 16:55:58','2023-12-20 16:55:58'),(1720,68,1005,4,'stars',5,NULL,'2023-12-20 16:55:58','2023-12-20 16:55:58'),(1721,68,1005,5,'input',NULL,'Sudah Baik untuk dasar karyawan','2023-12-20 16:55:58','2023-12-20 16:55:58'),(1722,68,1005,6,'input',NULL,'Materi diperbanyak','2023-12-20 16:55:58','2023-12-20 16:55:58'),(1723,68,1004,1,'stars',5,NULL,'2023-12-20 16:56:09','2023-12-20 16:56:09'),(1724,68,1004,2,'stars',5,NULL,'2023-12-20 16:56:09','2023-12-20 16:56:09'),(1725,68,1004,3,'stars',5,NULL,'2023-12-20 16:56:09','2023-12-20 16:56:09'),(1726,68,1004,4,'stars',5,NULL,'2023-12-20 16:56:09','2023-12-20 16:56:09'),(1727,68,1004,5,'input',NULL,'cukup sulit dipahami','2023-12-20 16:56:09','2023-12-20 16:56:09'),(1728,68,1004,6,'input',NULL,'risk','2023-12-20 16:56:09','2023-12-20 16:56:09'),(1729,90,1003,1,'stars',5,NULL,'2024-01-02 10:52:39','2024-01-02 10:52:39'),(1730,90,1003,2,'stars',5,NULL,'2024-01-02 10:52:39','2024-01-02 10:52:39'),(1731,90,1003,3,'stars',5,NULL,'2024-01-02 10:52:39','2024-01-02 10:52:39'),(1732,90,1003,4,'stars',5,NULL,'2024-01-02 10:52:39','2024-01-02 10:52:39'),(1733,90,1003,5,'input',NULL,'Baik','2024-01-02 10:52:39','2024-01-02 10:52:39'),(1734,90,1003,6,'input',NULL,'Baik','2024-01-02 10:52:39','2024-01-02 10:52:39'),(1741,62,1010,1,'stars',5,NULL,'2024-01-04 19:09:26','2024-01-04 19:09:26'),(1742,62,1010,2,'stars',5,NULL,'2024-01-04 19:09:26','2024-01-04 19:09:26'),(1743,62,1010,3,'stars',5,NULL,'2024-01-04 19:09:26','2024-01-04 19:09:26'),(1744,62,1010,4,'stars',5,NULL,'2024-01-04 19:09:26','2024-01-04 19:09:26'),(1745,62,1010,5,'input',NULL,'ok','2024-01-04 19:09:26','2024-01-04 19:09:26'),(1746,62,1010,6,'input',NULL,'ok','2024-01-04 19:09:26','2024-01-04 19:09:26'),(1747,84,1006,1,'stars',4,NULL,'2024-01-15 15:10:11','2024-01-15 15:10:11'),(1748,84,1006,2,'stars',5,NULL,'2024-01-15 15:10:11','2024-01-15 15:10:11'),(1749,84,1006,3,'stars',4,NULL,'2024-01-15 15:10:11','2024-01-15 15:10:11'),(1750,84,1006,4,'stars',5,NULL,'2024-01-15 15:10:11','2024-01-15 15:10:11'),(1751,84,1006,5,'input',NULL,'sudah cukup baik','2024-01-15 15:10:11','2024-01-15 15:10:11'),(1752,84,1006,6,'input',NULL,'do and donts','2024-01-15 15:10:11','2024-01-15 15:10:11'),(1753,71,1016,1,'stars',4,NULL,'2024-01-16 14:30:05','2024-01-16 14:30:05'),(1754,71,1016,2,'stars',4,NULL,'2024-01-16 14:30:05','2024-01-16 14:30:05'),(1755,71,1016,3,'stars',4,NULL,'2024-01-16 14:30:05','2024-01-16 14:30:05'),(1756,71,1016,4,'stars',4,NULL,'2024-01-16 14:30:05','2024-01-16 14:30:05'),(1757,71,1016,5,'input',NULL,'2 video pertama tidak bisa di buka (di private)','2024-01-16 14:30:05','2024-01-16 14:30:05'),(1758,71,1016,6,'input',NULL,'untuk karyawan baru training terkait knowledge PP & ISO\nuntuk karyawan lama : soft skill training seperti problem solving, comm skill','2024-01-16 14:30:05','2024-01-16 14:30:05'),(1759,72,1016,1,'stars',4,NULL,'2024-01-16 15:41:37','2024-01-16 15:41:37'),(1760,72,1016,2,'stars',5,NULL,'2024-01-16 15:41:37','2024-01-16 15:41:37'),(1761,72,1016,3,'stars',5,NULL,'2024-01-16 15:41:37','2024-01-16 15:41:37'),(1762,72,1016,4,'stars',4,NULL,'2024-01-16 15:41:37','2024-01-16 15:41:37'),(1763,72,1016,5,'input',NULL,'sudah oke','2024-01-16 15:41:37','2024-01-16 15:41:37'),(1764,72,1016,6,'input',NULL,'pengenalan lingkungan perusahaan, 5R training, jobdesk, sop/instruksi kerja','2024-01-16 15:41:37','2024-01-16 15:41:37'),(1765,73,1013,1,'stars',5,NULL,'2024-01-18 17:06:32','2024-01-18 17:06:32'),(1766,73,1013,2,'stars',5,NULL,'2024-01-18 17:06:32','2024-01-18 17:06:32'),(1767,73,1013,3,'stars',5,NULL,'2024-01-18 17:06:32','2024-01-18 17:06:32'),(1768,73,1013,4,'stars',5,NULL,'2024-01-18 17:06:32','2024-01-18 17:06:32'),(1769,73,1013,5,'input',NULL,'Good','2024-01-18 17:06:32','2024-01-18 17:06:32'),(1770,73,1013,6,'input',NULL,'Good','2024-01-18 17:06:32','2024-01-18 17:06:32'),(1771,74,1013,1,'stars',5,NULL,'2024-01-18 17:28:33','2024-01-18 17:28:33'),(1772,74,1013,2,'stars',5,NULL,'2024-01-18 17:28:33','2024-01-18 17:28:33'),(1773,74,1013,3,'stars',5,NULL,'2024-01-18 17:28:33','2024-01-18 17:28:33'),(1774,74,1013,4,'stars',5,NULL,'2024-01-18 17:28:33','2024-01-18 17:28:33'),(1775,74,1013,5,'input',NULL,'Good','2024-01-18 17:28:33','2024-01-18 17:28:33'),(1776,74,1013,6,'input',NULL,'Good','2024-01-18 17:28:33','2024-01-18 17:28:33'),(1777,91,1018,1,'stars',5,NULL,'2024-01-22 11:12:56','2024-01-22 11:12:56'),(1778,91,1018,2,'stars',5,NULL,'2024-01-22 11:12:56','2024-01-22 11:12:56'),(1779,91,1018,3,'stars',5,NULL,'2024-01-22 11:12:56','2024-01-22 11:12:56'),(1780,91,1018,4,'stars',5,NULL,'2024-01-22 11:12:56','2024-01-22 11:12:56'),(1781,91,1018,5,'input',NULL,'training yang sangat membantu','2024-01-22 11:12:56','2024-01-22 11:12:56'),(1782,91,1018,6,'input',NULL,'training sudah cukup lengkap','2024-01-22 11:12:56','2024-01-22 11:12:56'),(1783,102,1018,1,'stars',5,NULL,'2024-01-22 11:39:14','2024-01-22 11:39:14'),(1784,102,1018,2,'stars',5,NULL,'2024-01-22 11:39:14','2024-01-22 11:39:14'),(1785,102,1018,3,'stars',5,NULL,'2024-01-22 11:39:14','2024-01-22 11:39:14'),(1786,102,1018,4,'stars',5,NULL,'2024-01-22 11:39:14','2024-01-22 11:39:14'),(1787,102,1018,5,'input',NULL,'materi dari trainging cukup mudah dipahami','2024-01-22 11:39:14','2024-01-22 11:39:14'),(1788,102,1018,6,'input',NULL,'sudah cukup lengkap','2024-01-22 11:39:14','2024-01-22 11:39:14'),(1789,84,1020,1,'stars',5,NULL,'2024-01-22 12:43:31','2024-01-22 12:43:31'),(1790,84,1020,2,'stars',4,NULL,'2024-01-22 12:43:31','2024-01-22 12:43:31'),(1791,84,1020,3,'stars',5,NULL,'2024-01-22 12:43:31','2024-01-22 12:43:31'),(1792,84,1020,4,'stars',5,NULL,'2024-01-22 12:43:31','2024-01-22 12:43:31'),(1793,84,1020,5,'input',NULL,'ok','2024-01-22 12:43:31','2024-01-22 12:43:31'),(1794,84,1020,6,'input',NULL,'ok','2024-01-22 12:43:31','2024-01-22 12:43:31'),(1795,63,1020,1,'stars',5,NULL,'2024-01-22 12:46:26','2024-01-22 12:46:26'),(1796,63,1020,2,'stars',5,NULL,'2024-01-22 12:46:26','2024-01-22 12:46:26'),(1797,63,1020,3,'stars',5,NULL,'2024-01-22 12:46:26','2024-01-22 12:46:26'),(1798,63,1020,4,'stars',5,NULL,'2024-01-22 12:46:26','2024-01-22 12:46:26'),(1799,63,1020,5,'input',NULL,'ok','2024-01-22 12:46:26','2024-01-22 12:46:26'),(1800,63,1020,6,'input',NULL,'ok','2024-01-22 12:46:26','2024-01-22 12:46:26'),(1801,107,1025,1,'stars',5,NULL,'2024-01-31 21:37:36','2024-01-31 21:37:36'),(1802,107,1025,2,'stars',5,NULL,'2024-01-31 21:37:36','2024-01-31 21:37:36'),(1803,107,1025,3,'stars',5,NULL,'2024-01-31 21:37:36','2024-01-31 21:37:36'),(1804,107,1025,4,'stars',5,NULL,'2024-01-31 21:37:36','2024-01-31 21:37:36'),(1805,107,1025,5,'input',NULL,'Mantap banget','2024-01-31 21:37:36','2024-01-31 21:37:36'),(1806,107,1025,6,'input',NULL,'Apa aja','2024-01-31 21:37:36','2024-01-31 21:37:36'),(1807,97,1023,1,'stars',5,NULL,'2024-02-01 11:52:56','2024-02-01 11:52:56'),(1808,97,1023,2,'stars',5,NULL,'2024-02-01 11:52:56','2024-02-01 11:52:56'),(1809,97,1023,3,'stars',5,NULL,'2024-02-01 11:52:56','2024-02-01 11:52:56'),(1810,97,1023,4,'stars',5,NULL,'2024-02-01 11:52:56','2024-02-01 11:52:56'),(1811,97,1023,5,'input',NULL,'Baik','2024-02-01 11:52:56','2024-02-01 11:52:56'),(1812,97,1023,6,'input',NULL,'Sudah Cukup','2024-02-01 11:52:56','2024-02-01 11:52:56'),(1813,95,1023,1,'stars',5,NULL,'2024-02-01 12:02:58','2024-02-01 12:02:58'),(1814,95,1023,2,'stars',5,NULL,'2024-02-01 12:02:58','2024-02-01 12:02:58'),(1815,95,1023,3,'stars',5,NULL,'2024-02-01 12:02:58','2024-02-01 12:02:58'),(1816,95,1023,4,'stars',5,NULL,'2024-02-01 12:02:58','2024-02-01 12:02:58'),(1817,95,1023,5,'input',NULL,'baik','2024-02-01 12:02:58','2024-02-01 12:02:58'),(1818,95,1023,6,'input',NULL,'sudah cukup','2024-02-01 12:02:58','2024-02-01 12:02:58'),(1819,107,1029,1,'stars',5,NULL,'2024-02-01 12:14:11','2024-02-01 12:14:11'),(1820,107,1029,2,'stars',4,NULL,'2024-02-01 12:14:11','2024-02-01 12:14:11'),(1821,107,1029,3,'stars',5,NULL,'2024-02-01 12:14:11','2024-02-01 12:14:11'),(1822,107,1029,4,'stars',5,NULL,'2024-02-01 12:14:11','2024-02-01 12:14:11'),(1823,107,1029,5,'input',NULL,'Bagus','2024-02-01 12:14:11','2024-02-01 12:14:11'),(1824,107,1029,6,'input',NULL,'Komunikasi','2024-02-01 12:14:11','2024-02-01 12:14:11'),(1825,102,1026,1,'stars',5,NULL,'2024-02-01 12:35:05','2024-02-01 12:35:05'),(1826,102,1026,2,'stars',5,NULL,'2024-02-01 12:35:05','2024-02-01 12:35:05'),(1827,102,1026,3,'stars',5,NULL,'2024-02-01 12:35:05','2024-02-01 12:35:05'),(1828,102,1026,4,'stars',5,NULL,'2024-02-01 12:35:05','2024-02-01 12:35:05'),(1829,102,1026,5,'input',NULL,'All Good','2024-02-01 12:35:05','2024-02-01 12:35:05'),(1830,102,1026,6,'input',NULL,'DATA ANALISA','2024-02-01 12:35:05','2024-02-01 12:35:05'),(1831,91,1026,1,'stars',5,NULL,'2024-02-01 12:51:07','2024-02-01 12:51:07'),(1832,91,1026,2,'stars',5,NULL,'2024-02-01 12:51:07','2024-02-01 12:51:07'),(1833,91,1026,3,'stars',5,NULL,'2024-02-01 12:51:07','2024-02-01 12:51:07'),(1834,91,1026,4,'stars',5,NULL,'2024-02-01 12:51:07','2024-02-01 12:51:07'),(1835,91,1026,5,'input',NULL,'All Good','2024-02-01 12:51:07','2024-02-01 12:51:07'),(1836,91,1026,6,'input',NULL,'NEGOSIASI SKILL','2024-02-01 12:51:07','2024-02-01 12:51:07'),(1837,107,1031,1,'stars',5,NULL,'2024-02-05 09:32:06','2024-02-05 09:32:06'),(1838,107,1031,2,'stars',5,NULL,'2024-02-05 09:32:06','2024-02-05 09:32:06'),(1839,107,1031,3,'stars',5,NULL,'2024-02-05 09:32:06','2024-02-05 09:32:06'),(1840,107,1031,4,'stars',5,NULL,'2024-02-05 09:32:06','2024-02-05 09:32:06'),(1841,107,1031,5,'input',NULL,'Menarik sekali','2024-02-05 09:32:06','2024-02-05 09:32:06'),(1842,107,1031,6,'input',NULL,'Pengenalan Klien SIMGROUP','2024-02-05 09:32:06','2024-02-05 09:32:06'),(1843,108,1034,1,'stars',5,NULL,'2024-02-05 10:52:41','2024-02-05 10:52:41'),(1844,108,1034,2,'stars',5,NULL,'2024-02-05 10:52:41','2024-02-05 10:52:41'),(1845,108,1034,3,'stars',5,NULL,'2024-02-05 10:52:41','2024-02-05 10:52:41'),(1846,108,1034,4,'stars',5,NULL,'2024-02-05 10:52:41','2024-02-05 10:52:41'),(1847,108,1034,5,'input',NULL,'Mantap','2024-02-05 10:52:41','2024-02-05 10:52:41'),(1848,108,1034,6,'input',NULL,'Apaa aja','2024-02-05 10:52:41','2024-02-05 10:52:41'),(1849,61,1012,1,'stars',5,NULL,'2024-02-05 13:05:05','2024-02-05 13:05:05'),(1850,61,1012,2,'stars',5,NULL,'2024-02-05 13:05:05','2024-02-05 13:05:05'),(1851,61,1012,3,'stars',5,NULL,'2024-02-05 13:05:05','2024-02-05 13:05:05'),(1852,61,1012,4,'stars',5,NULL,'2024-02-05 13:05:05','2024-02-05 13:05:05'),(1853,61,1012,5,'input',NULL,'baik','2024-02-05 13:05:05','2024-02-05 13:05:05'),(1854,61,1012,6,'input',NULL,'baik','2024-02-05 13:05:05','2024-02-05 13:05:05'),(1855,66,1012,1,'stars',5,NULL,'2024-02-05 14:02:41','2024-02-05 14:02:41'),(1856,66,1012,2,'stars',5,NULL,'2024-02-05 14:02:41','2024-02-05 14:02:41'),(1857,66,1012,3,'stars',5,NULL,'2024-02-05 14:02:41','2024-02-05 14:02:41'),(1858,66,1012,4,'stars',5,NULL,'2024-02-05 14:02:41','2024-02-05 14:02:41'),(1859,66,1012,5,'input',NULL,'baik','2024-02-05 14:02:41','2024-02-05 14:02:41'),(1860,66,1012,6,'input',NULL,'baik','2024-02-05 14:02:41','2024-02-05 14:02:41'),(1861,122,1167,1,'stars',5,NULL,'2024-02-07 16:08:08','2024-02-07 16:08:08'),(1862,122,1167,2,'stars',5,NULL,'2024-02-07 16:08:08','2024-02-07 16:08:08'),(1863,122,1167,3,'stars',5,NULL,'2024-02-07 16:08:08','2024-02-07 16:08:08'),(1864,122,1167,4,'stars',5,NULL,'2024-02-07 16:08:08','2024-02-07 16:08:08'),(1865,122,1167,5,'input',NULL,'Baik','2024-02-07 16:08:08','2024-02-07 16:08:08'),(1866,122,1167,6,'input',NULL,'Baik','2024-02-07 16:08:08','2024-02-07 16:08:08'),(1867,108,1097,1,'stars',5,NULL,'2024-02-07 16:21:48','2024-02-07 16:21:48'),(1868,108,1097,2,'stars',5,NULL,'2024-02-07 16:21:48','2024-02-07 16:21:48'),(1869,108,1097,3,'stars',5,NULL,'2024-02-07 16:21:48','2024-02-07 16:21:48'),(1870,108,1097,4,'stars',5,NULL,'2024-02-07 16:21:48','2024-02-07 16:21:48'),(1871,108,1097,5,'input',NULL,'Sangat komunikatif, good job SIM Group','2024-02-07 16:21:48','2024-02-07 16:21:48'),(1872,108,1097,6,'input',NULL,'Semoga semakin banyak modulnya','2024-02-07 16:21:48','2024-02-07 16:21:48'),(1885,108,1141,1,'stars',5,NULL,'2024-02-07 16:53:08','2024-02-07 16:53:08'),(1886,108,1141,2,'stars',5,NULL,'2024-02-07 16:53:08','2024-02-07 16:53:08'),(1887,108,1141,3,'stars',5,NULL,'2024-02-07 16:53:08','2024-02-07 16:53:08'),(1888,108,1141,4,'stars',5,NULL,'2024-02-07 16:53:08','2024-02-07 16:53:08'),(1889,108,1141,5,'input',NULL,'Sangat baik, pembelajaran nya mudah saya pahami.','2024-02-07 16:53:08','2024-02-07 16:53:08'),(1890,108,1141,6,'input',NULL,'Sangat baik, mudah dipahami','2024-02-07 16:53:08','2024-02-07 16:53:08'),(1891,108,1131,1,'stars',5,NULL,'2024-02-07 17:14:32','2024-02-07 17:14:32'),(1892,108,1131,2,'stars',5,NULL,'2024-02-07 17:14:32','2024-02-07 17:14:32'),(1893,108,1131,3,'stars',5,NULL,'2024-02-07 17:14:32','2024-02-07 17:14:32'),(1894,108,1131,4,'stars',5,NULL,'2024-02-07 17:14:32','2024-02-07 17:14:32'),(1895,108,1131,5,'input',NULL,'Ukup baik','2024-02-07 17:14:32','2024-02-07 17:14:32'),(1896,108,1131,6,'input',NULL,'Tidak ada','2024-02-07 17:14:32','2024-02-07 17:14:32'),(1897,117,1096,1,'stars',5,NULL,'2024-02-07 18:21:12','2024-02-07 18:21:12'),(1898,117,1096,2,'stars',5,NULL,'2024-02-07 18:21:12','2024-02-07 18:21:12'),(1899,117,1096,3,'stars',5,NULL,'2024-02-07 18:21:12','2024-02-07 18:21:12'),(1900,117,1096,4,'stars',5,NULL,'2024-02-07 18:21:12','2024-02-07 18:21:12'),(1901,117,1096,5,'input',NULL,'mantap','2024-02-07 18:21:12','2024-02-07 18:21:12'),(1902,117,1096,6,'input',NULL,'tentang peningkatan basic skill','2024-02-07 18:21:12','2024-02-07 18:21:12'),(1903,117,1043,1,'stars',5,NULL,'2024-02-07 18:34:55','2024-02-07 18:34:55'),(1904,117,1043,2,'stars',5,NULL,'2024-02-07 18:34:55','2024-02-07 18:34:55'),(1905,117,1043,3,'stars',5,NULL,'2024-02-07 18:34:55','2024-02-07 18:34:55'),(1906,117,1043,4,'stars',5,NULL,'2024-02-07 18:34:55','2024-02-07 18:34:55'),(1907,117,1043,5,'input',NULL,'Good','2024-02-07 18:34:55','2024-02-07 18:34:55'),(1908,117,1043,6,'input',NULL,'Membahas Ruang Lingkup yang Lebih Luas','2024-02-07 18:34:55','2024-02-07 18:34:55'),(1909,120,1072,1,'stars',5,NULL,'2024-02-07 22:04:12','2024-02-07 22:04:12'),(1910,120,1072,2,'stars',4,NULL,'2024-02-07 22:04:12','2024-02-07 22:04:12'),(1911,120,1072,3,'stars',4,NULL,'2024-02-07 22:04:12','2024-02-07 22:04:12'),(1912,120,1072,4,'stars',5,NULL,'2024-02-07 22:04:12','2024-02-07 22:04:12'),(1913,120,1072,5,'input',NULL,'sangat membantu','2024-02-07 22:04:12','2024-02-07 22:04:12'),(1914,120,1072,6,'input',NULL,'di video standar penampilan terkadang suara backround terlalu besar','2024-02-07 22:04:12','2024-02-07 22:04:12'),(1915,112,1121,1,'stars',5,NULL,'2024-02-08 07:15:31','2024-02-08 07:15:31'),(1916,112,1121,2,'stars',5,NULL,'2024-02-08 07:15:31','2024-02-08 07:15:31'),(1917,112,1121,3,'stars',5,NULL,'2024-02-08 07:15:31','2024-02-08 07:15:31'),(1918,112,1121,4,'stars',5,NULL,'2024-02-08 07:15:31','2024-02-08 07:15:31'),(1919,112,1121,5,'input',NULL,'Kualitas modul nya sangat mudah dipahami','2024-02-08 07:15:31','2024-02-08 07:15:31'),(1920,112,1121,6,'input',NULL,'The Power of Working with Emotional Intelligence & Creative Problem Solving','2024-02-08 07:15:31','2024-02-08 07:15:31'),(1921,117,1044,1,'stars',5,NULL,'2024-02-08 10:36:41','2024-02-08 10:36:41'),(1922,117,1044,2,'stars',5,NULL,'2024-02-08 10:36:41','2024-02-08 10:36:41'),(1923,117,1044,3,'stars',5,NULL,'2024-02-08 10:36:41','2024-02-08 10:36:41'),(1924,117,1044,4,'stars',5,NULL,'2024-02-08 10:36:41','2024-02-08 10:36:41'),(1925,117,1044,5,'input',NULL,'durasi training sangat lengkap dan materi mudah di pahami dengan kualitas suara dan video yang jelas','2024-02-08 10:36:41','2024-02-08 10:36:41'),(1926,117,1044,6,'input',NULL,'terkait topik training company profile,tips menghadapi interview, standar penampilan sangat mudah dipahami dan cukup lengkap','2024-02-08 10:36:41','2024-02-08 10:36:41'),(1927,120,1090,1,'stars',5,NULL,'2024-02-08 13:19:16','2024-02-08 13:19:16'),(1928,120,1090,2,'stars',5,NULL,'2024-02-08 13:19:16','2024-02-08 13:19:16'),(1929,120,1090,3,'stars',5,NULL,'2024-02-08 13:19:16','2024-02-08 13:19:16'),(1930,120,1090,4,'stars',5,NULL,'2024-02-08 13:19:16','2024-02-08 13:19:16'),(1931,120,1090,5,'input',NULL,'Semoga saya cepat dapat kerja','2024-02-08 13:19:16','2024-02-08 13:19:16'),(1932,120,1090,6,'input',NULL,'Sangat menarik dan membimbing','2024-02-08 13:19:16','2024-02-08 13:19:16'),(1933,108,1067,1,'stars',5,NULL,'2024-02-08 13:52:26','2024-02-08 13:52:26'),(1934,108,1067,2,'stars',5,NULL,'2024-02-08 13:52:26','2024-02-08 13:52:26'),(1935,108,1067,3,'stars',5,NULL,'2024-02-08 13:52:26','2024-02-08 13:52:26'),(1936,108,1067,4,'stars',5,NULL,'2024-02-08 13:52:26','2024-02-08 13:52:26'),(1937,108,1067,5,'input',NULL,'video nya saat bermanfaat untuk para kandidat pekerja','2024-02-08 13:52:26','2024-02-08 13:52:26'),(1938,108,1067,6,'input',NULL,'cara menghadapi beberapa pertanyaan saat interview','2024-02-08 13:52:26','2024-02-08 13:52:26'),(1939,108,1157,1,'stars',5,NULL,'2024-02-09 12:30:35','2024-02-09 12:30:35'),(1940,108,1157,2,'stars',5,NULL,'2024-02-09 12:30:35','2024-02-09 12:30:35'),(1941,108,1157,3,'stars',5,NULL,'2024-02-09 12:30:35','2024-02-09 12:30:35'),(1942,108,1157,4,'stars',5,NULL,'2024-02-09 12:30:35','2024-02-09 12:30:35'),(1943,108,1157,5,'input',NULL,'materi bagus','2024-02-09 12:30:35','2024-02-09 12:30:35'),(1944,108,1157,6,'input',NULL,'sudah bagus','2024-02-09 12:30:35','2024-02-09 12:30:35'),(1945,122,1073,1,'stars',5,NULL,'2024-02-15 15:48:03','2024-02-15 15:48:03'),(1946,122,1073,2,'stars',5,NULL,'2024-02-15 15:48:03','2024-02-15 15:48:03'),(1947,122,1073,3,'stars',5,NULL,'2024-02-15 15:48:03','2024-02-15 15:48:03'),(1948,122,1073,4,'stars',5,NULL,'2024-02-15 15:48:03','2024-02-15 15:48:03'),(1949,122,1073,5,'input',NULL,'Sangat membantu','2024-02-15 15:48:03','2024-02-15 15:48:03'),(1950,122,1073,6,'input',NULL,'Interview','2024-02-15 15:48:03','2024-02-15 15:48:03'),(1951,112,1053,1,'stars',4,NULL,'2024-02-16 22:16:41','2024-02-16 22:16:41'),(1952,112,1053,2,'stars',4,NULL,'2024-02-16 22:16:41','2024-02-16 22:16:41'),(1953,112,1053,3,'stars',4,NULL,'2024-02-16 22:16:41','2024-02-16 22:16:41'),(1954,112,1053,4,'stars',4,NULL,'2024-02-16 22:16:41','2024-02-16 22:16:41'),(1955,112,1053,5,'input',NULL,'materi dan videonya sangat mudah di pahami, sehingga memudahkan saya untuk mengerjakan tes.','2024-02-16 22:16:41','2024-02-16 22:16:41'),(1956,112,1053,6,'input',NULL,'untuk videonya mungkin bisa lebih di persingkat sedikit. namun saat ini sudah cukup bagus untuk semuanya.','2024-02-16 22:16:41','2024-02-16 22:16:41'),(1957,126,1172,1,'stars',5,NULL,'2024-02-19 12:11:43','2024-02-19 12:11:43'),(1958,126,1172,2,'stars',5,NULL,'2024-02-19 12:11:43','2024-02-19 12:11:43'),(1959,126,1172,3,'stars',5,NULL,'2024-02-19 12:11:43','2024-02-19 12:11:43'),(1960,126,1172,4,'stars',5,NULL,'2024-02-19 12:11:43','2024-02-19 12:11:43'),(1961,126,1172,5,'input',NULL,'Keren','2024-02-19 12:11:43','2024-02-19 12:11:43'),(1962,126,1172,6,'input',NULL,'OKe','2024-02-19 12:11:43','2024-02-19 12:11:43'),(1963,110,1863,1,'stars',5,NULL,'2024-02-27 11:19:40','2024-02-27 11:19:40'),(1964,110,1863,2,'stars',5,NULL,'2024-02-27 11:19:40','2024-02-27 11:19:40'),(1965,110,1863,3,'stars',5,NULL,'2024-02-27 11:19:40','2024-02-27 11:19:40'),(1966,110,1863,4,'stars',5,NULL,'2024-02-27 11:19:40','2024-02-27 11:19:40'),(1967,110,1863,5,'input',NULL,'Bagus, menambah pengetahuan','2024-02-27 11:19:40','2024-02-27 11:19:40'),(1968,110,1863,6,'input',NULL,'Soal mungkin bisa di tambahin','2024-02-27 11:19:40','2024-02-27 11:19:40'),(1969,108,1635,1,'stars',5,NULL,'2024-02-27 14:45:21','2024-02-27 14:45:21'),(1970,108,1635,2,'stars',5,NULL,'2024-02-27 14:45:21','2024-02-27 14:45:21'),(1971,108,1635,3,'stars',5,NULL,'2024-02-27 14:45:21','2024-02-27 14:45:21'),(1972,108,1635,4,'stars',5,NULL,'2024-02-27 14:45:21','2024-02-27 14:45:21'),(1973,108,1635,5,'input',NULL,'Sangat bagus dan bermanfaat','2024-02-27 14:45:21','2024-02-27 14:45:21'),(1974,108,1635,6,'input',NULL,'Masih dengan topik yang sama kandidat Administrasi','2024-02-27 14:45:21','2024-02-27 14:45:21'),(1975,108,2465,1,'stars',5,NULL,'2024-02-27 21:00:37','2024-02-27 21:00:37'),(1976,108,2465,2,'stars',5,NULL,'2024-02-27 21:00:37','2024-02-27 21:00:37'),(1977,108,2465,3,'stars',5,NULL,'2024-02-27 21:00:37','2024-02-27 21:00:37'),(1978,108,2465,4,'stars',5,NULL,'2024-02-27 21:00:37','2024-02-27 21:00:37'),(1979,108,2465,5,'input',NULL,'Trainingnya menyenangkan banyak hal yang bisa diambil dari pelajaran tiap case nya','2024-02-27 21:00:37','2024-02-27 21:00:37'),(1980,108,2465,6,'input',NULL,'semoga bisa diakses dengan mudah','2024-02-27 21:00:37','2024-02-27 21:00:37'),(1981,110,2210,1,'stars',5,NULL,'2024-02-28 19:07:04','2024-02-28 19:07:04'),(1982,110,2210,2,'stars',5,NULL,'2024-02-28 19:07:04','2024-02-28 19:07:04'),(1983,110,2210,3,'stars',5,NULL,'2024-02-28 19:07:04','2024-02-28 19:07:04'),(1984,110,2210,4,'stars',5,NULL,'2024-02-28 19:07:04','2024-02-28 19:07:04'),(1985,110,2210,5,'input',NULL,'ok','2024-02-28 19:07:04','2024-02-28 19:07:04'),(1986,110,2210,6,'input',NULL,'-','2024-02-28 19:07:04','2024-02-28 19:07:04'),(1987,123,1875,1,'stars',4,NULL,'2024-02-29 03:33:19','2024-02-29 03:33:19'),(1988,123,1875,2,'stars',4,NULL,'2024-02-29 03:33:19','2024-02-29 03:33:19'),(1989,123,1875,3,'stars',4,NULL,'2024-02-29 03:33:19','2024-02-29 03:33:19'),(1990,123,1875,4,'stars',5,NULL,'2024-02-29 03:33:19','2024-02-29 03:33:19'),(1991,123,1875,5,'input',NULL,'Bagus','2024-02-29 03:33:19','2024-02-29 03:33:19'),(1992,123,1875,6,'input',NULL,'Tingkatkan','2024-02-29 03:33:19','2024-02-29 03:33:19'),(1993,117,1735,1,'stars',5,NULL,'2024-02-29 10:51:19','2024-02-29 10:51:19'),(1994,117,1735,2,'stars',5,NULL,'2024-02-29 10:51:19','2024-02-29 10:51:19'),(1995,117,1735,3,'stars',5,NULL,'2024-02-29 10:51:19','2024-02-29 10:51:19'),(1996,117,1735,4,'stars',5,NULL,'2024-02-29 10:51:19','2024-02-29 10:51:19'),(1997,117,1735,5,'input',NULL,'sangat membantu dalam dunia pekerjaan, terutama untuk fresh graduate','2024-02-29 10:51:19','2024-02-29 10:51:19'),(1998,117,1735,6,'input',NULL,'Interview user','2024-02-29 10:51:19','2024-02-29 10:51:19');

--
-- Table structure for table `rating_question`
--

CREATE TABLE `rating_question` (
  `id_rating_question` int NOT NULL AUTO_INCREMENT,
  `question` varchar(100) NOT NULL,
  `category` varchar(50) DEFAULT NULL,
  `status` tinyint DEFAULT '1',
  PRIMARY KEY (`id_rating_question`)
) ENGINE=InnoDB AUTO_INCREMENT=12 DEFAULT CHARSET=utf8mb4 COLLATE=utf8mb4_0900_ai_ci;

--
-- Dumping data for table `rating_question`
--

INSERT INTO `rating_question` VALUES (1,'Durasi Training','stars',1),(2,'Kualitas Suara','stars',1),(3,'Kualitas Video','stars',1),(4,'Materi Mudah Dipahami','stars',1),(5,'Ulasan / Komentar','input',1),(6,'Usulan Topik Training','input',1),(7,'Komentar','input',0),(9,'Trainer Good Looking','stars',0),(10,'Krtik & Saran dongs','input',0),(11,'Good Looking','stars',0);

--
-- Table structure for table `role`
--

CREATE TABLE `role` (
  `id` int NOT NULL AUTO_INCREMENT,
  `nama` varchar(50) NOT NULL,
  PRIMARY KEY (`id`)
) ENGINE=InnoDB AUTO_INCREMENT=8 DEFAULT CHARSET=latin1;

--
-- Dumping data for table `role`
--

INSERT INTO `role` VALUES (1,'Admin'),(2,'Peserta'),(3,'HC'),(4,'CLN'),(5,'CC'),(6,'LO'),(7,'OPS');

--
-- Table structure for table `sertifikat`
--

CREATE TABLE `sertifikat` (
  `id` int NOT NULL AUTO_INCREMENT,
  `course_id` int DEFAULT NULL,
  `user_id` int DEFAULT NULL,
  `seri` varchar(50) DEFAULT NULL,
  PRIMARY KEY (`id`)
) ENGINE=InnoDB AUTO_INCREMENT=334 DEFAULT CHARSET=utf8mb4 COLLATE=utf8mb4_0900_ai_ci;

--
-- Dumping data for table `sertifikat`
--

INSERT INTO `sertifikat` VALUES (2,19,6,'1'),(3,19,127,'2'),(4,54,182,'1'),(5,54,176,'2'),(6,52,177,'1'),(7,54,186,'3'),(8,53,186,'1'),(9,53,192,'2'),(10,53,179,'3'),(11,52,180,'2'),(12,56,197,'1'),(13,52,196,'3'),(14,56,179,'2'),(15,52,186,'4'),(16,54,180,'4'),(17,53,206,'4'),(18,52,208,'5'),(19,53,207,'5'),(20,52,176,'6'),(21,76,906,'1'),(22,76,914,'2'),(23,73,805,'1'),(24,73,805,'2'),(25,73,751,'3'),(26,86,917,'1'),(27,63,774,'1'),(28,71,845,'1'),(29,71,741,'2'),(30,72,845,'1'),(31,88,802,'1'),(32,86,802,'2'),(33,85,947,'1'),(34,105,794,'1'),(35,105,918,'2'),(36,105,885,'3'),(37,106,794,'1'),(38,106,918,'2'),(39,106,885,'3'),(40,86,778,'3'),(41,68,925,'1'),(42,62,925,'1'),(43,62,811,'2'),(44,85,931,'2'),(45,87,839,'1'),(46,85,839,'3'),(47,91,982,'1'),(48,91,874,'2'),(49,102,982,'1'),(50,87,931,'2'),(51,73,817,'4'),(52,96,977,'1'),(53,64,977,'1'),(54,87,734,'3'),(55,85,734,'4'),(56,73,905,'5'),(57,95,768,'1'),(58,97,768,'1'),(59,74,905,'1'),(60,85,863,'5'),(61,91,820,'3'),(62,102,820,'2'),(63,73,872,'6'),(64,73,847,'7'),(65,74,847,'2'),(66,85,787,'6'),(67,73,800,'8'),(68,73,969,'9'),(69,74,800,'3'),(70,74,872,'4'),(71,74,969,'5'),(72,105,886,'4'),(73,73,816,'10'),(74,73,765,'10'),(75,74,816,'6'),(76,74,765,'7'),(77,85,757,'7'),(78,87,757,'4'),(79,85,766,'8'),(80,88,917,'2'),(81,85,961,'9'),(82,87,787,'5'),(83,85,755,'10'),(84,85,949,'10'),(85,87,755,'6'),(86,87,755,'7'),(87,85,833,'10'),(88,87,833,'8'),(89,87,892,'9'),(90,85,739,'10'),(91,87,739,'10'),(92,63,773,'2'),(93,68,811,'2'),(94,84,807,'1'),(95,87,782,'10'),(96,63,882,'3'),(97,67,841,'1'),(98,62,966,'3'),(99,98,841,'1'),(100,68,966,'3'),(101,86,819,'4'),(102,86,819,'5'),(103,87,962,'10'),(104,85,962,'10'),(105,85,928,'10'),(106,87,928,'10'),(107,97,823,'2'),(108,86,743,'6'),(109,88,819,'3'),(110,88,743,'4'),(111,62,890,'4'),(112,68,890,'4'),(113,86,908,'7'),(114,88,908,'5'),(115,86,936,'8'),(116,88,936,'6'),(117,62,924,'5'),(118,68,924,'5'),(119,62,980,'6'),(120,65,876,'1'),(121,67,801,'2'),(122,98,801,'2'),(123,90,843,'1'),(124,73,780,'10'),(125,74,780,'8'),(126,86,889,'9'),(127,88,889,'7'),(128,98,967,'3'),(129,67,967,'3'),(130,102,894,'3'),(131,102,855,'4'),(132,102,916,'5'),(133,102,913,'6'),(134,102,913,'7'),(135,85,965,'10'),(136,62,744,'7'),(137,68,744,'6'),(138,91,810,'4'),(139,102,810,'8'),(140,67,858,'4'),(141,67,858,'5'),(142,85,901,'10'),(143,76,737,'3'),(144,64,770,'2'),(145,96,870,'2'),(146,62,915,'8'),(147,68,915,'7'),(148,87,850,'10'),(149,85,850,'10'),(150,67,884,'6'),(151,98,884,'4'),(152,91,791,'5'),(153,102,791,'9'),(154,67,822,'7'),(155,98,822,'5'),(156,85,960,'10'),(157,85,927,'10'),(158,85,944,'10'),(159,91,771,'6'),(160,69,979,'1'),(161,91,742,'7'),(162,99,979,'1'),(163,91,883,'8'),(164,102,742,'10'),(165,69,943,'2'),(166,99,943,'2'),(167,106,941,'4'),(168,69,840,'3'),(169,99,840,'3'),(170,69,921,'4'),(171,99,921,'4'),(172,105,798,'5'),(173,105,798,'6'),(174,105,798,'7'),(175,105,941,'8'),(176,102,883,'10'),(177,102,935,'10'),(178,91,935,'9'),(179,91,832,'10'),(180,102,832,'10'),(181,67,907,'8'),(182,87,772,'10'),(183,98,907,'6'),(184,85,864,'10'),(185,87,864,'10'),(186,86,881,'10'),(187,63,938,'4'),(188,84,938,'2'),(189,73,856,'10'),(190,73,856,'10'),(191,73,856,'10'),(192,70,732,'1'),(193,74,856,'9'),(194,61,725,'1'),(195,66,945,'1'),(196,100,732,'1'),(197,106,909,'5'),(198,88,778,'8'),(199,70,912,'2'),(200,87,950,'10'),(201,87,950,'10'),(202,87,960,'10'),(203,86,922,'10'),(204,62,851,'9'),(205,71,902,'3'),(206,105,818,'9'),(207,88,922,'9'),(208,106,818,'6'),(209,72,902,'2'),(210,91,786,'10'),(211,68,851,'8'),(212,103,919,'1'),(213,100,912,'2'),(214,102,786,'10'),(215,103,873,'2'),(216,104,861,'1'),(217,104,866,'2'),(218,103,861,'3'),(219,103,866,'4'),(220,102,831,'10'),(221,91,831,'10'),(222,61,827,'2'),(223,86,769,'10'),(224,88,769,'10'),(225,66,827,'2'),(226,61,836,'3'),(227,66,836,'3'),(228,73,826,'10'),(229,93,868,'1'),(230,94,868,'1'),(231,77,906,'1'),(232,76,865,'4'),(233,77,737,'2'),(234,77,865,'3'),(235,77,914,'4'),(236,92,745,'1'),(237,85,784,'10'),(238,65,812,'2'),(239,87,759,'10'),(240,87,759,'10'),(241,85,759,'10'),(242,66,968,'4'),(243,66,968,'5'),(244,66,968,'6'),(245,61,968,'4'),(246,85,785,'10'),(247,85,923,'10'),(248,87,785,'10'),(249,87,785,'10'),(250,87,785,'10'),(251,87,785,'10'),(252,87,923,'10'),(253,87,923,'10'),(254,105,857,'10'),(255,80,837,'1'),(256,80,837,'2'),(257,106,857,'7'),(258,87,959,'10'),(259,85,777,'10'),(260,87,783,'10'),(261,87,777,'10'),(262,85,900,'10'),(263,86,825,'10'),(264,93,926,'2'),(265,94,926,'2'),(266,88,825,'10'),(267,67,995,'9'),(268,63,807,'5'),(269,63,804,'6'),(270,84,882,'3'),(271,73,896,'10'),(272,74,896,'10'),(273,76,789,'5'),(274,76,789,'6'),(275,77,789,'5'),(276,73,763,'10'),(277,62,877,'10'),(278,68,877,'9'),(279,95,726,'2'),(280,70,971,'3'),(281,70,971,'4'),(282,100,971,'3'),(283,100,971,'4'),(284,97,726,'3'),(285,62,1005,'10'),(286,62,1004,'10'),(287,68,1005,'10'),(288,68,1004,'10'),(289,90,1003,'2'),(290,62,1010,'10'),(291,62,1010,'10'),(292,84,1006,'4'),(293,71,1016,'4'),(294,72,1016,'3'),(295,73,1013,'10'),(296,74,1013,'10'),(297,91,1018,'10'),(298,102,1018,'10'),(299,84,1020,'5'),(300,63,1020,'7'),(301,107,1025,'1'),(302,97,1023,'4'),(303,95,1023,'3'),(304,107,1029,'2'),(305,102,1026,'10'),(306,91,1026,'10'),(307,107,1031,'3'),(308,108,1034,'1'),(309,61,1012,'5'),(310,66,1012,'7'),(311,122,1167,'1'),(312,108,1097,'2'),(313,108,1141,'3'),(314,108,1141,'4'),(315,108,1141,'5'),(316,108,1131,'6'),(317,117,1096,'1'),(318,117,1043,'2'),(319,120,1072,'1'),(320,112,1121,'1'),(321,117,1044,'3'),(322,120,1090,'2'),(323,108,1067,'7'),(324,108,1157,'8'),(325,122,1073,'2'),(326,112,1053,'2'),(327,126,1172,'1'),(328,110,1863,'1'),(329,108,1635,'9'),(330,108,2465,'10'),(331,110,2210,'2'),(332,123,1875,'1'),(333,117,1735,'4');

--
-- Table structure for table `status_nilai`
--

CREATE TABLE `status_nilai` (
  `id_status_nilai` int NOT NULL AUTO_INCREMENT,
  `nilai_awal` int NOT NULL,
  `nilai_akhir` int NOT NULL,
  `status` varchar(50) NOT NULL,
  `remedial` int NOT NULL DEFAULT '0',
  PRIMARY KEY (`id_status_nilai`)
) ENGINE=InnoDB AUTO_INCREMENT=5 DEFAULT CHARSET=utf8mb4 COLLATE=utf8mb4_0900_ai_ci;

--
-- Dumping data for table `status_nilai`
--

INSERT INTO `status_nilai` VALUES (1,0,69,'Kurang',1),(2,70,79,'Cukup',0),(3,80,89,'Baik',0),(4,90,100,'Sangat Baik',0);

--
-- Table structure for table `sub_job`
--

CREATE TABLE `sub_job` (
  `id_sub_job` int NOT NULL AUTO_INCREMENT,
  `id_kategori_job` int DEFAULT NULL,
  `kd_sub_job` varchar(7) CHARACTER SET latin1 COLLATE latin1_swedish_ci DEFAULT NULL,
  `kd_job` varchar(50) DEFAULT NULL,
  `sub_job` varchar(255) CHARACTER SET latin1 COLLATE latin1_swedish_ci NOT NULL,
  `id_job_parent` int DEFAULT NULL,
  PRIMARY KEY (`id_sub_job`)
) ENGINE=InnoDB AUTO_INCREMENT=444 DEFAULT CHARSET=latin1;

--
-- Dumping data for table `sub_job`
--

INSERT INTO `sub_job` VALUES (1,NULL,'JB0068',NULL,'C00016.RECEPTIONIST CWK',11236),(2,NULL,'JB1826',NULL,'C00329.CASHIER CWK',11236),(3,NULL,'JB0002',NULL,'CASHIER',11236),(4,NULL,'JB2981',NULL,'COUNTER PART',11236),(5,NULL,'JB2701',NULL,'CS OFFICER',11236),(6,NULL,'JB0483',NULL,'CUSTOMER CARE',11236),(7,NULL,'JB2778',NULL,'CUSTOMER CARE JUNIOR',11236),(8,NULL,'JB1432',NULL,'CUSTOMER CARE OFFICER I',11236),(9,NULL,'JB1433',NULL,'CUSTOMER CARE OFFICER II',11236),(10,NULL,'JB2608',NULL,'CUSTOMER EXPERIENCE',11236),(11,NULL,'JB0418',NULL,'CUSTOMER RELATION',11236),(12,NULL,'JB0243',NULL,'CUSTOMER RELATIONSHIP MANAGEMENT',11236),(13,NULL,'JB0051',NULL,'CUSTOMER SERVICE',11236),(14,NULL,'JB0773',NULL,'CUSTOMER SERVICE 1A',11236),(15,NULL,'JB1094',NULL,'CUSTOMER SERVICE 1C',11236),(16,NULL,'JB0628',NULL,'CUSTOMER SERVICE 2A',11236),(17,NULL,'JB0518',NULL,'CUSTOMER SERVICE MAGANG',11236),(18,NULL,'JB2105',NULL,'CUSTOMER SERVICE MCL',11236),(19,NULL,'JB2121',NULL,'CUSTOMER SERVICE SUPPORT SPECIALIST',11236),(20,NULL,'JB2471',NULL,'CUSTOMER SUCCESS',11236),(21,NULL,'JB3412',NULL,'FIELD TRAINER',11236),(22,NULL,'JB0971',NULL,'FRONTDESK',11236),(23,NULL,'JB2707',NULL,'FUNDING OPERATIONAL OFFICER',11236),(24,NULL,'JB0678',NULL,'HELP DESK',11236),(25,NULL,'JB2757',NULL,'PIC CUSTOMER SERVICE',11236),(26,NULL,'JB0050',NULL,'RECEPTIONIST',11236),(27,NULL,'JB0367',NULL,'RECEPTIONIST (KT)',11236),(28,NULL,'JB1000',NULL,'RECEPTIONIST KANTOR PERWAKILAN JAWA BARAT',11236),(29,NULL,'JB2368',NULL,'RESEPSIONIS',11236),(30,NULL,'JB2320',NULL,'RESEPSIONIS I',11236),(31,NULL,'JB1013',NULL,'SERVICE DESK',11236),(32,NULL,'JB2164',NULL,'SERVICE DESK STAFF',11236),(33,NULL,'JB1692',NULL,'STORE KEEPER',11236),(34,NULL,'JB3444',NULL,'TRAINING OFFICER',11236),(35,NULL,'JB2758',NULL,'VIP STAFF',11236),(36,NULL,'JB3218',NULL,'WEALTH CUSTOMER SUCCESS',11236),(37,NULL,'JB0012',NULL,'ACCOUNT EXECUTIVE',11237),(38,NULL,'JB2821',NULL,'ACCOUNT MANAGER I',11237),(39,NULL,'JB3202',NULL,'ACCOUNT OFFICER CWK',11237),(40,NULL,'JB1864',NULL,'ACQUISITION SUPPORT SPECIALIST',11237),(41,NULL,'JB2022',NULL,'AGENT HUNTER',11237),(42,NULL,'JB2283',NULL,'B2B EXECUTIVE',11237),(43,NULL,'JB2746',NULL,'BRAND COMMUNICATION STAFF',11237),(44,NULL,'JB0794',NULL,'BRAND PROMOTOR',11237),(45,NULL,'JB3331',NULL,'C00033.AWDA PRODUCT OWNER CWK',11237),(46,NULL,'JB1981',NULL,'C00308.MARKETING COMMUNICATION AND CONTROL ',11237),(47,NULL,'JB3352',NULL,'C00340.MICROFINANCING PARTNERSHIP AND MARKETING ',11237),(48,NULL,'JB3397',NULL,'CHANNEL BUSINESS DEVELOPMENT (CBD)',11237),(49,NULL,'JB2012',NULL,'CHANNEL OFFICER',11237),(50,NULL,'JB2479',NULL,'COMMUNITY DEVELOPMENT OFFICER',11237),(51,NULL,'JB2777',NULL,'CORP. MARKETING SUPPORT OFFICER',11237),(52,NULL,'JB0042',NULL,'COUNTER SALES',11237),(53,NULL,'JB2459',NULL,'DIGITAL MARKETING SPECIALIST',11237),(54,NULL,'JB2144',NULL,'DISTRICT MARKETING REPRESENTATIVE (FRUIT & VEG)',11237),(55,NULL,'JB2143',NULL,'DISTRICT MARKETING REPRESENTATIVE (RICE & CORN)',11237),(56,NULL,'JB3074',NULL,'DISTRICT REPRESENTATIVE (DR)',11237),(57,NULL,'JB1101',NULL,'DISTRICT SALES REPRESENTATIVE',11237),(58,NULL,'JB2145',NULL,'DISTRICT SALES REPRESENTATIVE & DISTRICT MARKETING REPRESENTATIVE (HYBRID)',11237),(59,NULL,'JB1232',NULL,'DISTRICT SALES REPRESENTATIVE CORN',11237),(60,NULL,'JB3118',NULL,'DOKTER PERUSAHAAN - DOKTER PERUSAHAAN I',11237),(61,NULL,'JB1185',NULL,'DOP PARTNERSHIP',11237),(62,NULL,'JB3322',NULL,'DURABLE SALES AGENT',11237),(63,NULL,'JB2501',NULL,'ERAKIOS CANVASSER',11237),(64,NULL,'JB2219',NULL,'FIELD AGENT',11237),(65,NULL,'JB2472',NULL,'INSIDE SALES',11237),(66,NULL,'JB2205',NULL,'JUNIOR SALES PROMOTOR (KEMITRAAN)',11237),(67,NULL,'JB3341',NULL,'MARKET DEVELOPMENT OFFICER (MDO)',11237),(68,NULL,'JB1124',NULL,'MARKETING',11237),(69,NULL,'JB2811',NULL,'MARKETING ACTIVATION OFFICER',11237),(70,NULL,'JB3372',NULL,'MARKETING COMMUNICATION',11237),(71,NULL,'JB2171',NULL,'MARKETING CREATIVE',11237),(72,NULL,'JB1194',NULL,'MARKETING OFFICER',11237),(73,NULL,'JB3333',NULL,'MARKETING PROJECT (DW)',11237),(74,NULL,'JB3152',NULL,'MARKETING SUPPORT',11237),(75,NULL,'JB0031',NULL,'MERCHANDISER',11237),(76,NULL,'JB1996',NULL,'MERCHANDISER GRANITO (MOBIL BOX)',11237),(77,NULL,'JB1997',NULL,'MERCHANDISER GRANITO (MOTOR PRIBADI)',11237),(78,NULL,'JB1998',NULL,'MERCHANDISER NON GRANITO',11237),(79,NULL,'JB2470',NULL,'OUTSIDE SALES',11237),(80,NULL,'JB2884',NULL,'PARTSMAN',11237),(81,NULL,'JB0252',NULL,'PDI MAN',11237),(82,NULL,'JB2709',NULL,'PRODUCT PMO',11237),(83,NULL,'JB0648',NULL,'PROMOTOR',11237),(84,NULL,'JB3220',NULL,'PROMOTOR PROJECT',11237),(85,NULL,'JB2905',NULL,'PROMOTOR PROJECT ARJA',11237),(86,NULL,'JB3400',NULL,'PROMOTOR SPREADING',11237),(87,NULL,'JB2148',NULL,'RETAIL',11237),(88,NULL,'JB2111',NULL,'RETAIL SALESMAN',11237),(89,NULL,'JB0261',NULL,'SALES',11237),(90,NULL,'JB1742',NULL,'Sales & Marketing Officer I',11237),(91,NULL,'JB0955',NULL,'SALES (MERCK)',11237),(92,NULL,'JB0174',NULL,'SALES ADVISOR',11237),(93,NULL,'JB0183',NULL,'SALES CANVASSER',11237),(94,NULL,'JB3160',NULL,'SALES CORPNET',11237),(95,NULL,'JB2168',NULL,'SALES DIRECT',11237),(96,NULL,'JB3442',NULL,'SALES EKSKLUSIF MARKETING',11237),(97,NULL,'JB0040',NULL,'SALES EXECUTIVE',11237),(98,NULL,'JB2040',NULL,'SALES GEOTAGGER (DW)',11237),(99,NULL,'JB3353',NULL,'SALES LAPANGAN',11237),(100,NULL,'JB0177',NULL,'SALES MOTORIST',11237),(101,NULL,'JB2750',NULL,'SALES MOTORIST (KEMITRAAN)',11237),(102,NULL,'JB0679',NULL,'SALES PROMOTOR',11237),(103,NULL,'JB2581',NULL,'SALES PROMOTOR (SPM)',11237),(104,NULL,'JB0968',NULL,'SALES PROMOTOR B2C',11237),(105,NULL,'JB0038',NULL,'SALES REPRESENTATIVE',11237),(106,NULL,'JB1780',NULL,'SALES RETENTION OFFICER',11237),(107,NULL,'JB2856',NULL,'SALES STRATEGIST',11237),(108,NULL,'JB2027',NULL,'SALES SUPPORT OFFICER',11237),(109,NULL,'JB2277',NULL,'SALES SUPPORT SPECIALIST',11237),(110,NULL,'JB3166',NULL,'SALESMAN CHB',11237),(111,NULL,'JB0778',NULL,'SALESMAN EKSKLUSIF MARKETING',11237),(112,NULL,'JB3016',NULL,'SALESMAN MODERN SPECIAL TRADE (SMST)',11237),(113,NULL,'JB3127',NULL,'SALESMAN P&G',11237),(114,NULL,'JB1213',NULL,'SELLER ENGAGEMENT',11237),(115,NULL,'JB3113',NULL,'SR. STAFF, ACCOUNT EXECUTIVE REGIONAL OFFICE BATAM - ACCOUNT EXECUTIVE II',11237),(116,NULL,'JB3041',NULL,'STAFF, ACCOUNT EXECUTIVE CORPORATE - ACCOUNT EXECUTIVE I',11237),(117,NULL,'JB3106',NULL,'STAFF, ACCOUNT EXECUTIVE REGIONAL OFFICE BATAM - ACCOUNT EXECUTIVE I',11237),(118,NULL,'JB3028',NULL,'STAFF, ACCOUNT EXECUTIVE REGIONAL OFFICE BEKASI - ACCOUNT EXECUTIVE I',11237),(119,NULL,'JB3213',NULL,'STAFF, ACCOUNT EXECUTIVE REGIONAL OFFICE CILEGON - ACCOUNT EXECUTIVE I',11237),(120,NULL,'JB3156',NULL,'STAFF, ACCOUNT EXECUTIVE REGIONAL OFFICE JABATIM - ACCOUNT EXECUTIVE I',11237),(121,NULL,'JB3090',NULL,'STAFF, ACCOUNT EXECUTIVE REGIONAL OFFICE JAKARTA - ACCOUNT EXECUTIVE I',11237),(122,NULL,'JB3060',NULL,'STAFF, ACCOUNT EXECUTIVE REGIONAL OFFICE JAMBI - ACCOUNT EXECUTIVE I',11237),(123,NULL,'JB3102',NULL,'STAFF, ACCOUNT EXECUTIVE REGIONAL OFFICE LAMPUNG - ACCOUNT EXECUTIVE I',11237),(124,NULL,'JB3071',NULL,'STAFF, ACCOUNT EXECUTIVE REGIONAL OFFICE PALEMBANG - ACCOUNT EXECUTIVE I',11237),(125,NULL,'JB3073',NULL,'STAFF, ACCOUNT EXECUTIVE REGIONAL OFFICE PEKANBARU - ACCOUNT EXECUTIVE I',11237),(126,NULL,'JB3034',NULL,'STAFF, ACCOUNT EXECUTIVE REGIONAL OFFICE SUMBAGUT - ACCOUNT EXECUTIVE I',11237),(127,NULL,'JB3036',NULL,'STAFF, ACCOUNT EXECUTIVE WHOLESALE - ACCOUNT EXECUTIVE I',11237),(128,NULL,'JB1262',NULL,'STORE SALES',11237),(129,NULL,'JB0009',NULL,'TASK FORCE',11237),(130,NULL,'JB1791',NULL,'SPG / SPB REGULER',11238),(131,NULL,'JB1929',NULL,'SPG/SPB REGULER - CAR',11238),(276,NULL,'JC0001','JS0001','BILLING ADMIN',11282),(277,NULL,'JC0002','JS0001','BILLING CLERK',11282),(278,NULL,'JC0003','JS0001','BILLING DEPARTMENT HEAD',11282),(279,NULL,'JC0004','JS0001','BILLING OFFICER',11282),(280,NULL,'JC0005','JS0001','COLLECTION COORDINATOR',11282),(281,NULL,'JC0006','JS0001','COLLECTION DEPARTMENT HEAD',11282),(282,NULL,'JC0007','JS0001','COLLECTION OFFICER',11282),(283,NULL,'JC0008','JS0002','ARZETTI COORDINATOR ASSOCIATE',11283),(284,NULL,'JC0009','JS0002','ARZETTI SENIOUR ASSOCIATE',11283),(285,NULL,'JC0010','JS0003','FINANCE , ACCOUNTING & TAX DIRECTOR',11284),(286,NULL,'JC0011','JS0003','MANAGING DIRECTOR SIMGROUP',11284),(287,NULL,'JC0012','JS0003','MARKETING DIRECTOR',11284),(288,NULL,'JC0013','JS0003','OPERATIONAL DIRECTOR',11284),(289,NULL,'JC0014','JS0004','PRODUCT & SERVICE HEAD BPO SALES',11285),(290,NULL,'JC0015','JS0004','PRODUCT & SERVICE OFFICER BPO SALES',11285),(291,NULL,'JC0016','JS0005','BUFFER MANAGEMENT OFFICER',11286),(292,NULL,'JC0017','JS0005','BUSINESS OPERATIONAL MANAGEMENT DIVISION HEAD',11286),(293,NULL,'JC0018','JS0005','DOCUMENT CONTROLLER ADMINISTRATOR',11286),(294,NULL,'JC0019','JS0005','GAWE.ID OPERATION OFFICER',11286),(295,NULL,'JC0020','JS0005','PROCUREMENT OFFICER',11286),(296,NULL,'JC0021','JS0005','QUALITY MANAGEMENT COORDINATOR',11286),(297,NULL,'JC0022','JS0005','QUALITY MANAGEMENT DEPARTMENT HEAD',11286),(298,NULL,'JC0023','JS0005','RECRUITMENT & TRAINING DEPARTMENT HEAD',11286),(299,NULL,'JC0024','JS0005','RECRUITMENT DEVELOPMENT OFFICER',11286),(300,NULL,'JC0025','JS0005','REPORTING ADMINISTRATOR',11286),(301,NULL,'JC0026','JS0005','REPORTING MANAGEMENT OFFICER',11286),(302,NULL,'JC0027','JS0005','SOURCING DEVELOPMENT OFFICER',11286),(303,NULL,'JC0028','JS0005','TELECERUITMENT & TRAINING OFFICER',11286),(304,NULL,'JC0029','JS0005','TELERECRUITMENT ADMIN',11286),(305,NULL,'JC0030','JS0006','CORPORATE LEGAL & INDUSTRIAL RELATION DEPARTMENT HEAD',11287),(306,NULL,'JC0031','JS0006','CORPORATE LEGAL OFFICER',11287),(307,NULL,'JC0032','JS0006','INDUSTRIAL RELATION OFFICER',11287),(308,NULL,'JC0033','JS0007','CIC CLEANING',11288),(309,NULL,'JC0034','JS0007','DIC BPO SALES',11288),(310,NULL,'JC0035','JS0007','DIC CONTACT CENTER',11288),(311,NULL,'JC0036','JS0007','DIC CORPORATE LEGAL INDUSTRIAL RELATION & LAWFIRM',11288),(312,NULL,'JC0037','JS0007','DIC LABOUR OUTSOURCE',11288),(313,NULL,'JC0038','JS0008','ACCOUNT PAYABLE ADMINISTRATOR',11289),(314,NULL,'JC0039','JS0008','ACCOUNT PAYABLE OFFICER',11289),(315,NULL,'JC0040','JS0008','ACCOUNTING & AP DEPARTMENT HEAD',11289),(316,NULL,'JC0041','JS0008','ACCOUNTING OFFICER',11289),(317,NULL,'JC0042','JS0008','BUDGET & FINANCIAL ANALYSIST OFFICER',11289),(318,NULL,'JC0043','JS0008','CASH FLOW ADMINISTRATOR',11289),(319,NULL,'JC0044','JS0008','FINANCE, ACCOUNTING & TAX DIVISION HEAD',11289),(320,NULL,'JC0045','JS0008','FUNDING & TREASURY DEPARTMENT HEAD',11289),(321,NULL,'JC0046','JS0008','FUNDING & TREASURY DIVISION HEAD',11289),(322,NULL,'JC0047','JS0008','PERSONAL ASSISTANT',11289),(323,NULL,'JC0048','JS0008','TAX ADMINISTRATOR',11289),(324,NULL,'JC0049','JS0008','TAX OFFICER',11289),(325,NULL,'JC0050','JS0009','GENERAL SERVICE ADMINISTRATOR',11290),(326,NULL,'JC0051','JS0009','GENERAL SERVICE DIVISION HEAD',11290),(327,NULL,'JC0052','JS0009','GENERAL SERVICE HSE OFFICER',11290),(328,NULL,'JC0053','JS0009','GS BUILDING & PROJECT MANAGEMENT OFFICER',11290),(329,NULL,'JC0054','JS0009','GS PROCUREMENT & ASSET MAINTENANCE OFFICER',11290),(330,NULL,'JC0055','JS0010','HC COMBEN & PERSONALIA HEAD',11291),(331,NULL,'JC0056','JS0010','HC PERSONALIA ADMINISTRATOR',11291),(332,NULL,'JC0057','JS0010','HC RECRUITMENT HEAD',11291),(333,NULL,'JC0058','JS0010','HC RECRUITMENT OFFICER',11291),(334,NULL,'JC0059','JS0010','HUMAN CAPITAL & IT DIVISION HEAD',11291),(335,NULL,'JC0060','JS0010','IT BUSINESS ANALYST OFFICER',11291),(336,NULL,'JC0061','JS0010','IT CORE & NON CORE APPLICATION DEVELOPMENT DEPARTMENT HEAD',11291),(337,NULL,'JC0062','JS0010','IT HELPDESK ADMINISTRATOR',11291),(338,NULL,'JC0063','JS0010','IT INFRASTRUCTURE OFFICER',11291),(339,NULL,'JC0064','JS0010','IT PMO & SUPPORT DEPARTMENT HEAD',11291),(340,NULL,'JC0066','JS0011','ACCOUNT MANAGER CLEANING',11292),(341,NULL,'JC0067','JS0011','MARKETING CLEANING DIVISION HEAD',11292),(342,NULL,'JC0068','JS0012','MARCOMM OFFICER',11293),(343,NULL,'JC0069','JS0012','MARCOMM SUPPORT & TENDER STAFF',11293),(344,NULL,'JC0070','JS0012','PERSONAL ASSISTANT',11293),(345,NULL,'JC0071','JS0013','ACCOUNT MANAGER CONTACT CENTER',11294),(346,NULL,'JC0072','JS0013','MARKETING CONTACT CENTER DIVISION HEAD',11294),(347,NULL,'JC0073','JS0013','MARKETING SUPPORT & STRATEGIC CONTACT CENTER OFFICER',11294),(348,NULL,'JC0074','JS0014','ACCOUNT MANAGER LABOUR OUTSOURCE',11295),(349,NULL,'JC0075','JS0014','MARKETING LABOUR OUTSOURCE DIVISION HEAD',11295),(350,NULL,'JC0076','JS0014','SERVICE & SUPPORT OFFICER LABOUR OUTSOURCE',11295),(351,NULL,'JC0077','JS0014','SERVICE & SUPPORT STAFF LABOUR OUTSOURCE',11295),(352,NULL,'JC0078','JS0015','BUSINESS SUPPORT OFFICER',11296),(353,NULL,'JC0079','JS0015','BUSINESS SUPPORT STAFF',11296),(354,NULL,'JC0080','JS0015','CENTRAL AREA MANAGER',11296),(355,NULL,'JC0081','JS0015','CENTRAL SERVICE REGION HEAD',11296),(356,NULL,'JC0082','JS0015','MOBILE REPRESENTATIVE MANAGER',11296),(357,NULL,'JC0083','JS0015','RECRUITMENT OFFICER',11296),(358,NULL,'JC0084','JS0015','RECRUITMENT STAFF',11296),(359,NULL,'JC0085','JS0015','REPRESENTATIVE COORDINATOR',11296),(360,NULL,'JC0086','JS0015','TASKFORCE',11296),(361,NULL,'JC0087','JS0016','ABCENCE PROCESSOR',11297),(362,NULL,'JC0088','JS0016','ABSENCE & PAYROLL DEPARTMENT HEAD',11297),(363,NULL,'JC0089','JS0016','ABSENCE OFFICER',11297),(364,NULL,'JC0090','JS0016','BENEFIT OFFICER',11297),(365,NULL,'JC0091','JS0016','BPJS KES PROCESSOR',11297),(366,NULL,'JC0092','JS0016','BPJS TK PROCESSOR',11297),(367,NULL,'JC0093','JS0016','BUSINESS SUPPORT STRATEGIC OFFICER',11297),(368,NULL,'JC0094','JS0016','CONTRACT BENEFIT DEPARTMENT HEAD',11297),(369,NULL,'JC0095','JS0016','CUSTOMER SERVICE SISKA OFFICER',11297),(370,NULL,'JC0096','JS0016','DATABASE CONTRACT OFFICER',11297),(371,NULL,'JC0097','JS0016','DEALER FIFGROUP SUPPORT MANAGEMENT OFFICER',11297),(372,NULL,'JC0098','JS0016','FIFGROUP SERVICE SUPPORT LOB & QUALITY CONTROL OFFICER',11297),(373,NULL,'JC0099','JS0016','FIFGROUP SUPPORT MANAGEMENT OFFICER',11297),(374,NULL,'JC0100','JS0016','INSURANCE PROCESSOR',11297),(375,NULL,'JC0101','JS0016','NETWORK PROCESS CONTROL OFFICER',11297),(376,NULL,'JC0102','JS0016','OPERATIONAL SUPPORT MANAGEMENT DIVISION HEAD',11297),(377,NULL,'JC0103','JS0016','OTC PROCESS CONTROL OFFICER',11297),(378,NULL,'JC0104','JS0016','OTC SERVICE SUPPORT LOB & QUALITY CONTROL OFFICER',11297),(379,NULL,'JC0105','JS0016','PAYMENT PROCESSOR ',11297),(380,NULL,'JC0106','JS0016','PAYROLL OFFICER ',11297),(381,NULL,'JC0107','JS0016','QC PAYROLL OFFICER ',11297),(382,NULL,'JC0108','JS0016','SERVICE SUPPORT NETWORK & QUALITY CONTROL OFFICER',11297),(383,NULL,'JC0109','JS0016','SUPPORT MANAGEMENT DEPARTMENT HEAD',11297),(384,NULL,'JC0110','JS0016','SYSTEM DEVELOPMENT & QC CBP OFFICER',11297),(385,NULL,'JC0111','JS0017','CLEANER COORDINATOR',11298),(386,NULL,'JC0112','JS0017','PRODUCT & SERVICE CLEANING DIVISION HEAD',11298),(387,NULL,'JC0113','JS0017','PRODUCT STRATEGIC DEVELOPMENT OFFICER CLEANING',11298),(388,NULL,'JC0114','JS0017','QC CLEANING OFFICER',11298),(389,NULL,'JC0115','JS0017','SERVICE DEVELOPMENT HEAD CLEANING',11298),(390,NULL,'JC0116','JS0017','VENDOR MANAGEMENT OFFICER CLEANING',11298),(391,NULL,'JC0117','JS0018','IT INFRASTRUCTURE CONTACT CENTER OFFICER',11299),(392,NULL,'JC0118','JS0018','PRODUCT SERVICE DEVELOPMENT TELECOLLECTION HEAD',11299),(393,NULL,'JC0119','JS0018','PRODUCT SERVICE DEVELOPMENT TELEVERIFICATION TELESALES & CS INDBOUND HEAD',11299),(394,NULL,'JC0120','JS0018','SYSTEM & APPLICATION CONTACT CENTER DEPARTMENT HEAD',11299),(395,NULL,'JC0121','JS0018','SYSTEM APPLICATION OFFICER CONTACT CENTER',11299),(396,NULL,'JC0122','JS0018','TELECOLLECTION OFFICER',11299),(397,NULL,'JC0123','JS0018','TELECOLLECTION REGULAR OFFICER',11299),(398,NULL,'JC0124','JS0018','TELEVERIFICATION TELESALES & CS INBOUND OFFICER',11299),(399,NULL,'JC0125','JS0019','BPO PRODUCT & DEVELOPMENT HEAD LABOUR OUTSOURCE',11300),(400,NULL,'JC0126','JS0019','BPO PRODUCT OFFICER LABOUR OUTSOURCE',11300),(401,NULL,'JC0127','JS0019','PRODUCT & SERVICE HEAD LABOUR OUTSOURCE',11300),(402,NULL,'JC0128','JS0019','PRODUCT & SERVICE OFFICER LABOUR OUTSOURCE',11300),(403,NULL,'JC0129','JS0020','ORGANIZATION & PERFORMANCE DEVELOPMENT OFFICER',11301),(404,NULL,'JC0130','JS0020','QUALITY MANAGEMENT & CULTURE OFFICER',11301),(405,NULL,'JC0131','JS0020','QUALITY MANAGEMENT & OD DIVISION HEAD',11301),(406,NULL,'JC0132','JS0021','AREA SITE MANAGEMENT CONTACT CENTER DEPARTMENT HEAD',11302),(407,NULL,'JC0133','JS0021','AREA VIRTUAL SITE MANAGEMENT DEPARTMENT HEAD',11302),(408,NULL,'JC0134','JS0021','CENTER HEAD',11302),(409,NULL,'JC0135','JS0021','FINANCE OFFICER CONTACT CENTER',11302),(410,NULL,'JC0136','JS0021','FINANCE STAFF CONTACT CENTER',11302),(411,NULL,'JC0137','JS0021','OPERATION SUPPORT CONTACT CENTER',11302),(412,NULL,'JC0138','JS0021','SITE AREA MANAGEMENT LOB CONTACT CENTER DIVISION HEAD',11302),(413,NULL,'JC0139','JS0021','TEAM LEADER COORDINATOR CONTACT CENTER',11302),(414,NULL,'JC0140','JS0021','TRAINING DEVELOPMENT & COMBEN STAFF CONTACT CENTER',11302),(415,NULL,'JC0141','JS0021','VIRTUAL CENTER HEAD',11302),(416,NULL,'JC0142','JS0022','TRAINING OFFICER JAGOTI ',11303),(417,NULL,'JC0143','JS0022','TRAINING SPECIALIST JAGOTI',11303),(418,NULL,'JC0144','JS0022','WORKSKILL DEVELOPMENT DIVISION HEAD',11303),(419,NULL,'JC0065','JS0023','KISS OFFICER',11304),(420,NULL,'JD0001','JK0001','ACCOUNTING',11248),(421,NULL,'JD0002','JK0002','ADMINISTRATION',11270),(422,NULL,'JD0003','JK0003','ANALIS',11249),(423,NULL,'JD0004','JK0004','BEAUTICIAN',11250),(424,NULL,'JD0005','JK0005','CLEANING SERVICE',11251),(425,NULL,'JD0006','JK0006','CS INBOUND',11252),(426,NULL,'JD0007','JK0007','CUSTOMER SERVICE',11253),(427,NULL,'JD0008','JK0008','DRIVER',11254),(428,NULL,'JD0009','JK0009','FIELD COLLECTION',11255),(429,NULL,'JD0010','JK0010','IT/WEB DEVELOPER',11256),(430,NULL,'JD0011','JK0011','MARKETING CREDIT',11257),(431,NULL,'JD0012','JK0012','MESSENGER',11258),(432,NULL,'JD0013','JK0013','OPERATOR ALAT BERAT',11259),(433,NULL,'JD0014','JK0014','OPERATOR PRODUKSI',11260),(434,NULL,'JD0015','JK0015','SALES',11261),(435,NULL,'JD0016','JK0016','SPG/SPB',11262),(436,NULL,'JD0017','JK0017','SPG/SPB REFI',11263),(437,NULL,'JD0018','JK0018','TEKNISI (MAINTENANCE)',11264),(438,NULL,'JD0019','JK0019','TELECOLLECTION',11265),(439,NULL,'JD0020','JK0020','TELEMARKETING',11266),(440,NULL,'JD0021','JK0021','TELEVERIFIER',11267),(441,NULL,'JD0022','JK0022','VERIFIER',11268),(442,NULL,'JD0023','JK0023','WAREHOUSE',11269),(443,NULL,'JD0024','JK0024','TEAM LEADER',11305);

--
-- Table structure for table `user_access_menu`
--

CREATE TABLE `user_access_menu` (
  `id` int NOT NULL AUTO_INCREMENT,
  `id_role` int NOT NULL,
  `id_menu` int NOT NULL,
  `is_active` int NOT NULL,
  PRIMARY KEY (`id`)
) ENGINE=InnoDB AUTO_INCREMENT=51 DEFAULT CHARSET=utf8mb4 COLLATE=utf8mb4_0900_ai_ci;

--
-- Dumping data for table `user_access_menu`
--

INSERT INTO `user_access_menu` VALUES (1,1,1,1),(2,1,2,1),(3,1,3,1),(4,1,4,1),(5,1,5,1),(6,1,6,1),(7,1,7,1),(8,1,8,1),(11,3,1,0),(12,3,2,0),(13,3,3,0),(14,3,4,0),(15,3,5,1),(16,3,6,0),(17,3,7,1),(18,3,8,0),(19,4,1,0),(20,4,2,0),(21,4,3,0),(22,4,4,0),(23,4,5,1),(24,4,6,0),(25,4,7,1),(26,4,8,0),(27,5,1,0),(28,5,2,0),(29,5,3,0),(30,5,4,0),(31,5,5,1),(32,5,6,0),(33,5,7,1),(34,5,8,0),(35,6,1,0),(36,6,2,0),(37,6,3,0),(38,6,4,0),(39,6,5,1),(40,6,6,0),(41,6,7,1),(42,6,8,0),(43,7,1,0),(44,7,2,0),(45,7,3,0),(46,7,4,0),(47,7,5,1),(48,7,6,0),(49,7,7,1),(50,7,8,0);

--
-- Table structure for table `user_menu`
--

CREATE TABLE `user_menu` (
  `id` int NOT NULL AUTO_INCREMENT,
  `menu` varchar(55) NOT NULL,
  `icon` varchar(55) NOT NULL,
  PRIMARY KEY (`id`)
) ENGINE=InnoDB AUTO_INCREMENT=9 DEFAULT CHARSET=utf8mb4 COLLATE=utf8mb4_0900_ai_ci;

--
-- Dumping data for table `user_menu`
--

INSERT INTO `user_menu` VALUES (1,'Peserta','bx bx-group'),(2,'Enroll','bx bx-task'),(3,'Pembayaran','bx bx-coin-stack'),(4,'Setup Pelatihan','bx bx-book-add'),(5,'Report','fa-regular fa-file-lines'),(6,'CMS','bx bx-globe'),(7,'Dashboard','bx bx-line-chart'),(8,'Parameter','bx bx-cog');

--
-- Table structure for table `user_sub_menu`
--

CREATE TABLE `user_sub_menu` (
  `id` int NOT NULL AUTO_INCREMENT,
  `menu_id` int NOT NULL,
  `title` varchar(105) NOT NULL,
  `url` text NOT NULL,
  `is_active` int NOT NULL,
  PRIMARY KEY (`id`)
) ENGINE=InnoDB AUTO_INCREMENT=26 DEFAULT CHARSET=utf8mb4 COLLATE=utf8mb4_0900_ai_ci;

--
-- Dumping data for table `user_sub_menu`
--

INSERT INTO `user_sub_menu` VALUES (1,1,'Semua','SemuaPeserta',1),(2,1,'Internal','PesertaInternal',1),(3,1,'Eksternal','PesertaEksternal',1),(4,2,'Enroll','ReportEnroll',1),(5,3,'ReportPembayaran','ReportPembayaran',1),(6,3,'Rekap','RekapPembayaran',1),(7,4,'Job','ManageCategory',1),(8,4,'Pelatihan','ManageCourse',1),(9,4,'Level Pelatihan','LevelingCourse',1),(10,4,'Pelatihan Tatap Muka','ManageCourseOffline',1),(11,5,'Aktivitas Login','AktivitasLogin',1),(12,5,'Evaluasi Modul Pelatihan','EvaluasiModul',1),(13,5,'Master Report','MasterReport',1),(14,6,'Slider','Home/slider',1),(15,6,'Profil','Home/profilsite',1),(16,6,'Berita','Home/content/K001/Berita',1),(17,6,'Kegiatan','Home/event',1),(18,6,'Klien','Home/ExternalLink',1),(19,6,'Iklan','Home/content/K003/Knowledge',1),(20,7,'General','Dashboard',1),(21,7,'Summary','Summary',1),(22,8,'Sertifikat','ParameterSertifikat',1),(23,8,'Rating','SetupRating',1),(24,8,'User Manajemen','userManagement',1),(25,8,'Role','manageRole',1);


